{"id":41,"date":"2020-01-09T12:45:03","date_gmt":"2020-01-09T11:45:03","guid":{"rendered":"http:\/\/blogsaverroes.juntadeandalucia.es\/pre\/nuevoceip2v2\/?page_id=41"},"modified":"2025-09-10T08:43:34","modified_gmt":"2025-09-10T07:43:34","slug":"nuestro-equipo","status":"publish","type":"page","link":"https:\/\/blogsaverroes.juntadeandalucia.es\/eoestepona\/nuestro-equipo\/","title":{"rendered":"Nuestro Equipo"},"content":{"rendered":"<p>[et_pb_section fb_built=\u00bb1&#8243; _builder_version=\u00bb4.24.2&#8243; global_colors_info=\u00bb{}\u00bb][et_pb_row _builder_version=\u00bb4.24.2&#8243; background_size=\u00bbinitial\u00bb background_position=\u00bbtop_left\u00bb background_repeat=\u00bbrepeat\u00bb global_colors_info=\u00bb{}\u00bb][et_pb_column type=\u00bb4_4&#8243; _builder_version=\u00bb4.16&#8243; custom_padding=\u00bb|||\u00bb global_colors_info=\u00bb{}\u00bb custom_padding__hover=\u00bb|||\u00bb][et_pb_image src=\u00bbhttps:\/\/blogsaverroes.juntadeandalucia.es\/eoestepona\/files\/2020\/02\/elcentro.png\u00bb title_text=\u00bbelcentro\u00bb admin_label=\u00bbImagen de la portada\u00bb _builder_version=\u00bb4.16&#8243; z_index_tablet=\u00bb500&#8243; box_shadow_horizontal_tablet=\u00bb0px\u00bb box_shadow_vertical_tablet=\u00bb0px\u00bb box_shadow_blur_tablet=\u00bb40px\u00bb box_shadow_spread_tablet=\u00bb0px\u00bb global_colors_info=\u00bb{}\u00bb][\/et_pb_image][et_pb_text admin_label=\u00bbTexto descriptivo\u00bb _builder_version=\u00bb4.24.2&#8243; z_index_tablet=\u00bb500&#8243; text_text_shadow_horizontal_length_tablet=\u00bb0px\u00bb text_text_shadow_vertical_length_tablet=\u00bb0px\u00bb text_text_shadow_blur_strength_tablet=\u00bb1px\u00bb link_text_shadow_horizontal_length_tablet=\u00bb0px\u00bb link_text_shadow_vertical_length_tablet=\u00bb0px\u00bb link_text_shadow_blur_strength_tablet=\u00bb1px\u00bb ul_text_shadow_horizontal_length_tablet=\u00bb0px\u00bb ul_text_shadow_vertical_length_tablet=\u00bb0px\u00bb ul_text_shadow_blur_strength_tablet=\u00bb1px\u00bb ol_text_shadow_horizontal_length_tablet=\u00bb0px\u00bb ol_text_shadow_vertical_length_tablet=\u00bb0px\u00bb ol_text_shadow_blur_strength_tablet=\u00bb1px\u00bb quote_text_shadow_horizontal_length_tablet=\u00bb0px\u00bb quote_text_shadow_vertical_length_tablet=\u00bb0px\u00bb quote_text_shadow_blur_strength_tablet=\u00bb1px\u00bb header_text_shadow_horizontal_length_tablet=\u00bb0px\u00bb header_text_shadow_vertical_length_tablet=\u00bb0px\u00bb header_text_shadow_blur_strength_tablet=\u00bb1px\u00bb header_2_text_shadow_horizontal_length_tablet=\u00bb0px\u00bb header_2_text_shadow_vertical_length_tablet=\u00bb0px\u00bb header_2_text_shadow_blur_strength_tablet=\u00bb1px\u00bb header_3_text_shadow_horizontal_length_tablet=\u00bb0px\u00bb header_3_text_shadow_vertical_length_tablet=\u00bb0px\u00bb header_3_text_shadow_blur_strength_tablet=\u00bb1px\u00bb header_4_text_shadow_horizontal_length_tablet=\u00bb0px\u00bb header_4_text_shadow_vertical_length_tablet=\u00bb0px\u00bb header_4_text_shadow_blur_strength_tablet=\u00bb1px\u00bb header_5_text_shadow_horizontal_length_tablet=\u00bb0px\u00bb header_5_text_shadow_vertical_length_tablet=\u00bb0px\u00bb header_5_text_shadow_blur_strength_tablet=\u00bb1px\u00bb header_6_text_shadow_horizontal_length_tablet=\u00bb0px\u00bb header_6_text_shadow_vertical_length_tablet=\u00bb0px\u00bb header_6_text_shadow_blur_strength_tablet=\u00bb1px\u00bb box_shadow_horizontal_tablet=\u00bb0px\u00bb box_shadow_vertical_tablet=\u00bb0px\u00bb box_shadow_blur_tablet=\u00bb40px\u00bb box_shadow_spread_tablet=\u00bb0px\u00bb global_colors_info=\u00bb{}\u00bb]<\/p>\n<h2>Nuestro Equipo Orientacion Educativa<\/h2>\n<p style=\"text-align: left\">El Equipo de Orientaci\u00f3n Educativa (EOE)\u00a0 Estepona es un equipo multidisciplinar con sede en el CEIP Ram\u00f3n Garc\u00eda, en la localidad de Estepona (M\u00e1laga).<\/p>\n<table style=\"width: 100%;border-collapse: collapse;border-style: none\">\n<tbody>\n<tr>\n<td style=\"width: 17.169%\">\u00a0<\/td>\n<td style=\"width: 56.6205%\">\n<p style=\"text-align: left\">Su \u00e1mbito de actuaci\u00f3n abarca las localidades de:<\/p>\n<ul>\n<li style=\"list-style-type: none\">\n<ul>\n<li style=\"list-style-type: none\">\n<ul style=\"list-style-type: disc\">\n<li style=\"text-align: left\">Casares<\/li>\n<li style=\"text-align: left\">Cancelada<\/li>\n<li style=\"text-align: left\">Estepona<\/li>\n<li style=\"text-align: left\">Manilva<\/li>\n<li style=\"text-align: left\">San Luis de Sabinillas<\/li>\n<\/ul>\n<\/li>\n<\/ul>\n<\/li>\n<\/ul>\n<\/td>\n<td style=\"width: 92.8765%\">\u00a0<\/td>\n<\/tr>\n<tr>\n<td style=\"width: 17.169%\">\u00a0<\/td>\n<td style=\"width: 56.6205%\">\n<p>Su \u00e1mbito actuaci\u00f3n abarca los IES de la zona:<\/p>\n<ul>\n<li style=\"list-style-type: none\">\n<ul>\n<li style=\"list-style-type: none\">\n<ul>\n<li style=\"text-align: left\">IES Puerta del Mar,<\/li>\n<li style=\"text-align: left\">IES Las Vi\u00f1as,<\/li>\n<li style=\"text-align: left\">IES Mar de Albor\u00e1n,<\/li>\n<li style=\"text-align: left\">IES Mediterr\u00e1neo,<\/li>\n<li style=\"text-align: left\">IES Monterroso,<\/li>\n<li style=\"text-align: left\">IES Profesor Tom\u00e1s Hormigo.<\/li>\n<\/ul>\n<\/li>\n<\/ul>\n<\/li>\n<\/ul>\n<\/td>\n<td style=\"width: 92.8765%\">\u00a0<\/td>\n<\/tr>\n<tr>\n<td style=\"width: 17.169%\">\u00a0<\/td>\n<td style=\"width: 56.6205%\">\n<p>El Equipo de Orientaci\u00f3n Educativa\u00a0 Estepona est\u00e1 compuesto por:<\/p>\n<ul>\n<li style=\"list-style-type: none\">\n<ul>\n<li style=\"list-style-type: none\">\n<ul>\n<li>Coordinadora<\/li>\n<li>Siete orientadores\/as educativos<\/li>\n<li>Profesora especialista en audici\u00f3n y lenguaje<\/li>\n<li>Una orientadora de zona de transformaci\u00f3n social (ZTS)<\/li>\n<\/ul>\n<\/li>\n<\/ul>\n<\/li>\n<\/ul>\n<\/td>\n<td style=\"width: 92.8765%\">\u00a0<\/td>\n<\/tr>\n<\/tbody>\n<\/table>\n<p><img loading=\"lazy\" decoding=\"async\" class=\"aligncenter wp-image-941\" src=\"https:\/\/blogsaverroes.juntadeandalucia.es\/eoestepona\/files\/2025\/03\/municipios_de_la_provincia_de_malaga-12-1024x658.jpg\" alt=\"\" width=\"573\" height=\"368\" \/><\/p>\n<p>&nbsp;<\/p>\n<p>[\/et_pb_text][\/et_pb_column][\/et_pb_row][\/et_pb_section]<\/p>\n","protected":false},"excerpt":{"rendered":"<p>Nuestro Equipo Orientacion Educativa El Equipo de Orientaci\u00f3n Educativa (EOE)\u00a0 Estepona es un equipo multidisciplinar con sede en el CEIP Ram\u00f3n Garc\u00eda, en la localidad de Estepona (M\u00e1laga). \u00a0 Su \u00e1mbito de actuaci\u00f3n abarca las localidades de: Casares Cancelada Estepona Manilva San Luis de Sabinillas \u00a0 \u00a0 Su \u00e1mbito actuaci\u00f3n abarca los IES de la [&hellip;]<\/p>\n","protected":false},"author":7051,"featured_media":0,"parent":0,"menu_order":0,"comment_status":"closed","ping_status":"closed","template":"","meta":{"_et_pb_use_builder":"on","_et_pb_old_content":"","_et_gb_content_width":"","ngg_post_thumbnail":0,"footnotes":""},"aioseo_notices":[],"_links":{"self":[{"href":"https:\/\/blogsaverroes.juntadeandalucia.es\/eoestepona\/wp-json\/wp\/v2\/pages\/41"}],"collection":[{"href":"https:\/\/blogsaverroes.juntadeandalucia.es\/eoestepona\/wp-json\/wp\/v2\/pages"}],"about":[{"href":"https:\/\/blogsaverroes.juntadeandalucia.es\/eoestepona\/wp-json\/wp\/v2\/types\/page"}],"author":[{"embeddable":true,"href":"https:\/\/blogsaverroes.juntadeandalucia.es\/eoestepona\/wp-json\/wp\/v2\/users\/7051"}],"replies":[{"embeddable":true,"href":"https:\/\/blogsaverroes.juntadeandalucia.es\/eoestepona\/wp-json\/wp\/v2\/comments?post=41"}],"version-history":[{"count":8,"href":"https:\/\/blogsaverroes.juntadeandalucia.es\/eoestepona\/wp-json\/wp\/v2\/pages\/41\/revisions"}],"predecessor-version":[{"id":1054,"href":"https:\/\/blogsaverroes.juntadeandalucia.es\/eoestepona\/wp-json\/wp\/v2\/pages\/41\/revisions\/1054"}],"wp:attachment":[{"href":"https:\/\/blogsaverroes.juntadeandalucia.es\/eoestepona\/wp-json\/wp\/v2\/media?parent=41"}],"curies":[{"name":"wp","href":"https:\/\/api.w.org\/{rel}","templated":true}]}}