{"id":105,"date":"2023-05-19T14:28:12","date_gmt":"2023-05-19T14:28:12","guid":{"rendered":"https:\/\/blogsaverroes.juntadeandalucia.es\/eoevejerdelafrontera\/?page_id=105"},"modified":"2023-05-24T11:34:25","modified_gmt":"2023-05-24T11:34:25","slug":"proyecto-rea-dua","status":"publish","type":"page","link":"https:\/\/blogsaverroes.juntadeandalucia.es\/eoevejerdelafrontera\/?page_id=105","title":{"rendered":"Proyecto REA\/DUA"},"content":{"rendered":"<header class=\"entry-header\"><img loading=\"lazy\" decoding=\"async\" class=\" wp-image-145 aligncenter\" src=\"https:\/\/blogsaverroes.juntadeandalucia.es\/eoesanfernando\/files\/2023\/03\/logo_proyecto_cuadrado_2-300x200.jpg\" alt=\"\" width=\"503\" height=\"335\">&nbsp;<\/p>\n<p class=\"entry-title\" style=\"text-align: justify\"><span style=\"font-size: 1rem\">La Consejer\u00eda de Desarrollo Educativo y Formaci\u00f3n Profesional presenta el #ProyectoREADUAAndaluc\u00eda, conformado por m\u00e1s de 250 recursos educativos abiertos (REA) de distintas materias de Primaria, Secundaria y Bachillerato.<\/span><\/p>\n<\/header>\n<div class=\"entry-content\">\n<p style=\"text-align: justify\">Estos recursos giran en torno a situaciones de aprendizaje en las cuales el alumnado adquiere y desarrolla&nbsp;las competencias espec\u00edficas de cada \u00e1rea o materia.<\/p>\n<p style=\"text-align: justify\">Sus gu\u00edas did\u00e1cticas justifican la situaci\u00f3n de aprendizaje propuesta, el reto que el alumnado debe alcanzar, el producto final que tiene que desarrollar, la concreci\u00f3n curricular, la secuencia did\u00e1ctica, y la explicitaci\u00f3n de las pautas DUA, multinivelaci\u00f3n y procesos cognitivos elegidos en cada actividad en las que se materializa la secuencia, para favorecer la atenci\u00f3n a la diversidad del alumnado, as\u00ed como los criterios de evaluaci\u00f3n de las competencias espec\u00edficas que permite evaluar y los instrumentos que facilita dicha evaluaci\u00f3n.<\/p>\n<p>&nbsp;<\/p>\n<p><strong>CONTACTO<\/strong><\/p>\n<p style=\"text-align: justify\">Para&nbsp;<strong>cuestiones generales<\/strong>&nbsp;sobre el proyecto, puede dirigirse a:Correo de contacto:&nbsp;<a href=\"mailto:rea.ced@juntadeandalucia.es\">rea.ced@juntadeandalucia.es<\/a><\/p>\n<p style=\"text-align: justify\"><a href=\"https:\/\/portals.ced.junta-andalucia.es\/educacion\/portals\/web\/transformacion-digital-educativa\/rea\">https:\/\/portals.ced.junta-andalucia.es\/educacion\/portals\/web\/transformacion-digital-educativa\/rea<\/a><\/p>\n<\/div>\n","protected":false},"excerpt":{"rendered":"<p>&nbsp; La Consejer\u00eda de Desarrollo Educativo y Formaci\u00f3n Profesional presenta el #ProyectoREADUAAndaluc\u00eda, conformado por m\u00e1s de 250 recursos educativos abiertos (REA) de distintas materias de Primaria, Secundaria y Bachillerato. Estos recursos giran en torno a situaciones de aprendizaje en las cuales el alumnado adquiere y desarrolla&nbsp;las competencias espec\u00edficas de cada \u00e1rea o materia. Sus gu\u00edas &hellip; <\/p>\n<p class=\"link-more\"><a href=\"https:\/\/blogsaverroes.juntadeandalucia.es\/eoevejerdelafrontera\/?page_id=105\" class=\"more-link\">Continuar leyendo<span class=\"screen-reader-text\"> \u00abProyecto REA\/DUA\u00bb<\/span><\/a><\/p>\n","protected":false},"author":17049,"featured_media":0,"parent":103,"menu_order":0,"comment_status":"closed","ping_status":"closed","template":"","meta":{"ngg_post_thumbnail":0,"footnotes":""},"aioseo_notices":[],"_links":{"self":[{"href":"https:\/\/blogsaverroes.juntadeandalucia.es\/eoevejerdelafrontera\/index.php?rest_route=\/wp\/v2\/pages\/105"}],"collection":[{"href":"https:\/\/blogsaverroes.juntadeandalucia.es\/eoevejerdelafrontera\/index.php?rest_route=\/wp\/v2\/pages"}],"about":[{"href":"https:\/\/blogsaverroes.juntadeandalucia.es\/eoevejerdelafrontera\/index.php?rest_route=\/wp\/v2\/types\/page"}],"author":[{"embeddable":true,"href":"https:\/\/blogsaverroes.juntadeandalucia.es\/eoevejerdelafrontera\/index.php?rest_route=\/wp\/v2\/users\/17049"}],"replies":[{"embeddable":true,"href":"https:\/\/blogsaverroes.juntadeandalucia.es\/eoevejerdelafrontera\/index.php?rest_route=%2Fwp%2Fv2%2Fcomments&post=105"}],"version-history":[{"count":6,"href":"https:\/\/blogsaverroes.juntadeandalucia.es\/eoevejerdelafrontera\/index.php?rest_route=\/wp\/v2\/pages\/105\/revisions"}],"predecessor-version":[{"id":266,"href":"https:\/\/blogsaverroes.juntadeandalucia.es\/eoevejerdelafrontera\/index.php?rest_route=\/wp\/v2\/pages\/105\/revisions\/266"}],"up":[{"embeddable":true,"href":"https:\/\/blogsaverroes.juntadeandalucia.es\/eoevejerdelafrontera\/index.php?rest_route=\/wp\/v2\/pages\/103"}],"wp:attachment":[{"href":"https:\/\/blogsaverroes.juntadeandalucia.es\/eoevejerdelafrontera\/index.php?rest_route=%2Fwp%2Fv2%2Fmedia&parent=105"}],"curies":[{"name":"wp","href":"https:\/\/api.w.org\/{rel}","templated":true}]}}

<header class="entry-header"><img loading="lazy" decoding="async" class=" wp-image-145 aligncenter" src="https://blogsaverroes.juntadeandalucia.es/eoesanfernando/files/2023/03/logo_proyecto_cuadrado_2-300x200.jpg" alt="" width="503" height="335">&nbsp;</p>
<p class="entry-title" style="text-align: justify"><span style="font-size: 1rem">La Consejería de Desarrollo Educativo y Formación Profesional presenta el #ProyectoREADUAAndalucía, conformado por más de 250 recursos educativos abiertos (REA) de distintas materias de Primaria, Secundaria y Bachillerato.</span></p>
</header>
<div class="entry-content">
<p style="text-align: justify">Estos recursos giran en torno a situaciones de aprendizaje en las cuales el alumnado adquiere y desarrolla&nbsp;las competencias específicas de cada área o materia.</p>
<p style="text-align: justify">Sus guías didácticas justifican la situación de aprendizaje propuesta, el reto que el alumnado debe alcanzar, el producto final que tiene que desarrollar, la concreción curricular, la secuencia didáctica, y la explicitación de las pautas DUA, multinivelación y procesos cognitivos elegidos en cada actividad en las que se materializa la secuencia, para favorecer la atención a la diversidad del alumnado, así como los criterios de evaluación de las competencias específicas que permite evaluar y los instrumentos que facilita dicha evaluación.</p>
<p>&nbsp;</p>
<p><strong>CONTACTO</strong></p>
<p style="text-align: justify">Para&nbsp;<strong>cuestiones generales</strong>&nbsp;sobre el proyecto, puede dirigirse a:Correo de contacto:&nbsp;<a href="mailto:rea.ced@juntadeandalucia.es">rea.ced@juntadeandalucia.es</a></p>
<p style="text-align: justify"><a href="https://portals.ced.junta-andalucia.es/educacion/portals/web/transformacion-digital-educativa/rea">https://portals.ced.junta-andalucia.es/educacion/portals/web/transformacion-digital-educativa/rea</a></p>
</div>

<p>&nbsp; La Consejería de Desarrollo Educativo y Formación Profesional presenta el #ProyectoREADUAAndalucía, conformado por más de 250 recursos educativos abiertos (REA) de distintas materias de Primaria, Secundaria y Bachillerato. Estos recursos giran en torno a situaciones de aprendizaje en las cuales el alumnado adquiere y desarrolla&nbsp;las competencias específicas de cada área o materia. Sus guías &hellip; </p>
<p class="link-more"><a href="https://blogsaverroes.juntadeandalucia.es/eoevejerdelafrontera/?page_id=105" class="more-link">Continuar leyendo<span class="screen-reader-text"> «Proyecto REA/DUA»</span></a></p>
