{"id":274,"date":"2023-05-26T17:43:49","date_gmt":"2023-05-26T17:43:49","guid":{"rendered":"https:\/\/blogsaverroes.juntadeandalucia.es\/eoevejerdelafrontera\/?page_id=274"},"modified":"2023-05-26T17:46:47","modified_gmt":"2023-05-26T17:46:47","slug":"atencion-domiciliaria-por-enfermedad","status":"publish","type":"page","link":"https:\/\/blogsaverroes.juntadeandalucia.es\/eoevejerdelafrontera\/?page_id=274","title":{"rendered":"Atenci\u00f3n domiciliaria por enfermedad"},"content":{"rendered":"<p style=\"text-align: justify\">Atendiendo a las <strong>Instrucciones de 14 de noviembre de 2013, de la Direcci\u00f3n General de Participaci\u00f3n y Equidad, para la atenci\u00f3n educativa domiciliaria, destinada al alumnado con imposibilidad de acudir al centro docente por razones de enfermedad<\/strong>, sabemos que la Consejer\u00eda de Educaci\u00f3n, Cultura y Deporte tiene entre sus objetivos el de garantizar la igualdad de oportunidades para el acceso y la permanencia en el sistema educativo de todo el alumnado. Por ello, tiene una normativa espec\u00edfica que permite asegurar esta atenci\u00f3n educativa y la continuidad en el proceso educativo del alumnado que por razones de enfermedad no puede asistir a su centro educativo y tiene que permanecer durante periodos prolongados de tiempo en su propio domicilio.&nbsp;<\/p>\n<p style=\"text-align: justify\">Para conocer con detalle toda la informaci\u00f3n, requisitos y procedimiento a seguir, puedes consultar la informaci\u00f3n publicada en el \u00c1rea de Compensaci\u00f3n Educativa del ETPOEP de C\u00e1diz.&nbsp;<\/p>\n<p>&nbsp;<\/p>\n<p><a href=\"https:\/\/view.genial.ly\/6339ba0572d9250012548a6d\/interactive-content-area-compensacion-educativa-etpoep-cadiz\"><img loading=\"lazy\" decoding=\"async\" class=\"wp-image-276 aligncenter\" src=\"https:\/\/blogsaverroes.juntadeandalucia.es\/eoevejerdelafrontera\/files\/2023\/05\/2023-05-26-1-300x178.png\" alt=\"\" width=\"369\" height=\"219\" srcset=\"https:\/\/blogsaverroes.juntadeandalucia.es\/eoevejerdelafrontera\/files\/2023\/05\/2023-05-26-1-300x178.png 300w, https:\/\/blogsaverroes.juntadeandalucia.es\/eoevejerdelafrontera\/files\/2023\/05\/2023-05-26-1-768x455.png 768w, https:\/\/blogsaverroes.juntadeandalucia.es\/eoevejerdelafrontera\/files\/2023\/05\/2023-05-26-1.png 939w\" sizes=\"(max-width: 369px) 100vw, 369px\" \/><\/a><\/p>\n<p style=\"text-align: center\"><a href=\"https:\/\/view.genial.ly\/6339ba0572d9250012548a6d\/interactive-content-area-compensacion-educativa-etpoep-cadiz\"><span style=\"font-size: 10pt\"><strong>ACCEDER A LA INFORMACI\u00d3N<\/strong><\/span><\/a><\/p>\n<p>&nbsp;<\/p>\n<p>&nbsp;<\/p>\n","protected":false},"excerpt":{"rendered":"<p>Atendiendo a las Instrucciones de 14 de noviembre de 2013, de la Direcci\u00f3n General de Participaci\u00f3n y Equidad, para la atenci\u00f3n educativa domiciliaria, destinada al alumnado con imposibilidad de acudir al centro docente por razones de enfermedad, sabemos que la Consejer\u00eda de Educaci\u00f3n, Cultura y Deporte tiene entre sus objetivos el de garantizar la igualdad &hellip; <\/p>\n<p class=\"link-more\"><a href=\"https:\/\/blogsaverroes.juntadeandalucia.es\/eoevejerdelafrontera\/?page_id=274\" class=\"more-link\">Continuar leyendo<span class=\"screen-reader-text\"> \u00abAtenci\u00f3n domiciliaria por enfermedad\u00bb<\/span><\/a><\/p>\n","protected":false},"author":17049,"featured_media":0,"parent":0,"menu_order":0,"comment_status":"closed","ping_status":"closed","template":"","meta":{"ngg_post_thumbnail":0,"footnotes":""},"aioseo_notices":[],"_links":{"self":[{"href":"https:\/\/blogsaverroes.juntadeandalucia.es\/eoevejerdelafrontera\/index.php?rest_route=\/wp\/v2\/pages\/274"}],"collection":[{"href":"https:\/\/blogsaverroes.juntadeandalucia.es\/eoevejerdelafrontera\/index.php?rest_route=\/wp\/v2\/pages"}],"about":[{"href":"https:\/\/blogsaverroes.juntadeandalucia.es\/eoevejerdelafrontera\/index.php?rest_route=\/wp\/v2\/types\/page"}],"author":[{"embeddable":true,"href":"https:\/\/blogsaverroes.juntadeandalucia.es\/eoevejerdelafrontera\/index.php?rest_route=\/wp\/v2\/users\/17049"}],"replies":[{"embeddable":true,"href":"https:\/\/blogsaverroes.juntadeandalucia.es\/eoevejerdelafrontera\/index.php?rest_route=%2Fwp%2Fv2%2Fcomments&post=274"}],"version-history":[{"count":4,"href":"https:\/\/blogsaverroes.juntadeandalucia.es\/eoevejerdelafrontera\/index.php?rest_route=\/wp\/v2\/pages\/274\/revisions"}],"predecessor-version":[{"id":281,"href":"https:\/\/blogsaverroes.juntadeandalucia.es\/eoevejerdelafrontera\/index.php?rest_route=\/wp\/v2\/pages\/274\/revisions\/281"}],"wp:attachment":[{"href":"https:\/\/blogsaverroes.juntadeandalucia.es\/eoevejerdelafrontera\/index.php?rest_route=%2Fwp%2Fv2%2Fmedia&parent=274"}],"curies":[{"name":"wp","href":"https:\/\/api.w.org\/{rel}","templated":true}]}}