{"id":2,"date":"2021-11-03T07:23:08","date_gmt":"2021-11-03T07:23:08","guid":{"rendered":"https:\/\/blogsaverroes.juntadeandalucia.es\/erasmuscepcordoba\/?page_id=2"},"modified":"2022-04-04T10:16:43","modified_gmt":"2022-04-04T10:16:43","slug":"pagina-ejemplo","status":"publish","type":"page","link":"https:\/\/blogsaverroes.juntadeandalucia.es\/erasmuscepcordoba\/pagina-ejemplo\/","title":{"rendered":"Novedades Erasmus+ 2021-2027"},"content":{"rendered":"<p style=\"text-align: justify\"><img loading=\"lazy\" decoding=\"async\" class=\" wp-image-175 alignleft\" src=\"https:\/\/blogsaverroes.juntadeandalucia.es\/erasmuscepcordoba\/files\/2022\/03\/guiacepcordoba-216x300.png\" alt=\"\" width=\"168\" height=\"233\" srcset=\"https:\/\/blogsaverroes.juntadeandalucia.es\/erasmuscepcordoba\/files\/2022\/03\/guiacepcordoba-216x300.png 216w, https:\/\/blogsaverroes.juntadeandalucia.es\/erasmuscepcordoba\/files\/2022\/03\/guiacepcordoba.png 471w\" sizes=\"(max-width: 168px) 100vw, 168px\" \/>En esta p\u00e1gina iremos publicando las novedades m\u00e1s importantes relacionadas con el nuevo programa Erasmus+ de la UE en los \u00e1mbitos de la educaci\u00f3n, la formaci\u00f3n, la juventud y el deporte para el per\u00edodo 2021-2027.<\/p>\n<p style=\"text-align: justify\">Ofrecemos&nbsp; la <a href=\"https:\/\/blogsaverroes.juntadeandalucia.es\/erasmuscepcordoba\/files\/2022\/03\/2021-erasmusplus-programme-guide_v2_es.pdf\" target=\"_blank\" rel=\"noopener noreferrer\">GU\u00cdA GENERAL<\/a> del programa&nbsp; del nuevo programa Erasmus+ (2021-2027). Igualmente compartimos la&nbsp; <a href=\"https:\/\/blogsaverroes.juntadeandalucia.es\/erasmuscepcordoba\/files\/2022\/03\/Gu\u00eda-sobre-Erasmus.eTwinning-sep2021.pdf\" target=\"_blank\" rel=\"noopener noreferrer\">GU\u00cdA SOBRE EL PROGRAMA ERASMUS+ 2021-2027 Y SOBRE ETWINNING<\/a> que ha sido elaborada a trav\u00e9s del Grupo de Trabajo \u201cImpulso a la internacionalizaci\u00f3n de los centros educativos de la provincia de C\u00f3rdoba\u201d, coordinado por Beatriz Mart\u00ednez Serrano (asesora del \u00c1mbito Ling\u00fc\u00edstico del CEP de C\u00f3rdoba) e integrado por las siguientes asesor\u00edas: Carlos Castro Calero (asesor del \u00c1mbito Ling\u00fc\u00edstico del CEP Pe\u00f1arroya-Pueblonuevo), Leonor Mar\u00eda Mart\u00ednez Serrano (asesora del \u00c1mbito Ling\u00fc\u00edstico del CEP Priego-Montilla), Francisco Ram\u00f3n Merino Mesa (asesor de Primaria del CEP de C\u00f3rdoba) y Margarita Tejederas Dorado (asesora de Primaria del CEP de C\u00f3rdoba).<\/p>\n<div class=\"pt-cv-wrapper\"><div class=\"pt-cv-view pt-cv-grid pt-cv-colsys\" id=\"pt-cv-view-11f466d07b\"><div data-id=\"pt-cv-page-1\" class=\"pt-cv-page\" data-cvc=\"2\"><div class=\"col-md-6 col-sm-6 col-xs-12 pt-cv-content-item pt-cv-1-col\" ><div class='pt-cv-ifield'><a href=\"https:\/\/blogsaverroes.juntadeandalucia.es\/erasmuscepcordoba\/2023\/11\/16\/747\/\" class=\"_self pt-cv-href-thumbnail pt-cv-thumb-default\" target=\"_self\" ><img loading=\"lazy\" decoding=\"async\" width=\"300\" height=\"167\" src=\"https:\/\/blogsaverroes.juntadeandalucia.es\/erasmuscepcordoba\/files\/2022\/03\/SEPIE-300x167.jpg\" class=\"pt-cv-thumbnail\" alt=\"\" srcset=\"https:\/\/blogsaverroes.juntadeandalucia.es\/erasmuscepcordoba\/files\/2022\/03\/SEPIE-300x167.jpg 300w, https:\/\/blogsaverroes.juntadeandalucia.es\/erasmuscepcordoba\/files\/2022\/03\/SEPIE.jpg 518w\" sizes=\"(max-width: 300px) 100vw, 300px\" \/><\/a>\n<h4 class=\"pt-cv-title\"><a href=\"https:\/\/blogsaverroes.juntadeandalucia.es\/erasmuscepcordoba\/2023\/11\/16\/747\/\" class=\"_self\" target=\"_self\" >SEPIE Jornada Anual de Difusi\u00f3n y Jornadas Informativas Erasmus+ \/ 12 y 13 diciembre 2023<\/a><\/h4>\n<div class=\"pt-cv-content\">Desde el Servicio Espa\u00f1ol para la Internacionalizaci\u00f3n de la Educaci\u00f3n (SEPIE), organismo que act\u00faa como Agencia Nacional del programa Erasmus+ ...<br \/><div class=\"pt-cv-rmwrap\"><a href=\"https:\/\/blogsaverroes.juntadeandalucia.es\/erasmuscepcordoba\/2023\/11\/16\/747\/\" class=\"_self pt-cv-readmore btn btn-success\" target=\"_self\">Leer M\u00e1s<\/a><\/div><\/div><\/div><\/div>\n<div class=\"col-md-6 col-sm-6 col-xs-12 pt-cv-content-item pt-cv-1-col\" ><div class='pt-cv-ifield'><a href=\"https:\/\/blogsaverroes.juntadeandalucia.es\/erasmuscepcordoba\/2023\/10\/01\/movilidades-de-larga-duracion-en-educacion-escolar\/\" class=\"_self pt-cv-href-thumbnail pt-cv-thumb-default\" target=\"_self\" ><img loading=\"lazy\" decoding=\"async\" width=\"300\" height=\"150\" src=\"https:\/\/blogsaverroes.juntadeandalucia.es\/erasmuscepcordoba\/files\/2022\/03\/images2-300x150.png\" class=\"pt-cv-thumbnail\" alt=\"\" srcset=\"https:\/\/blogsaverroes.juntadeandalucia.es\/erasmuscepcordoba\/files\/2022\/03\/images2-300x150.png 300w, https:\/\/blogsaverroes.juntadeandalucia.es\/erasmuscepcordoba\/files\/2022\/03\/images2.png 318w\" sizes=\"(max-width: 300px) 100vw, 300px\" \/><\/a>\n<h4 class=\"pt-cv-title\"><a href=\"https:\/\/blogsaverroes.juntadeandalucia.es\/erasmuscepcordoba\/2023\/10\/01\/movilidades-de-larga-duracion-en-educacion-escolar\/\" class=\"_self\" target=\"_self\" >Movilidades de larga duraci\u00f3n en Educaci\u00f3n Escolar<\/a><\/h4>\n<div class=\"pt-cv-content\">Para facilitar el dise\u00f1o de movilidades de larga duraci\u00f3n en proyectos de Educaci\u00f3n Escolar ( K121 y K122) os dejamos ...<br \/><div class=\"pt-cv-rmwrap\"><a href=\"https:\/\/blogsaverroes.juntadeandalucia.es\/erasmuscepcordoba\/2023\/10\/01\/movilidades-de-larga-duracion-en-educacion-escolar\/\" class=\"_self pt-cv-readmore btn btn-success\" target=\"_self\">Leer M\u00e1s<\/a><\/div><\/div><\/div><\/div>\n<div class=\"col-md-6 col-sm-6 col-xs-12 pt-cv-content-item pt-cv-1-col\" ><div class='pt-cv-ifield'><a href=\"https:\/\/blogsaverroes.juntadeandalucia.es\/erasmuscepcordoba\/2023\/09\/07\/actividades-de-formacion-y-cooperacion-tca\/\" class=\"_self pt-cv-href-thumbnail pt-cv-thumb-default\" target=\"_self\" ><img loading=\"lazy\" decoding=\"async\" width=\"300\" height=\"167\" src=\"https:\/\/blogsaverroes.juntadeandalucia.es\/erasmuscepcordoba\/files\/2022\/03\/SEPIE-300x167.jpg\" class=\"pt-cv-thumbnail\" alt=\"\" srcset=\"https:\/\/blogsaverroes.juntadeandalucia.es\/erasmuscepcordoba\/files\/2022\/03\/SEPIE-300x167.jpg 300w, https:\/\/blogsaverroes.juntadeandalucia.es\/erasmuscepcordoba\/files\/2022\/03\/SEPIE.jpg 518w\" sizes=\"(max-width: 300px) 100vw, 300px\" \/><\/a>\n<h4 class=\"pt-cv-title\"><a href=\"https:\/\/blogsaverroes.juntadeandalucia.es\/erasmuscepcordoba\/2023\/09\/07\/actividades-de-formacion-y-cooperacion-tca\/\" class=\"_self\" target=\"_self\" >Actividades de Formaci\u00f3n y Cooperaci\u00f3n (TCA)<\/a><\/h4>\n<div class=\"pt-cv-content\">Las Actividades de Formaci\u00f3n y Cooperaci\u00f3n (TCA) ayudan a las instituciones o centros educativos de los pa\u00edses que participan en ...<br \/><div class=\"pt-cv-rmwrap\"><a href=\"https:\/\/blogsaverroes.juntadeandalucia.es\/erasmuscepcordoba\/2023\/09\/07\/actividades-de-formacion-y-cooperacion-tca\/\" class=\"_self pt-cv-readmore btn btn-success\" target=\"_self\">Leer M\u00e1s<\/a><\/div><\/div><\/div><\/div>\n<div class=\"col-md-6 col-sm-6 col-xs-12 pt-cv-content-item pt-cv-1-col\" ><div class='pt-cv-ifield'><a href=\"https:\/\/blogsaverroes.juntadeandalucia.es\/erasmuscepcordoba\/2023\/06\/24\/listados-provisionales-proyectos-erasmus-ka121-ka122-ka131-ka171\/\" class=\"_self pt-cv-href-thumbnail pt-cv-thumb-default\" target=\"_self\" ><img loading=\"lazy\" decoding=\"async\" width=\"300\" height=\"150\" src=\"https:\/\/blogsaverroes.juntadeandalucia.es\/erasmuscepcordoba\/files\/2022\/03\/images2-300x150.png\" class=\"pt-cv-thumbnail\" alt=\"\" srcset=\"https:\/\/blogsaverroes.juntadeandalucia.es\/erasmuscepcordoba\/files\/2022\/03\/images2-300x150.png 300w, https:\/\/blogsaverroes.juntadeandalucia.es\/erasmuscepcordoba\/files\/2022\/03\/images2.png 318w\" sizes=\"(max-width: 300px) 100vw, 300px\" \/><\/a>\n<h4 class=\"pt-cv-title\"><a href=\"https:\/\/blogsaverroes.juntadeandalucia.es\/erasmuscepcordoba\/2023\/06\/24\/listados-provisionales-proyectos-erasmus-ka121-ka122-ka131-ka171\/\" class=\"_self\" target=\"_self\" >Listados provisionales  proyectos Erasmus+ KA121, KA122, KA131, KA171<\/a><\/h4>\n<div class=\"pt-cv-content\">Con fecha de 23 de junio fue publicada la resoluci\u00f3n provisional de los centros seleccionados. Pincha en el siguiente enlace ...<br \/><div class=\"pt-cv-rmwrap\"><a href=\"https:\/\/blogsaverroes.juntadeandalucia.es\/erasmuscepcordoba\/2023\/06\/24\/listados-provisionales-proyectos-erasmus-ka121-ka122-ka131-ka171\/\" class=\"_self pt-cv-readmore btn btn-success\" target=\"_self\">Leer M\u00e1s<\/a><\/div><\/div><\/div><\/div>\n<div class=\"col-md-6 col-sm-6 col-xs-12 pt-cv-content-item pt-cv-1-col\" ><div class='pt-cv-ifield'><a href=\"https:\/\/blogsaverroes.juntadeandalucia.es\/erasmuscepcordoba\/2023\/02\/02\/publicadas-la-resolucion-sobre-acreditaciones-para-el-periodo-2023-2027\/\" class=\"_self pt-cv-href-thumbnail pt-cv-thumb-default\" target=\"_self\" ><img loading=\"lazy\" decoding=\"async\" width=\"300\" height=\"142\" src=\"https:\/\/blogsaverroes.juntadeandalucia.es\/erasmuscepcordoba\/files\/2022\/02\/acreditacion-300x142.png\" class=\"pt-cv-thumbnail\" alt=\"\" srcset=\"https:\/\/blogsaverroes.juntadeandalucia.es\/erasmuscepcordoba\/files\/2022\/02\/acreditacion-300x142.png 300w, https:\/\/blogsaverroes.juntadeandalucia.es\/erasmuscepcordoba\/files\/2022\/02\/acreditacion-520x245.png 520w, https:\/\/blogsaverroes.juntadeandalucia.es\/erasmuscepcordoba\/files\/2022\/02\/acreditacion.png 720w\" sizes=\"(max-width: 300px) 100vw, 300px\" \/><\/a>\n<h4 class=\"pt-cv-title\"><a href=\"https:\/\/blogsaverroes.juntadeandalucia.es\/erasmuscepcordoba\/2023\/02\/02\/publicadas-la-resolucion-sobre-acreditaciones-para-el-periodo-2023-2027\/\" class=\"_self\" target=\"_self\" >PUBLICADA LA RESOLUCI\u00d3N SOBRE ACREDITACI\u00d3N ERASMUS PARA EL PERIODO 2023-2027<\/a><\/h4>\n<div class=\"pt-cv-content\">Resoluci\u00f3n por la que se publican los listados provisionales de solicitudes seleccionadas y rechazadas de la Acci\u00f3n Clave 1 \u2013 ...<br \/><div class=\"pt-cv-rmwrap\"><a href=\"https:\/\/blogsaverroes.juntadeandalucia.es\/erasmuscepcordoba\/2023\/02\/02\/publicadas-la-resolucion-sobre-acreditaciones-para-el-periodo-2023-2027\/\" class=\"_self pt-cv-readmore btn btn-success\" target=\"_self\">Leer M\u00e1s<\/a><\/div><\/div><\/div><\/div>\n<div class=\"col-md-6 col-sm-6 col-xs-12 pt-cv-content-item pt-cv-1-col\" ><div class='pt-cv-ifield'><a href=\"https:\/\/blogsaverroes.juntadeandalucia.es\/erasmuscepcordoba\/2022\/12\/27\/jornadas-provinciales-de-internacionalizacion-de-la-formacion-profesional\/\" class=\"_self pt-cv-href-thumbnail pt-cv-thumb-default\" target=\"_self\" ><img loading=\"lazy\" decoding=\"async\" width=\"300\" height=\"150\" src=\"https:\/\/blogsaverroes.juntadeandalucia.es\/erasmuscepcordoba\/files\/2022\/03\/images2-300x150.png\" class=\"pt-cv-thumbnail\" alt=\"\" srcset=\"https:\/\/blogsaverroes.juntadeandalucia.es\/erasmuscepcordoba\/files\/2022\/03\/images2-300x150.png 300w, https:\/\/blogsaverroes.juntadeandalucia.es\/erasmuscepcordoba\/files\/2022\/03\/images2.png 318w\" sizes=\"(max-width: 300px) 100vw, 300px\" \/><\/a>\n<h4 class=\"pt-cv-title\"><a href=\"https:\/\/blogsaverroes.juntadeandalucia.es\/erasmuscepcordoba\/2022\/12\/27\/jornadas-provinciales-de-internacionalizacion-de-la-formacion-profesional\/\" class=\"_self\" target=\"_self\" >JORNADAS PROVINCIALES DE INTERNACIONALIZACI\u00d3N DE LA FORMACI\u00d3N PROFESIONAL<\/a><\/h4>\n<div class=\"pt-cv-content\">Se encuentra abierto el plazo de inscripci\u00f3n del curso presencial JORNADAS PROVINCIALES DE INTERNACIONALIZACI\u00d3N DE LA FORMACI\u00d3N PROFESIONAL hasta 20\/01\/2023 ...<br \/><div class=\"pt-cv-rmwrap\"><a href=\"https:\/\/blogsaverroes.juntadeandalucia.es\/erasmuscepcordoba\/2022\/12\/27\/jornadas-provinciales-de-internacionalizacion-de-la-formacion-profesional\/\" class=\"_self pt-cv-readmore btn btn-success\" target=\"_self\">Leer M\u00e1s<\/a><\/div><\/div><\/div><\/div>\n<div class=\"col-md-6 col-sm-6 col-xs-12 pt-cv-content-item pt-cv-1-col\" ><div class='pt-cv-ifield'><a href=\"https:\/\/blogsaverroes.juntadeandalucia.es\/erasmuscepcordoba\/2022\/12\/22\/internacionalizacion-en-los-centros-andaluces\/\" class=\"_self pt-cv-href-thumbnail pt-cv-thumb-default\" target=\"_self\" ><img loading=\"lazy\" decoding=\"async\" width=\"300\" height=\"150\" src=\"https:\/\/blogsaverroes.juntadeandalucia.es\/erasmuscepcordoba\/files\/2022\/03\/images2-300x150.png\" class=\"pt-cv-thumbnail\" alt=\"\" srcset=\"https:\/\/blogsaverroes.juntadeandalucia.es\/erasmuscepcordoba\/files\/2022\/03\/images2-300x150.png 300w, https:\/\/blogsaverroes.juntadeandalucia.es\/erasmuscepcordoba\/files\/2022\/03\/images2.png 318w\" sizes=\"(max-width: 300px) 100vw, 300px\" \/><\/a>\n<h4 class=\"pt-cv-title\"><a href=\"https:\/\/blogsaverroes.juntadeandalucia.es\/erasmuscepcordoba\/2022\/12\/22\/internacionalizacion-en-los-centros-andaluces\/\" class=\"_self\" target=\"_self\" >INTERNACIONALIZACI\u00d3N EN LOS CENTROS ANDALUCES<\/a><\/h4>\n<div class=\"pt-cv-content\">Desde hoy y hasta el pr\u00f3ximo 12 de enero de 2023 (10:00 de la ma\u00f1ana) se encuentra abierto el plazo ...<br \/><div class=\"pt-cv-rmwrap\"><a href=\"https:\/\/blogsaverroes.juntadeandalucia.es\/erasmuscepcordoba\/2022\/12\/22\/internacionalizacion-en-los-centros-andaluces\/\" class=\"_self pt-cv-readmore btn btn-success\" target=\"_self\">Leer M\u00e1s<\/a><\/div><\/div><\/div><\/div>\n<div class=\"col-md-6 col-sm-6 col-xs-12 pt-cv-content-item pt-cv-1-col\" ><div class='pt-cv-ifield'><a href=\"https:\/\/blogsaverroes.juntadeandalucia.es\/erasmuscepcordoba\/2022\/12\/16\/curso-elaboracion-de-proyectos-de-calidad-erasmus-2023\/\" class=\"_self pt-cv-href-thumbnail pt-cv-thumb-default\" target=\"_self\" ><img loading=\"lazy\" decoding=\"async\" width=\"300\" height=\"150\" src=\"https:\/\/blogsaverroes.juntadeandalucia.es\/erasmuscepcordoba\/files\/2022\/03\/images2-300x150.png\" class=\"pt-cv-thumbnail\" alt=\"\" srcset=\"https:\/\/blogsaverroes.juntadeandalucia.es\/erasmuscepcordoba\/files\/2022\/03\/images2-300x150.png 300w, https:\/\/blogsaverroes.juntadeandalucia.es\/erasmuscepcordoba\/files\/2022\/03\/images2.png 318w\" sizes=\"(max-width: 300px) 100vw, 300px\" \/><\/a>\n<h4 class=\"pt-cv-title\"><a href=\"https:\/\/blogsaverroes.juntadeandalucia.es\/erasmuscepcordoba\/2022\/12\/16\/curso-elaboracion-de-proyectos-de-calidad-erasmus-2023\/\" class=\"_self\" target=\"_self\" >CURSO \u00abELABORACI\u00d3N DE PROYECTOS DE CALIDAD ERASMUS 2023\u00bb<\/a><\/h4>\n<div class=\"pt-cv-content\">Se encuentra abierto el plazo de inscripci\u00f3n al curso \"ELABORACI\u00d3N DE PROYECTOS DE CALIDAD ERASMUS 2023\" hasta el d\u00eda 21 ...<br \/><div class=\"pt-cv-rmwrap\"><a href=\"https:\/\/blogsaverroes.juntadeandalucia.es\/erasmuscepcordoba\/2022\/12\/16\/curso-elaboracion-de-proyectos-de-calidad-erasmus-2023\/\" class=\"_self pt-cv-readmore btn btn-success\" target=\"_self\">Leer M\u00e1s<\/a><\/div><\/div><\/div><\/div>\n<div class=\"col-md-6 col-sm-6 col-xs-12 pt-cv-content-item pt-cv-1-col\" ><div class='pt-cv-ifield'><a href=\"https:\/\/blogsaverroes.juntadeandalucia.es\/erasmuscepcordoba\/2022\/11\/28\/lanzamiento-de-la-convocatoria-2023-de-erasmus\/\" class=\"_self pt-cv-href-thumbnail pt-cv-thumb-default\" target=\"_self\" ><img loading=\"lazy\" decoding=\"async\" width=\"300\" height=\"150\" src=\"https:\/\/blogsaverroes.juntadeandalucia.es\/erasmuscepcordoba\/files\/2022\/03\/images2-300x150.png\" class=\"pt-cv-thumbnail\" alt=\"\" srcset=\"https:\/\/blogsaverroes.juntadeandalucia.es\/erasmuscepcordoba\/files\/2022\/03\/images2-300x150.png 300w, https:\/\/blogsaverroes.juntadeandalucia.es\/erasmuscepcordoba\/files\/2022\/03\/images2.png 318w\" sizes=\"(max-width: 300px) 100vw, 300px\" \/><\/a>\n<h4 class=\"pt-cv-title\"><a href=\"https:\/\/blogsaverroes.juntadeandalucia.es\/erasmuscepcordoba\/2022\/11\/28\/lanzamiento-de-la-convocatoria-2023-de-erasmus\/\" class=\"_self\" target=\"_self\" >LANZAMIENTO DE LA CONVOCATORIA 2023 DE ERASMUS+<\/a><\/h4>\n<div class=\"pt-cv-content\">La Comisi\u00f3n ha lanzadola convocatoria de propuestas para 2023 en el marco del programa Erasmus+. Con un presupuesto anual de ...<br \/><div class=\"pt-cv-rmwrap\"><a href=\"https:\/\/blogsaverroes.juntadeandalucia.es\/erasmuscepcordoba\/2022\/11\/28\/lanzamiento-de-la-convocatoria-2023-de-erasmus\/\" class=\"_self pt-cv-readmore btn btn-success\" target=\"_self\">Leer M\u00e1s<\/a><\/div><\/div><\/div><\/div>\n<div class=\"col-md-6 col-sm-6 col-xs-12 pt-cv-content-item pt-cv-1-col\" ><div class='pt-cv-ifield'><a href=\"https:\/\/blogsaverroes.juntadeandalucia.es\/erasmuscepcordoba\/2022\/11\/17\/convocatoria-de-eventos-de-formacion-etwinning-2023\/\" class=\"_self pt-cv-href-thumbnail pt-cv-thumb-default\" target=\"_self\" ><img loading=\"lazy\" decoding=\"async\" width=\"300\" height=\"94\" src=\"https:\/\/blogsaverroes.juntadeandalucia.es\/erasmuscepcordoba\/files\/2022\/03\/etwinning-300x94.jpeg\" class=\"pt-cv-thumbnail\" alt=\"\" srcset=\"https:\/\/blogsaverroes.juntadeandalucia.es\/erasmuscepcordoba\/files\/2022\/03\/etwinning-300x94.jpeg 300w, https:\/\/blogsaverroes.juntadeandalucia.es\/erasmuscepcordoba\/files\/2022\/03\/etwinning.jpeg 380w\" sizes=\"(max-width: 300px) 100vw, 300px\" \/><\/a>\n<h4 class=\"pt-cv-title\"><a href=\"https:\/\/blogsaverroes.juntadeandalucia.es\/erasmuscepcordoba\/2022\/11\/17\/convocatoria-de-eventos-de-formacion-etwinning-2023\/\" class=\"_self\" target=\"_self\" >Convocatoria de eventos de formaci\u00f3n eTwinning 2023<\/a><\/h4>\n<div class=\"pt-cv-content\">Se convocan 121 plazas para la asistencia a varios eventos de formaci\u00f3n durante el a\u00f1o 2023 dentro del marco de ...<br \/><div class=\"pt-cv-rmwrap\"><a href=\"https:\/\/blogsaverroes.juntadeandalucia.es\/erasmuscepcordoba\/2022\/11\/17\/convocatoria-de-eventos-de-formacion-etwinning-2023\/\" class=\"_self pt-cv-readmore btn btn-success\" target=\"_self\">Leer M\u00e1s<\/a><\/div><\/div><\/div><\/div><\/div><\/div><\/div>\n","protected":false},"excerpt":{"rendered":"<p>En esta p\u00e1gina iremos publicando las novedades m\u00e1s importantes relacionadas con el nuevo programa Erasmus+ de la UE en los \u00e1mbitos de la educaci\u00f3n, la formaci\u00f3n, la juventud y el deporte para el per\u00edodo&#46;&#46;&#46;<\/p>\n","protected":false},"author":1432,"featured_media":0,"parent":0,"menu_order":0,"comment_status":"closed","ping_status":"open","template":"","meta":{"ngg_post_thumbnail":0,"footnotes":""},"aioseo_notices":[],"_links":{"self":[{"href":"https:\/\/blogsaverroes.juntadeandalucia.es\/erasmuscepcordoba\/wp-json\/wp\/v2\/pages\/2"}],"collection":[{"href":"https:\/\/blogsaverroes.juntadeandalucia.es\/erasmuscepcordoba\/wp-json\/wp\/v2\/pages"}],"about":[{"href":"https:\/\/blogsaverroes.juntadeandalucia.es\/erasmuscepcordoba\/wp-json\/wp\/v2\/types\/page"}],"author":[{"embeddable":true,"href":"https:\/\/blogsaverroes.juntadeandalucia.es\/erasmuscepcordoba\/wp-json\/wp\/v2\/users\/1432"}],"replies":[{"embeddable":true,"href":"https:\/\/blogsaverroes.juntadeandalucia.es\/erasmuscepcordoba\/wp-json\/wp\/v2\/comments?post=2"}],"version-history":[{"count":12,"href":"https:\/\/blogsaverroes.juntadeandalucia.es\/erasmuscepcordoba\/wp-json\/wp\/v2\/pages\/2\/revisions"}],"predecessor-version":[{"id":380,"href":"https:\/\/blogsaverroes.juntadeandalucia.es\/erasmuscepcordoba\/wp-json\/wp\/v2\/pages\/2\/revisions\/380"}],"wp:attachment":[{"href":"https:\/\/blogsaverroes.juntadeandalucia.es\/erasmuscepcordoba\/wp-json\/wp\/v2\/media?parent=2"}],"curies":[{"name":"wp","href":"https:\/\/api.w.org\/{rel}","templated":true}]}}