{"id":33,"date":"2022-03-25T11:48:31","date_gmt":"2022-03-25T11:48:31","guid":{"rendered":"https:\/\/blogsaverroes.juntadeandalucia.es\/erasmuscepcordoba\/?page_id=33"},"modified":"2022-05-10T10:33:54","modified_gmt":"2022-05-10T10:33:54","slug":"erasmus2","status":"publish","type":"page","link":"https:\/\/blogsaverroes.juntadeandalucia.es\/erasmuscepcordoba\/erasmus2\/","title":{"rendered":"Erasmus+ \u00abCultura, Educaci\u00f3n, Patrimonio\u00bb (CEP)"},"content":{"rendered":"<p style=\"text-align: justify\"><img loading=\"lazy\" decoding=\"async\" class=\" wp-image-422 alignright\" src=\"https:\/\/blogsaverroes.juntadeandalucia.es\/erasmuscepcordoba\/files\/2022\/05\/logo-erasmus-cultura-educacion-patrimonio-293x300.png\" alt=\"\" width=\"172\" height=\"176\">Se trata de un proyecto relacionado con&nbsp; formaciones de calidad e idoneidad para nuestro CEP y los centros vinculados a este. Pondremos en pr\u00e1ctica la b\u00fasqueda de herramientas id\u00f3neas para organizar formatos de formaci\u00f3n de distinta \u00edndole sobre patrimonio cultural europeo que refuerce la dimensi\u00f3n europea, potencie la internacionalizaci\u00f3n en todos los centros de nuestro \u00e1mbito CEP,&nbsp; as\u00ed como la inclusi\u00f3n sin distinci\u00f3n de culturas, ideas, razas o creencias.&nbsp;<\/p>\n<p style=\"text-align: justify\">Nuestra finalidad es acercar el programa Erasmus +&nbsp; en sus distintas posibilidades a centros que a\u00fan no han tenido la oportunidad de conocerlo&nbsp; desde una perspectiva integradora, patrimonial y vehiculada por la idea de un patrimonio cultural com\u00fan europeo.<\/p>\n<p style=\"text-align: justify\">Necesitamos un conocimiento id\u00f3neo de una formaci\u00f3n de calidad bajo el prisma patrimonial y cultural del nacimiento de Europa. Deseamos descubrir nuevas herramientas que nos ayuden a realizar formaciones adecuadas a nuestro profesorado sobre la interpretaci\u00f3n del patrimonio desde un punto de vista sostenible con el medio ambiente e inclusivo para toda la comunidad educativa.<\/p>\n<p style=\"text-align: justify\">Lugar de realizaci\u00f3n: Atenas (26\/09\/2022)<\/p>\n<p style=\"text-align: justify\">Proyecto K122ADULT a la espera de ser aprobado&nbsp;<\/p>\n<div class=\"pt-cv-wrapper\"><div class=\"pt-cv-view pt-cv-grid pt-cv-colsys\" id=\"pt-cv-view-1497046ba9\"><div data-id=\"pt-cv-page-1\" class=\"pt-cv-page cv-npf\" data-cvc=\"2\"><div class=\"col-md-6 col-sm-6 col-xs-12 pt-cv-content-item pt-cv-1-col\" ><div class='pt-cv-ifield'><div class=\"pt-cv-no-post\">No se han encontrado entradas.<\/div><\/div><\/div><\/div><\/div><\/div>\n","protected":false},"excerpt":{"rendered":"<p>Se trata de un proyecto relacionado con&nbsp; formaciones de calidad e idoneidad para nuestro CEP y los centros vinculados a este. Pondremos en pr\u00e1ctica la b\u00fasqueda de herramientas id\u00f3neas para organizar formatos de formaci\u00f3n&#46;&#46;&#46;<\/p>\n","protected":false},"author":510,"featured_media":0,"parent":0,"menu_order":0,"comment_status":"closed","ping_status":"closed","template":"","meta":{"ngg_post_thumbnail":0,"footnotes":""},"aioseo_notices":[],"_links":{"self":[{"href":"https:\/\/blogsaverroes.juntadeandalucia.es\/erasmuscepcordoba\/wp-json\/wp\/v2\/pages\/33"}],"collection":[{"href":"https:\/\/blogsaverroes.juntadeandalucia.es\/erasmuscepcordoba\/wp-json\/wp\/v2\/pages"}],"about":[{"href":"https:\/\/blogsaverroes.juntadeandalucia.es\/erasmuscepcordoba\/wp-json\/wp\/v2\/types\/page"}],"author":[{"embeddable":true,"href":"https:\/\/blogsaverroes.juntadeandalucia.es\/erasmuscepcordoba\/wp-json\/wp\/v2\/users\/510"}],"replies":[{"embeddable":true,"href":"https:\/\/blogsaverroes.juntadeandalucia.es\/erasmuscepcordoba\/wp-json\/wp\/v2\/comments?post=33"}],"version-history":[{"count":17,"href":"https:\/\/blogsaverroes.juntadeandalucia.es\/erasmuscepcordoba\/wp-json\/wp\/v2\/pages\/33\/revisions"}],"predecessor-version":[{"id":428,"href":"https:\/\/blogsaverroes.juntadeandalucia.es\/erasmuscepcordoba\/wp-json\/wp\/v2\/pages\/33\/revisions\/428"}],"wp:attachment":[{"href":"https:\/\/blogsaverroes.juntadeandalucia.es\/erasmuscepcordoba\/wp-json\/wp\/v2\/media?parent=33"}],"curies":[{"name":"wp","href":"https:\/\/api.w.org\/{rel}","templated":true}]}}