{"id":39,"date":"2023-09-19T13:04:05","date_gmt":"2023-09-19T11:04:05","guid":{"rendered":"https:\/\/blogsaverroes.juntadeandalucia.es\/erasmusceperpedrodeescavias\/?page_id=39"},"modified":"2025-04-29T16:57:40","modified_gmt":"2025-04-29T14:57:40","slug":"nuestro-proyecto","status":"publish","type":"page","link":"https:\/\/blogsaverroes.juntadeandalucia.es\/erasmusceperpedrodeescavias\/nuestro-proyecto\/","title":{"rendered":"Solicitudes Erasmus 23\/24"},"content":{"rendered":"<p>El CEPer Pedro de Escavias participa en el proyecto Erasmus+ <strong><span style=\"font-size: 12pt\">\u00ab2022-2-ES01-KA122-ADU-000091954\u00bb: Proyectos de corta duraci\u00f3n para la movilidad de estudiantes y personal de Educaci\u00f3n de Personas Adultas<\/span><\/strong>, cofinanciado por la Uni\u00f3n Europea.<\/p>\n<p>Para este curso 2023-2024 se convocan las siguientes movilidades:<\/p>\n<ul>\n<li>1 movilidad a Noruega,\u00a0 de 5 d\u00edas de Job Shadowing,\u00a0 para profesorado del 11-15 de diciembre 2023.<\/li>\n<li>1 movilidad a Turqu\u00eda, 8 alumnos y 2 maestras, 5 d\u00edas, (And\u00fajar- Estambul), del 29 de enero al 2 de febrero 2024.<\/li>\n<li>1 movilidad a Noruega, \u00a08 alumnos y 2 maestras,\u00a0 5 d\u00edas, (And\u00fajar &#8211;<span style=\"font-size: 12pt\">J\u00f8rpeland), del 7 al 11 de mayo.<\/span><\/li>\n<li>1 novilidad a Suecia, 11 alumnos y 2 maestras,\u00a0 5 d\u00edas, (And\u00fajar- Ronneby), del 2 al 6 de junio.<\/li>\n<\/ul>\n<p>En las pr\u00f3ximas semanas la coordinadora Erasmus+ pasar\u00e1 por tu aula para informar del proyecto. Si quieres participar, tienes que enviar la siguiente documentaci\u00f3n a la direcci\u00f3n <a href=\"pherver034@g.educaand.es\">pherver034@g.educaand.es<\/a>:<\/p>\n<ul>\n<li>Encuesta del participante.\u00a0<a href=\"https:\/\/docs.google.com\/forms\/d\/e\/1FAIpQLSeGF7-tiWbKfMk0kHCoI56Uaq1-m0r-W-kRstQU1vxd1oOvfQ\/viewform?pli=1\">https:\/\/docs.google.com\/forms\/d\/e\/1FAIpQLSeGF7-tiWbKfMk0kHCoI56Uaq1-m0r-W-kRstQU1vxd1oOvfQ\/viewform?pli=1<\/a><\/li>\n<li>Carta motivadora.<\/li>\n<li>Informaci\u00f3n y aceptaci\u00f3n del programa (tiene que estar firmado, la coordinadora Erasmus te lo facilitar\u00e1)<\/li>\n<li>DNI escaneado por ambas caras<\/li>\n<\/ul>\n<p>Para la selecci\u00f3n de los participantes se tendr\u00e1n en cuenta los siguientes aspectos:<\/p>\n<ul>\n<li>Informe del profesorado.<\/li>\n<li>Asistencia regular a clase.<\/li>\n<li>Participaci\u00f3n en las actividades del centro.<\/li>\n<\/ul>\n<p><strong>El plazo de presentaci\u00f3n de solicitudes finaliza el viernes 15\u00a0 de diciembre 2023.<\/strong><\/p>\n<p><strong>No ser\u00e1n v\u00e1lidas las solicitudes que no incluyan toda la documentaci\u00f3n requerida.<\/strong><\/p>\n<section id=\"h.6d7ce5143657fd7_3\" class=\"yaqOZd\">\n<div class=\"mYVXT\">\n<div class=\"LS81yb VICjCf\">\n<div class=\"hJDwNd-AhqUyc-uQSCkd purZT-AhqUyc-II5mzb pSzOP-AhqUyc-qWD73c JNdkSc\">\n<div class=\"JNdkSc-SmKAyb\">\n<div class=\"\">\n<div class=\"oKdM2c Kzv0Me\">\n<div id=\"h.6d7ce5143657fd7_0\" class=\"hJDwNd-AhqUyc-uQSCkd jXK9ad D2fZ2 OjCsFc wHaque GNzUNc\">\n<div class=\"jXK9ad-SmKAyb\">\n<div class=\"tyJCtd mGzaTb baZpAe\">\n<p class=\"CDt4Ke zfr3Q\" dir=\"ltr\"><strong>BASES DE LA CONVOCATORIA<\/strong><\/p>\n<ol class=\"n8H08c BKnRcf\">\n<li class=\"TYR86d wXCUfe zfr3Q\">\n<p class=\"CDt4Ke zfr3Q\" dir=\"ltr\"><strong>OBJETO DE LA CONVOCATORIA<\/strong><\/p>\n<\/li>\n<\/ol>\n<p class=\"CDt4Ke zfr3Q\" dir=\"ltr\">En esta convocatoria se convocan las siguientes movilidades dentro del proyecto Erasmus+\u00a0 \u00ab2022-2-ES01-KA122-ADU-000091954\u00bb cofinanciado por la Uni\u00f3n Europea<\/p>\n<ul class=\"n8H08c UVNKR\">\n<li><span style=\"font-size: 12pt\">1 movilidad a Noruega,\u00a0 de 5 d\u00edas de Job Shadowing,\u00a0 para profesorado del 11-15 de diciembre 2023.<\/span><\/li>\n<li><span style=\"font-size: 12pt\">1 movilidad a Turqu\u00eda, 8 alumnos y 2 maestras, 5 d\u00edas, (And\u00fajar- Estambul), del 29 de enero al 2 de febrero 2024.<\/span><\/li>\n<li><span style=\"font-size: 12pt\">1 movilidad a Noruega, \u00a08 alumnos y 2 maestras,\u00a0 5 d\u00edas, (And\u00fajar -J\u00f8rpeland), del 7 al 11 de mayo.<\/span><\/li>\n<li><span style=\"font-size: 12pt\">1 movilidad a Suecia, 11 alumnos y 2 maestras,\u00a0 5 d\u00edas, (And\u00fajar- Ronneby), del 2 al 6 de junio.<\/span><\/li>\n<\/ul>\n<p class=\"CDt4Ke zfr3Q\" dir=\"ltr\">\n<\/div>\n<div class=\"tyJCtd mGzaTb baZpAe\">\n<ol class=\"n8H08c BKnRcf\" start=\"2\">\n<li class=\"TYR86d wXCUfe zfr3Q\">\n<p class=\"CDt4Ke zfr3Q\" dir=\"ltr\"><strong>DESTINATARIOS<\/strong><\/p>\n<\/li>\n<\/ol>\n<ul class=\"n8H08c UVNKR\">\n<li class=\"TYR86d wXCUfe zfr3Q\">\n<p class=\"CDt4Ke zfr3Q\" dir=\"ltr\">Movilidades: Alumnado de todo el centro.<\/p>\n<\/li>\n<\/ul>\n<ol class=\"n8H08c BKnRcf\" start=\"3\">\n<li class=\"TYR86d wXCUfe zfr3Q\">\n<p class=\"CDt4Ke zfr3Q\" dir=\"ltr\"><strong>PLAZO Y PRESENTACI\u00d3N DE SOLICITUDES<\/strong><\/p>\n<\/li>\n<\/ol>\n<p class=\"CDt4Ke zfr3Q\" dir=\"ltr\">Las encuentras de participaci\u00f3n deber\u00e1n presentarse a trav\u00e9s del c\u00f3digo QR colocado en cada aula,\u00a0 al coordinador Erasmus a la direcci\u00f3n de e-mail <a href=\"pherver034@g.educaand.es\">pherver034@g.educaand.es<\/a>\u00a0<strong>antes de las 15:00h del 3 de noviembre de 2023.<\/strong><\/p>\n<\/div>\n<\/div>\n<\/div>\n<\/div>\n<\/div>\n<\/div>\n<\/div>\n<\/div>\n<\/div>\n<\/section>\n<section id=\"h.a41dc56366b15d4_38\" class=\"yaqOZd\">\n<div class=\"IFuOkc\"><\/div>\n<div class=\"mYVXT\">\n<div class=\"LS81yb VICjCf\">\n<div class=\"hJDwNd-AhqUyc-uQSCkd purZT-AhqUyc-II5mzb pSzOP-AhqUyc-qWD73c JNdkSc\">\n<div class=\"JNdkSc-SmKAyb\">\n<div class=\"\">\n<div class=\"oKdM2c Kzv0Me\">\n<div id=\"h.a41dc56366b15d4_35\" class=\"hJDwNd-AhqUyc-uQSCkd jXK9ad D2fZ2 OjCsFc wHaque GNzUNc\">\n<div class=\"jXK9ad-SmKAyb\">\n<div class=\"tyJCtd mGzaTb baZpAe\">\n<p><strong>4. M\u00c9TODO DE SELECCI\u00d3N<\/strong><\/p>\n<p class=\"CDt4Ke zfr3Q\" dir=\"ltr\">El m\u00e9todo de selecci\u00f3n que utilizaremos responder\u00e1 a los siguientes criterios:<\/p>\n<p dir=\"ltr\"><strong>Movilidades:<\/strong><\/p>\n<p class=\"CDt4Ke zfr3Q\" dir=\"ltr\">\u2013\u00a0 Alumnos que presenten situaciones de desventaja social.<\/p>\n<p class=\"CDt4Ke zfr3Q\" dir=\"ltr\">\u2013 Valoraci\u00f3n del cuestionario entregado y, en caso de considerarse necesario, entrevista personal con los responsables del Programa Erasmus+.<\/p>\n<p dir=\"ltr\">\u2013 Asistencia a clase, participaci\u00f3n en las actividades del centro\u00a0 e informe de los docentes.<\/p>\n<\/div>\n<\/div>\n<div class=\"jXK9ad-SmKAyb\">\n<p dir=\"ltr\"><strong>5. OBLIGACIONES DE LOS\/AS\u00a0 BENEFICIARIOS\/AS<\/strong><\/p>\n<p dir=\"ltr\">Los\/as beneficiarios\/as seleccionados\/as estar\u00e1n obligados a:<\/p>\n<p dir=\"ltr\">a.- Aportar en plazo y forma toda la documentaci\u00f3n requerida por la entidad coordinadora.<br \/>\nb.- De forma previa al inicio de las estancias, deber\u00e1n firmar el Documento de Aceptaci\u00f3n, en el que se compromete a participar en las estancias y a asumir los costes devengados en caso en que renunciara a participar. Estos gastos incluyen aqu\u00e9llos asociados a la preparaci\u00f3n de movilidad y todos aquellos en los que haya incurrido la entidad coordinadora, debiendo abonarlos en un plazo m\u00e1ximo de treinta d\u00edas naturales desde la fecha de renuncia.<br \/>\nd.- Firmar el Contrato de Estancias ERASMUS+, que vincula a todas las partes implicadas en el proyecto y en el que se describen detalladamente sus derechos y obligaciones.<br \/>\ne.- Participar en cuantas actividades de preparaci\u00f3n pedag\u00f3gica y cultural se organicen para la estancia en el extranjero.<br \/>\ng.- Mantener actualizados su correo electr\u00f3nico y tel\u00e9fono, as\u00ed como todos aquellos cambios de domicilio, a efectos de notificaciones, durante el per\u00edodo en el que la beca sea reglamentariamente susceptible de control (5 a\u00f1os).<br \/>\nh.- Respetar la disciplina de la empresa y\/o centro de formaci\u00f3n donde se realicen las estancias pr\u00e1cticas formativas y de observaci\u00f3n, sus horarios de trabajo, los reglamentos en vigor y las disposiciones legales relativas al secreto profesional. Muy espec\u00edficamente, respetar los protocolos de Seguridad e Higiene definidas por las entidades de acogida, en el \u00e1mbito general y en el espec\u00edfico relativo al COVID-19.<br \/>\ni.- Asumir las directrices y condiciones establecidas por la tutorizaci\u00f3n de la entidad intermediaria colaboradora, con respecto a normas de alojamiento y de asunci\u00f3n de responsabilidades para el desempe\u00f1o de la beca.<br \/>\nj.- Informar a la mayor brevedad posible de toda circunstancia que afecte al \u00f3ptimo desarrollo de la estancia.<br \/>\nk.- Participar activamente en las actuaciones de evaluaci\u00f3n y control de la estancia llevadas a cabo por los tutores de movilidad.<br \/>\nl.- Entregar, durante el mes posterior al regreso, toda aquella documentaci\u00f3n que sea requerida por la entidad coordinadora del Consorcio para la justificaci\u00f3n del proyecto.<br \/>\nm.- Colaborar en las acciones de Divulgaci\u00f3n del Proyecto, aportando material gr\u00e1fico sobre la estancia, as\u00ed como v\u00eddeos o presentaciones representativas de la experiencia vivida.<\/p>\n<\/div>\n<\/div>\n<\/div>\n<\/div>\n<\/div>\n<\/div>\n<\/div>\n<\/div>\n<\/section>\n","protected":false},"excerpt":{"rendered":"<p>El CEPer Pedro de Escavias participa en el proyecto Erasmus+ \u00ab2022-2-ES01-KA122-ADU-000091954\u00bb: Proyectos de corta duraci\u00f3n para la movilidad de estudiantes y personal de Educaci\u00f3n de Personas Adultas, cofinanciado por la Uni\u00f3n Europea. Para este&#46;&#46;&#46;<\/p>\n","protected":false},"author":8160,"featured_media":0,"parent":0,"menu_order":0,"comment_status":"closed","ping_status":"closed","template":"","meta":{"footnotes":""},"aioseo_notices":[],"_links":{"self":[{"href":"https:\/\/blogsaverroes.juntadeandalucia.es\/erasmusceperpedrodeescavias\/wp-json\/wp\/v2\/pages\/39"}],"collection":[{"href":"https:\/\/blogsaverroes.juntadeandalucia.es\/erasmusceperpedrodeescavias\/wp-json\/wp\/v2\/pages"}],"about":[{"href":"https:\/\/blogsaverroes.juntadeandalucia.es\/erasmusceperpedrodeescavias\/wp-json\/wp\/v2\/types\/page"}],"author":[{"embeddable":true,"href":"https:\/\/blogsaverroes.juntadeandalucia.es\/erasmusceperpedrodeescavias\/wp-json\/wp\/v2\/users\/8160"}],"replies":[{"embeddable":true,"href":"https:\/\/blogsaverroes.juntadeandalucia.es\/erasmusceperpedrodeescavias\/wp-json\/wp\/v2\/comments?post=39"}],"version-history":[{"count":9,"href":"https:\/\/blogsaverroes.juntadeandalucia.es\/erasmusceperpedrodeescavias\/wp-json\/wp\/v2\/pages\/39\/revisions"}],"predecessor-version":[{"id":45,"href":"https:\/\/blogsaverroes.juntadeandalucia.es\/erasmusceperpedrodeescavias\/wp-json\/wp\/v2\/pages\/39\/revisions\/45"}],"wp:attachment":[{"href":"https:\/\/blogsaverroes.juntadeandalucia.es\/erasmusceperpedrodeescavias\/wp-json\/wp\/v2\/media?parent=39"}],"curies":[{"name":"wp","href":"https:\/\/api.w.org\/{rel}","templated":true}]}}

<p>El CEPer Pedro de Escavias participa en el proyecto Erasmus+ <strong><span style="font-size: 12pt">«2022-2-ES01-KA122-ADU-000091954»: Proyectos de corta duración para la movilidad de estudiantes y personal de Educación de Personas Adultas</span></strong>, cofinanciado por la Unión Europea.</p>
<p>Para este curso 2023-2024 se convocan las siguientes movilidades:</p>
<ul>
<li>1 movilidad a Noruega,  de 5 días de Job Shadowing,  para profesorado del 11-15 de diciembre 2023.</li>
<li>1 movilidad a Turquía, 8 alumnos y 2 maestras, 5 días, (Andújar- Estambul), del 29 de enero al 2 de febrero 2024.</li>
<li>1 movilidad a Noruega,  8 alumnos y 2 maestras,  5 días, (Andújar &#8211;<span style="font-size: 12pt">Jørpeland), del 7 al 11 de mayo.</span></li>
<li>1 novilidad a Suecia, 11 alumnos y 2 maestras,  5 días, (Andújar- Ronneby), del 2 al 6 de junio.</li>
</ul>
<p>En las próximas semanas la coordinadora Erasmus+ pasará por tu aula para informar del proyecto. Si quieres participar, tienes que enviar la siguiente documentación a la dirección <a href="pherver034@g.educaand.es">pherver034@g.educaand.es</a>:</p>
<ul>
<li>Encuesta del participante. <a href="https://docs.google.com/forms/d/e/1FAIpQLSeGF7-tiWbKfMk0kHCoI56Uaq1-m0r-W-kRstQU1vxd1oOvfQ/viewform?pli=1">https://docs.google.com/forms/d/e/1FAIpQLSeGF7-tiWbKfMk0kHCoI56Uaq1-m0r-W-kRstQU1vxd1oOvfQ/viewform?pli=1</a></li>
<li>Carta motivadora.</li>
<li>Información y aceptación del programa (tiene que estar firmado, la coordinadora Erasmus te lo facilitará)</li>
<li>DNI escaneado por ambas caras</li>
</ul>
<p>Para la selección de los participantes se tendrán en cuenta los siguientes aspectos:</p>
<ul>
<li>Informe del profesorado.</li>
<li>Asistencia regular a clase.</li>
<li>Participación en las actividades del centro.</li>
</ul>
<p><strong>El plazo de presentación de solicitudes finaliza el viernes 15  de diciembre 2023.</strong></p>
<p><strong>No serán válidas las solicitudes que no incluyan toda la documentación requerida.</strong></p>
<section id="h.6d7ce5143657fd7_3" class="yaqOZd">
<div class="mYVXT">
<div class="LS81yb VICjCf">
<div class="hJDwNd-AhqUyc-uQSCkd purZT-AhqUyc-II5mzb pSzOP-AhqUyc-qWD73c JNdkSc">
<div class="JNdkSc-SmKAyb">
<div class="">
<div class="oKdM2c Kzv0Me">
<div id="h.6d7ce5143657fd7_0" class="hJDwNd-AhqUyc-uQSCkd jXK9ad D2fZ2 OjCsFc wHaque GNzUNc">
<div class="jXK9ad-SmKAyb">
<div class="tyJCtd mGzaTb baZpAe">
<p class="CDt4Ke zfr3Q" dir="ltr"><strong>BASES DE LA CONVOCATORIA</strong></p>
<ol class="n8H08c BKnRcf">
<li class="TYR86d wXCUfe zfr3Q">
<p class="CDt4Ke zfr3Q" dir="ltr"><strong>OBJETO DE LA CONVOCATORIA</strong></p>
</li>
</ol>
<p class="CDt4Ke zfr3Q" dir="ltr">En esta convocatoria se convocan las siguientes movilidades dentro del proyecto Erasmus+  «2022-2-ES01-KA122-ADU-000091954» cofinanciado por la Unión Europea</p>
<ul class="n8H08c UVNKR">
<li><span style="font-size: 12pt">1 movilidad a Noruega,  de 5 días de Job Shadowing,  para profesorado del 11-15 de diciembre 2023.</span></li>
<li><span style="font-size: 12pt">1 movilidad a Turquía, 8 alumnos y 2 maestras, 5 días, (Andújar- Estambul), del 29 de enero al 2 de febrero 2024.</span></li>
<li><span style="font-size: 12pt">1 movilidad a Noruega,  8 alumnos y 2 maestras,  5 días, (Andújar -Jørpeland), del 7 al 11 de mayo.</span></li>
<li><span style="font-size: 12pt">1 movilidad a Suecia, 11 alumnos y 2 maestras,  5 días, (Andújar- Ronneby), del 2 al 6 de junio.</span></li>
</ul>
<p class="CDt4Ke zfr3Q" dir="ltr">
</div>
<div class="tyJCtd mGzaTb baZpAe">
<ol class="n8H08c BKnRcf" start="2">
<li class="TYR86d wXCUfe zfr3Q">
<p class="CDt4Ke zfr3Q" dir="ltr"><strong>DESTINATARIOS</strong></p>
</li>
</ol>
<ul class="n8H08c UVNKR">
<li class="TYR86d wXCUfe zfr3Q">
<p class="CDt4Ke zfr3Q" dir="ltr">Movilidades: Alumnado de todo el centro.</p>
</li>
</ul>
<ol class="n8H08c BKnRcf" start="3">
<li class="TYR86d wXCUfe zfr3Q">
<p class="CDt4Ke zfr3Q" dir="ltr"><strong>PLAZO Y PRESENTACIÓN DE SOLICITUDES</strong></p>
</li>
</ol>
<p class="CDt4Ke zfr3Q" dir="ltr">Las encuentras de participación deberán presentarse a través del código QR colocado en cada aula,  al coordinador Erasmus a la dirección de e-mail <a href="pherver034@g.educaand.es">pherver034@g.educaand.es</a> <strong>antes de las 15:00h del 3 de noviembre de 2023.</strong></p>
</div>
</div>
</div>
</div>
</div>
</div>
</div>
</div>
</div>
</section>
<section id="h.a41dc56366b15d4_38" class="yaqOZd">
<div class="IFuOkc"></div>
<div class="mYVXT">
<div class="LS81yb VICjCf">
<div class="hJDwNd-AhqUyc-uQSCkd purZT-AhqUyc-II5mzb pSzOP-AhqUyc-qWD73c JNdkSc">
<div class="JNdkSc-SmKAyb">
<div class="">
<div class="oKdM2c Kzv0Me">
<div id="h.a41dc56366b15d4_35" class="hJDwNd-AhqUyc-uQSCkd jXK9ad D2fZ2 OjCsFc wHaque GNzUNc">
<div class="jXK9ad-SmKAyb">
<div class="tyJCtd mGzaTb baZpAe">
<p><strong>4. MÉTODO DE SELECCIÓN</strong></p>
<p class="CDt4Ke zfr3Q" dir="ltr">El método de selección que utilizaremos responderá a los siguientes criterios:</p>
<p dir="ltr"><strong>Movilidades:</strong></p>
<p class="CDt4Ke zfr3Q" dir="ltr">–  Alumnos que presenten situaciones de desventaja social.</p>
<p class="CDt4Ke zfr3Q" dir="ltr">– Valoración del cuestionario entregado y, en caso de considerarse necesario, entrevista personal con los responsables del Programa Erasmus+.</p>
<p dir="ltr">– Asistencia a clase, participación en las actividades del centro  e informe de los docentes.</p>
</div>
</div>
<div class="jXK9ad-SmKAyb">
<p dir="ltr"><strong>5. OBLIGACIONES DE LOS/AS  BENEFICIARIOS/AS</strong></p>
<p dir="ltr">Los/as beneficiarios/as seleccionados/as estarán obligados a:</p>
<p dir="ltr">a.- Aportar en plazo y forma toda la documentación requerida por la entidad coordinadora.<br />
b.- De forma previa al inicio de las estancias, deberán firmar el Documento de Aceptación, en el que se compromete a participar en las estancias y a asumir los costes devengados en caso en que renunciara a participar. Estos gastos incluyen aquéllos asociados a la preparación de movilidad y todos aquellos en los que haya incurrido la entidad coordinadora, debiendo abonarlos en un plazo máximo de treinta días naturales desde la fecha de renuncia.<br />
d.- Firmar el Contrato de Estancias ERASMUS+, que vincula a todas las partes implicadas en el proyecto y en el que se describen detalladamente sus derechos y obligaciones.<br />
e.- Participar en cuantas actividades de preparación pedagógica y cultural se organicen para la estancia en el extranjero.<br />
g.- Mantener actualizados su correo electrónico y teléfono, así como todos aquellos cambios de domicilio, a efectos de notificaciones, durante el período en el que la beca sea reglamentariamente susceptible de control (5 años).<br />
h.- Respetar la disciplina de la empresa y/o centro de formación donde se realicen las estancias prácticas formativas y de observación, sus horarios de trabajo, los reglamentos en vigor y las disposiciones legales relativas al secreto profesional. Muy específicamente, respetar los protocolos de Seguridad e Higiene definidas por las entidades de acogida, en el ámbito general y en el específico relativo al COVID-19.<br />
i.- Asumir las directrices y condiciones establecidas por la tutorización de la entidad intermediaria colaboradora, con respecto a normas de alojamiento y de asunción de responsabilidades para el desempeño de la beca.<br />
j.- Informar a la mayor brevedad posible de toda circunstancia que afecte al óptimo desarrollo de la estancia.<br />
k.- Participar activamente en las actuaciones de evaluación y control de la estancia llevadas a cabo por los tutores de movilidad.<br />
l.- Entregar, durante el mes posterior al regreso, toda aquella documentación que sea requerida por la entidad coordinadora del Consorcio para la justificación del proyecto.<br />
m.- Colaborar en las acciones de Divulgación del Proyecto, aportando material gráfico sobre la estancia, así como vídeos o presentaciones representativas de la experiencia vivida.</p>
</div>
</div>
</div>
</div>
</div>
</div>
</div>
</div>
</section>

<p>El CEPer Pedro de Escavias participa en el proyecto Erasmus+ «2022-2-ES01-KA122-ADU-000091954»: Proyectos de corta duración para la movilidad de estudiantes y personal de Educación de Personas Adultas, cofinanciado por la Unión Europea. Para este&#46;&#46;&#46;</p>
