{"id":36,"date":"2021-12-20T18:28:58","date_gmt":"2021-12-20T18:28:58","guid":{"rendered":"https:\/\/blogsaverroes.juntadeandalucia.es\/erasmuscsmmanuelcastillo\/?page_id=36"},"modified":"2025-12-11T16:37:01","modified_gmt":"2025-12-11T16:37:01","slug":"formularios-y-documentacion","status":"publish","type":"page","link":"https:\/\/blogsaverroes.juntadeandalucia.es\/erasmuscsmmanuelcastillo\/formularios-y-documentacion\/","title":{"rendered":"FORMULARIOS Y DOCUMENTACI\u00d3N"},"content":{"rendered":"<p><strong>CONVOCATORIA DE BECAS ERASMUS+ PARA EL CURSO 2025\/2026 MOVILIDADES DE ALUMNADO DEL CONSERVATORIO SUPERIOR DE M\u00daSICA \u00abMANUEL CASTILLO\u00bb<\/strong><\/p>\n<ul>\n<li><a href=\"https:\/\/blogsaverroes.juntadeandalucia.es\/erasmuscsmmanuelcastillo\/files\/2025\/12\/Convocatoria-alumando-Eramus-2025-26-Movilidad-estudios-.docx.pdf\" target=\"_blank\" rel=\"noopener noreferrer\">Movilidades de alumnado para estancias de estudios: TEXTO COMPLETO DE LA CONVOCATORIA para el curso 2026-27<\/a><\/li>\n<li><a href=\"https:\/\/blogsaverroes.juntadeandalucia.es\/erasmuscsmmanuelcastillo\/files\/2024\/01\/Convocatoria-Eramus-2024-25-CSM-Sevilla-Movilidad-alumnos-pr\u00e1cticas.pdf\" target=\"_blank\" rel=\"noopener noreferrer\">Movilidades de alumnado reci\u00e9n titulado para pr\u00e1cticas: TEXTO COMPLETO DE LA CONVOCATORIA<\/a><\/li>\n<\/ul>\n<p><strong>DOCUMENTACI\u00d3N ERASMUS+ ALUMNADO SALIENTE<\/strong><\/p>\n<ul>\n<li><a href=\"https:\/\/forms.gle\/qZ6FkAmyk8J3DRYW6\">Formulario Solicitud-Alunado-Estudios<\/a><\/li>\n<li><a href=\"https:\/\/forms.gle\/RyAeP7zaSrMj6bW89\">Formulario-Solicitud Alumnado-Pr\u00e1cticas<\/a><\/li>\n<li><a href=\"https:\/\/blogsaverroes.juntadeandalucia.es\/erasmuscsmmanuelcastillo\/files\/2023\/01\/Documentaci\u00f3n-Erasmus.-Alumnado-Estudios-Learning-Agreement.docx\">Learning agreement for Studies<\/a><\/li>\n<li><a href=\"https:\/\/learning-agreement.eu\">Online Learning Agreement OLA&nbsp;<\/a><\/li>\n<li><a href=\"https:\/\/blogsaverroes.juntadeandalucia.es\/erasmuscsmmanuelcastillo\/files\/2021\/12\/Learning-agreement-for-Traineeships-2020-SEPIE.docx\">Learning agreement for Traineeships<\/a><\/li>\n<li><a href=\"https:\/\/blogsaverroes.juntadeandalucia.es\/erasmuscsmmanuelcastillo\/files\/2021\/12\/Student-Application-Form-AEC.docx\">Student Application Form<\/a><\/li>\n<\/ul>\n","protected":false},"excerpt":{"rendered":"<p>CONVOCATORIA DE BECAS ERASMUS+ PARA EL CURSO 2025\/2026 MOVILIDADES DE ALUMNADO DEL CONSERVATORIO SUPERIOR DE M\u00daSICA \u00abMANUEL CASTILLO\u00bb Movilidades de alumnado para estancias de estudios: TEXTO COMPLETO DE LA CONVOCATORIA para el curso 2026-27 Movilidades de alumnado reci\u00e9n titulado para pr\u00e1cticas: TEXTO COMPLETO DE LA CONVOCATORIA DOCUMENTACI\u00d3N ERASMUS+ ALUMNADO SALIENTE Formulario Solicitud-Alunado-Estudios Formulario-Solicitud Alumnado-Pr\u00e1cticas Learning &hellip; <a href=\"https:\/\/blogsaverroes.juntadeandalucia.es\/erasmuscsmmanuelcastillo\/formularios-y-documentacion\/\" class=\"more-link\">Sigue leyendo <span class=\"screen-reader-text\">FORMULARIOS Y DOCUMENTACI\u00d3N<\/span><\/a><\/p>\n","protected":false},"author":14218,"featured_media":0,"parent":0,"menu_order":0,"comment_status":"closed","ping_status":"closed","template":"","meta":{"ngg_post_thumbnail":0,"footnotes":""},"aioseo_notices":[],"_links":{"self":[{"href":"https:\/\/blogsaverroes.juntadeandalucia.es\/erasmuscsmmanuelcastillo\/wp-json\/wp\/v2\/pages\/36"}],"collection":[{"href":"https:\/\/blogsaverroes.juntadeandalucia.es\/erasmuscsmmanuelcastillo\/wp-json\/wp\/v2\/pages"}],"about":[{"href":"https:\/\/blogsaverroes.juntadeandalucia.es\/erasmuscsmmanuelcastillo\/wp-json\/wp\/v2\/types\/page"}],"author":[{"embeddable":true,"href":"https:\/\/blogsaverroes.juntadeandalucia.es\/erasmuscsmmanuelcastillo\/wp-json\/wp\/v2\/users\/14218"}],"replies":[{"embeddable":true,"href":"https:\/\/blogsaverroes.juntadeandalucia.es\/erasmuscsmmanuelcastillo\/wp-json\/wp\/v2\/comments?post=36"}],"version-history":[{"count":27,"href":"https:\/\/blogsaverroes.juntadeandalucia.es\/erasmuscsmmanuelcastillo\/wp-json\/wp\/v2\/pages\/36\/revisions"}],"predecessor-version":[{"id":228,"href":"https:\/\/blogsaverroes.juntadeandalucia.es\/erasmuscsmmanuelcastillo\/wp-json\/wp\/v2\/pages\/36\/revisions\/228"}],"wp:attachment":[{"href":"https:\/\/blogsaverroes.juntadeandalucia.es\/erasmuscsmmanuelcastillo\/wp-json\/wp\/v2\/media?parent=36"}],"curies":[{"name":"wp","href":"https:\/\/api.w.org\/{rel}","templated":true}]}}