{"id":173,"date":"2020-05-21T14:19:25","date_gmt":"2020-05-21T12:19:25","guid":{"rendered":"https:\/\/blogsaverroes.juntadeandalucia.es\/erasmusescolariesramonycajal\/?page_id=173"},"modified":"2022-10-02T20:06:49","modified_gmt":"2022-10-02T18:06:49","slug":"curso-formacion-nuevas-tecnologias-metodologias-finlandia","status":"publish","type":"page","link":"https:\/\/blogsaverroes.juntadeandalucia.es\/erasmusescolariesramonycajal\/movilidades\/curso-formacion-nuevas-tecnologias-metodologias-finlandia\/","title":{"rendered":"Finlandia &#8211; Interactive ICT-Based and Web Tools"},"content":{"rendered":"<table style=\"width: 100%;border-color: #120505;background-color: #a8edd3;border-style: solid\">\n<tbody>\n<tr>\n<td style=\"width: 937.8px\" colspan=\"2\">\n<p style=\"text-align: center\"><img loading=\"lazy\" decoding=\"async\" class=\"wp-image-332 alignleft\" style=\"text-align: start\" src=\"https:\/\/blogsaverroes.juntadeandalucia.es\/erasmusescolariesramonycajal\/files\/2021\/05\/descarga.jpg\" alt=\"\" width=\"110\" height=\"77\"><\/p>\n<p>&nbsp;<\/p>\n<p style=\"text-align: center\"><span style=\"font-size: 14pt\"><strong>FINLAN<\/strong><\/span><span style=\"font-size: 14pt\"><strong>D \u2013&nbsp;<\/strong><b>INTERACTIVE ICT-BASED AND WEB TOOLS FOR AN EFFECTIVE BLENDED, FLIPPED AND COOPERATIVE LEARNING \u2013 4-8 JULY, 2022<\/b><\/span><\/p>\n<\/td>\n<\/tr>\n<tr>\n<td style=\"text-align: center;width: 937.8px\" colspan=\"2\">&nbsp;<\/p>\n<p><strong><b>Mar\u00eda Inmaculada Montosa Rueda &#8211; Profesora de F\u00edsica y Qu\u00edmica y Jefa de Estudios<\/b><\/strong><\/p>\n<p><img loading=\"lazy\" decoding=\"async\" class=\"alignnone wp-image-657\" src=\"https:\/\/blogsaverroes.juntadeandalucia.es\/erasmusescolariesramonycajal\/files\/2022\/10\/4-1024x766.jpeg\" alt=\"\" width=\"379\" height=\"284\" srcset=\"https:\/\/blogsaverroes.juntadeandalucia.es\/erasmusescolariesramonycajal\/files\/2022\/10\/4-1024x766.jpeg 1024w, https:\/\/blogsaverroes.juntadeandalucia.es\/erasmusescolariesramonycajal\/files\/2022\/10\/4-300x225.jpeg 300w, https:\/\/blogsaverroes.juntadeandalucia.es\/erasmusescolariesramonycajal\/files\/2022\/10\/4-768x575.jpeg 768w, https:\/\/blogsaverroes.juntadeandalucia.es\/erasmusescolariesramonycajal\/files\/2022\/10\/4.jpeg 1296w\" sizes=\"(max-width: 379px) 100vw, 379px\" \/><\/p>\n<p>&nbsp;<\/td>\n<\/tr>\n<tr>\n<td style=\"text-align: center;width: 937.8px\" colspan=\"2\"><strong>DESCRIPCI\u00d3N Y OBJETIVOS DEL CURSO<img loading=\"lazy\" decoding=\"async\" class=\"wp-image-658 alignright\" src=\"https:\/\/blogsaverroes.juntadeandalucia.es\/erasmusescolariesramonycajal\/files\/2022\/10\/1-1024x768.jpeg\" alt=\"\" width=\"295\" height=\"221\" srcset=\"https:\/\/blogsaverroes.juntadeandalucia.es\/erasmusescolariesramonycajal\/files\/2022\/10\/1-1024x768.jpeg 1024w, https:\/\/blogsaverroes.juntadeandalucia.es\/erasmusescolariesramonycajal\/files\/2022\/10\/1-300x225.jpeg 300w, https:\/\/blogsaverroes.juntadeandalucia.es\/erasmusescolariesramonycajal\/files\/2022\/10\/1-768x576.jpeg 768w, https:\/\/blogsaverroes.juntadeandalucia.es\/erasmusescolariesramonycajal\/files\/2022\/10\/1.jpeg 1448w\" sizes=\"(max-width: 295px) 100vw, 295px\" \/><\/strong><\/p>\n<p><span style=\"font-weight: 400\">El curso est\u00e1 dirigido a docentes de distintas materias y niveles educativos que deseen descubrir nuevos entornos de aprendizajes virtuales para introducir contenidos y actividades interactivas en sus lecciones para fomentar la imaginaci\u00f3n y la creatividad de los alumnos y promover el proceso de indagaci\u00f3n, acci\u00f3n y reflexi\u00f3n.<\/span><\/p>\n<p>&nbsp;<\/p>\n<p><span style=\"font-weight: 400\">Su principal objetivo es apoyar a los profesores y maestros para adaptar sus lecciones a la transformaci\u00f3n digital y los desaf\u00edos del siglo XXI en la educaci\u00f3n digital.<\/span><\/p>\n<p><span style=\"font-weight: 400\">El curso se ha desarrollado en Helsinki (Finlandia) organizado por ENJOY ITALY, organizaci\u00f3n especializada en metodolog\u00edas y herramientas innovadoras en la educaci\u00f3n.&nbsp;<\/span><\/p>\n<p>&nbsp;<\/p>\n<p><b>Objetivos del curso:<\/b><\/p>\n<p><span style=\"font-weight: 400\">1.- Tomar conciencia de los temas claves relacionados con la alfabetizaci\u00f3n digital en la educaci\u00f3n.&nbsp;<\/span><\/p>\n<p><span style=\"font-weight: 400\">2.- Reflexionar, discutir y revisar la ense\u00f1anza y el aprendizaje mixto, invertido y cooperativo mediante la integraci\u00f3n de tecnolog\u00eda y herramientas web.&nbsp;<\/span><\/p>\n<p><span style=\"font-weight: 400\">3.- Inspirarse en las mejores pr\u00e1cticas sobre c\u00f3mo las TIC pueden mejorar la motivaci\u00f3n, la participaci\u00f3n, el esp\u00edritu empresarial y el aprendizaje de los estudiantes.&nbsp;<\/span><\/p>\n<p><span style=\"font-weight: 400\">4.- Mejorar las habilidades digitales trabajando con una gama de herramientas, software y programas interesantes para la ense\u00f1anza y el aprendizaje.&nbsp;<\/span><\/p>\n<p><span style=\"font-weight: 400\">5.- Dise\u00f1ar y desarrollar proyectos did\u00e1cticos concretos (contenidos multimedia, recursos y lecciones semipresenciales) para su aplicaci\u00f3n en el aula.&nbsp;<\/span><\/p>\n<p>&nbsp;<\/td>\n<\/tr>\n<tr>\n<td style=\"width: 937.8px;text-align: center\" colspan=\"2\"><strong>PLAN DE TRABAJO<\/strong><\/p>\n<p><span style=\"font-weight: 400\">El curso se ha realizado en tres jornadas de ma\u00f1ana y dos de tarde, en funci\u00f3n de los contenidos espec\u00edficos de cada sesi\u00f3n formativa, fomentando la cooperaci\u00f3n pr\u00e1ctica y el intercambio de experiencias did\u00e1cticas entre los participantes.&nbsp;<\/span><\/p>\n<p>&nbsp;<\/p>\n<p style=\"text-align: left\"><span style=\"font-weight: 400\">Day 1: Finland &#8211; History &amp; Culture&nbsp;<\/span><\/p>\n<ul>\n<li style=\"text-align: left\"><span style=\"font-weight: 400\"> Cultural visit of the city centre, together with a professional tour leader<\/span><\/li>\n<\/ul>\n<p>&nbsp;<\/p>\n<p style=\"text-align: left\"><span style=\"font-weight: 400\">Day 2: Welcome<\/span><\/p>\n<ul style=\"text-align: left\">\n<li><span style=\"font-weight: 400\"> Presentation of the course and participants<\/span><\/li>\n<li><span style=\"font-weight: 400\"> Brainstorming and team building<\/span><\/li>\n<li><span style=\"font-weight: 400\"> Key competences and soft skills for the 21st Century: an interactive introduction<\/span><\/li>\n<li><span style=\"font-weight: 400\"> Cooperative learning, blended learning and flipped classroom in Europe: features, values and best practices<\/span><\/li>\n<\/ul>\n<p style=\"text-align: left\">&nbsp;<\/p>\n<p style=\"text-align: left\"><span style=\"font-weight: 400\">Day 3: Digital storytelling &amp; multimedia teaching contents<\/span><\/p>\n<ul>\n<li style=\"text-align: left\"><span style=\"font-weight: 400\"> Video-editing for teaching<\/span><\/li>\n<li style=\"text-align: left\"><span style=\"font-weight: 400\"> Create a video-story<\/span><\/li>\n<li style=\"text-align: left\"><span style=\"font-weight: 400\"> Create an interactive video-lesson<\/span><\/li>\n<li style=\"text-align: left\"><span style=\"font-weight: 400\"> Create a digital, multimedial book<\/span><\/li>\n<li style=\"text-align: left\"><span style=\"font-weight: 400\"> Web-pages and comic-strips<\/span><\/li>\n<li style=\"text-align: left\"><span style=\"font-weight: 400\"> Practical laboratory: step-by-step process and guidance.<\/span><\/li>\n<\/ul>\n<p style=\"text-align: left\">&nbsp;<\/p>\n<p style=\"text-align: left\"><span style=\"font-weight: 400\">Day 4: Blended learning in practice<\/span><\/p>\n<ul>\n<li style=\"text-align: left\"><span style=\"font-weight: 400\"> Create a blended, digital lesson<\/span><\/li>\n<li style=\"text-align: left\"><span style=\"font-weight: 400\"> Summarize your learning contents: infographics, mind maps and more<\/span><\/li>\n<li style=\"text-align: left\"><span style=\"font-weight: 400\"> Web-based learning platforms and resources<\/span><\/li>\n<li style=\"text-align: left\"><span style=\"font-weight: 400\"> Exploring the best assessment and evaluation tools<\/span><\/li>\n<li style=\"text-align: left\"><span style=\"font-weight: 400\"> Practical laboratory: step-by-step process and guidance.<\/span><\/li>\n<\/ul>\n<p>&nbsp;<\/p>\n<p style=\"text-align: left\"><span style=\"font-weight: 400\">Day 5: Collaboration, creativity and problem-solving<\/span><\/p>\n<ul style=\"text-align: left\">\n<li><span style=\"font-weight: 400\"> Websites, web-wares, mobile apps and electronic products for teaching and learning: an overview<\/span><\/li>\n<li><span style=\"font-weight: 400\"> Collaborative web tools<\/span><\/li>\n<li><span style=\"font-weight: 400\"> Gamification for teaching: features and practical tools<\/span><\/li>\n<li><span style=\"font-weight: 400\"> Live digital assessment tools<\/span><\/li>\n<li><span style=\"font-weight: 400\"> Practical laboratory: step-by-step process and guidance.<\/span><\/li>\n<\/ul>\n<p style=\"text-align: left\"><span style=\"font-weight: 400\">&#8212; Planning the follow up: future projects together<\/span><\/p>\n<p style=\"text-align: left\"><span style=\"font-weight: 400\">&#8211; Course evaluation &amp; releasing of official course certifications.<\/span><\/p>\n<p style=\"text-align: left\">&nbsp;<\/p>\n<p><span style=\"font-weight: 400\">Las plataformas educativas y herramientas digitales que se han trabajado en el curso son:<\/span><\/p>\n<ul>\n<li style=\"font-weight: 400;text-align: left\"><span style=\"font-weight: 400\">Edmodo<\/span><\/li>\n<li style=\"font-weight: 400;text-align: left\"><span style=\"font-weight: 400\">Book Creator<\/span><\/li>\n<li style=\"font-weight: 400;text-align: left\"><span style=\"font-weight: 400\">Google Slides<\/span><\/li>\n<li style=\"font-weight: 400;text-align: left\"><span style=\"font-weight: 400\">Blendspace<\/span><\/li>\n<li style=\"font-weight: 400;text-align: left\"><span style=\"font-weight: 400\">Nearpod<\/span><img loading=\"lazy\" decoding=\"async\" class=\"wp-image-659 alignright\" src=\"https:\/\/blogsaverroes.juntadeandalucia.es\/erasmusescolariesramonycajal\/files\/2022\/10\/3-1024x766.jpeg\" alt=\"\" width=\"425\" height=\"318\" srcset=\"https:\/\/blogsaverroes.juntadeandalucia.es\/erasmusescolariesramonycajal\/files\/2022\/10\/3-1024x766.jpeg 1024w, https:\/\/blogsaverroes.juntadeandalucia.es\/erasmusescolariesramonycajal\/files\/2022\/10\/3-300x225.jpeg 300w, https:\/\/blogsaverroes.juntadeandalucia.es\/erasmusescolariesramonycajal\/files\/2022\/10\/3-768x575.jpeg 768w, https:\/\/blogsaverroes.juntadeandalucia.es\/erasmusescolariesramonycajal\/files\/2022\/10\/3.jpeg 1296w\" sizes=\"(max-width: 425px) 100vw, 425px\" \/><\/li>\n<li style=\"font-weight: 400;text-align: left\"><span style=\"font-family: inherit;font-size: inherit\">Quizizz<\/span><\/li>\n<\/ul>\n<ul>\n<li style=\"font-weight: 400;text-align: left\"><span style=\"font-weight: 400\">Padlet<\/span><\/li>\n<li style=\"font-weight: 400;text-align: left\"><span style=\"font-weight: 400\">Canva<\/span><\/li>\n<li style=\"font-weight: 400;text-align: left\"><span style=\"font-weight: 400\">Genially<\/span><\/li>\n<li style=\"font-weight: 400;text-align: left\"><span style=\"font-weight: 400\">Storyboard That<\/span><\/li>\n<li style=\"font-weight: 400;text-align: left\"><span style=\"font-weight: 400\">Coggle<\/span><\/li>\n<li style=\"font-weight: 400;text-align: left\"><span style=\"font-weight: 400\">Popplet<\/span><\/li>\n<li style=\"font-weight: 400;text-align: left\"><span style=\"font-weight: 400\">Wordwall<\/span><\/li>\n<li style=\"font-weight: 400;text-align: left\"><span style=\"font-weight: 400\">Quizlet<\/span><\/li>\n<li style=\"font-weight: 400;text-align: left\"><span style=\"font-weight: 400\">Edpuzzle<\/span><\/li>\n<li style=\"font-weight: 400;text-align: left\"><span style=\"font-weight: 400\">Simpleshow video maker<\/span><\/li>\n<li style=\"font-weight: 400;text-align: left\"><span style=\"font-weight: 400\">Storyjumper<\/span><\/li>\n<\/ul>\n<p style=\"text-align: left\">&nbsp;<\/p>\n<p style=\"text-align: left\">&nbsp;<\/p>\n<\/td>\n<\/tr>\n<tr>\n<td style=\"width: 937.8px;text-align: center\" colspan=\"2\"><strong>VALORACI\u00d3N<\/strong><\/p>\n<p><span style=\"font-weight: 400\">El curso ha&nbsp; tenido un planteamiento pr\u00e1ctico de transformaci\u00f3n digital en el aula, tanto en el aprendizaje, como en la cooperaci\u00f3n virtual. Nos han proporcionado nuevas herramientas educativas muy \u00fatiles y motivadoras para aplicarlas con nuestro alumnado. En todo momento, hemos trabajado de forma cooperativa y a trav\u00e9s de proyectos haciendo que el aprendizaje sea m\u00e1s significativo y enriquecedor.<\/span><\/p>\n<p>&nbsp;<\/p>\n<p><span style=\"font-weight: 400\">El profesor, Alessandro Galdeano, ha tenido mucha paciencia para adaptarse al nivel de partida de cada participante y ense\u00f1arnos de forma pr\u00e1ctica c\u00f3mo sacar provecho a las distintas plataformas y herramientas digitales en nuestra pr\u00e1ctica docente. Asimismo, ha facilitado la interacci\u00f3n y cohesi\u00f3n del grupo favoreciendo la internalizaci\u00f3n e interculturalidad entre los participantes.&nbsp;<\/span><\/p>\n<p>&nbsp;<\/p>\n<p><span style=\"font-weight: 400\">Por \u00faltimo, el curso me ha brindado la posibilidad de intercambiar las mejores pr\u00e1cticas docentes y conocimientos con profesores de distintos pa\u00edses europeos, como Alemania, Italia, Polonia, Grecia, Croacia, Rep\u00fablica Checa, Malta y Espa\u00f1a, as\u00ed como emprender nuevos proyectos en el futuro que permita la internalizaci\u00f3n con nuestro alumnado.<\/span><\/p>\n<p><img loading=\"lazy\" decoding=\"async\" class=\"alignnone wp-image-660\" src=\"https:\/\/blogsaverroes.juntadeandalucia.es\/erasmusescolariesramonycajal\/files\/2022\/10\/7-1024x768.jpeg\" alt=\"\" width=\"366\" height=\"274\" srcset=\"https:\/\/blogsaverroes.juntadeandalucia.es\/erasmusescolariesramonycajal\/files\/2022\/10\/7-1024x768.jpeg 1024w, https:\/\/blogsaverroes.juntadeandalucia.es\/erasmusescolariesramonycajal\/files\/2022\/10\/7-300x225.jpeg 300w, https:\/\/blogsaverroes.juntadeandalucia.es\/erasmusescolariesramonycajal\/files\/2022\/10\/7-768x576.jpeg 768w, https:\/\/blogsaverroes.juntadeandalucia.es\/erasmusescolariesramonycajal\/files\/2022\/10\/7.jpeg 1448w\" sizes=\"(max-width: 366px) 100vw, 366px\" \/><\/p>\n<p><img loading=\"lazy\" decoding=\"async\" class=\"alignnone wp-image-661\" src=\"https:\/\/blogsaverroes.juntadeandalucia.es\/erasmusescolariesramonycajal\/files\/2022\/10\/6-1024x768.jpeg\" alt=\"\" width=\"652\" height=\"489\" srcset=\"https:\/\/blogsaverroes.juntadeandalucia.es\/erasmusescolariesramonycajal\/files\/2022\/10\/6-1024x768.jpeg 1024w, https:\/\/blogsaverroes.juntadeandalucia.es\/erasmusescolariesramonycajal\/files\/2022\/10\/6-300x225.jpeg 300w, https:\/\/blogsaverroes.juntadeandalucia.es\/erasmusescolariesramonycajal\/files\/2022\/10\/6-768x576.jpeg 768w, https:\/\/blogsaverroes.juntadeandalucia.es\/erasmusescolariesramonycajal\/files\/2022\/10\/6.jpeg 1448w\" sizes=\"(max-width: 652px) 100vw, 652px\" \/><\/p>\n<p>&nbsp;<\/td>\n<\/tr>\n<\/tbody>\n<\/table>\n","protected":false},"excerpt":{"rendered":"<p>&nbsp; FINLAND \u2013&nbsp;INTERACTIVE ICT-BASED AND WEB TOOLS FOR AN EFFECTIVE BLENDED, FLIPPED AND COOPERATIVE LEARNING \u2013 4-8 JULY, 2022 &nbsp; Mar\u00eda Inmaculada Montosa Rueda &#8211; Profesora de F\u00edsica y Qu\u00edmica y Jefa de Estudios&#46;&#46;&#46;<\/p>\n","protected":false},"author":2391,"featured_media":0,"parent":30,"menu_order":6,"comment_status":"closed","ping_status":"closed","template":"","meta":{"ngg_post_thumbnail":0,"footnotes":""},"aioseo_notices":[],"_links":{"self":[{"href":"https:\/\/blogsaverroes.juntadeandalucia.es\/erasmusescolariesramonycajal\/wp-json\/wp\/v2\/pages\/173"}],"collection":[{"href":"https:\/\/blogsaverroes.juntadeandalucia.es\/erasmusescolariesramonycajal\/wp-json\/wp\/v2\/pages"}],"about":[{"href":"https:\/\/blogsaverroes.juntadeandalucia.es\/erasmusescolariesramonycajal\/wp-json\/wp\/v2\/types\/page"}],"author":[{"embeddable":true,"href":"https:\/\/blogsaverroes.juntadeandalucia.es\/erasmusescolariesramonycajal\/wp-json\/wp\/v2\/users\/2391"}],"replies":[{"embeddable":true,"href":"https:\/\/blogsaverroes.juntadeandalucia.es\/erasmusescolariesramonycajal\/wp-json\/wp\/v2\/comments?post=173"}],"version-history":[{"count":14,"href":"https:\/\/blogsaverroes.juntadeandalucia.es\/erasmusescolariesramonycajal\/wp-json\/wp\/v2\/pages\/173\/revisions"}],"predecessor-version":[{"id":662,"href":"https:\/\/blogsaverroes.juntadeandalucia.es\/erasmusescolariesramonycajal\/wp-json\/wp\/v2\/pages\/173\/revisions\/662"}],"up":[{"embeddable":true,"href":"https:\/\/blogsaverroes.juntadeandalucia.es\/erasmusescolariesramonycajal\/wp-json\/wp\/v2\/pages\/30"}],"wp:attachment":[{"href":"https:\/\/blogsaverroes.juntadeandalucia.es\/erasmusescolariesramonycajal\/wp-json\/wp\/v2\/media?parent=173"}],"curies":[{"name":"wp","href":"https:\/\/api.w.org\/{rel}","templated":true}]}}