{"id":272,"date":"2021-04-26T20:50:16","date_gmt":"2021-04-26T18:50:16","guid":{"rendered":"https:\/\/blogsaverroes.juntadeandalucia.es\/erasmusescolariesramonycajal\/?page_id=272"},"modified":"2022-05-26T20:33:03","modified_gmt":"2022-05-26T18:33:03","slug":"eventos-erasmus","status":"publish","type":"page","link":"https:\/\/blogsaverroes.juntadeandalucia.es\/erasmusescolariesramonycajal\/eventos-erasmus\/","title":{"rendered":"EVENTOS ERASMUS"},"content":{"rendered":"<table style=\"height: 532px;width: 100%;border-collapse: collapse;border-style: solid;border-color: #000000;background-color: #a8edd3\">\n<tbody>\n<tr style=\"height: 202px\">\n<td style=\"width: 38.6196%;height: 202px\">\n<p style=\"text-align: center\">&nbsp;<\/p>\n<p style=\"text-align: center\"><strong>JORNADA INICIAL EN MADRID<\/strong><\/p>\n<p style=\"text-align: center\"><strong>Diciembre 2019<\/strong><\/p>\n<\/td>\n<td style=\"width: 61.3804%;height: 202px\"><img loading=\"lazy\" decoding=\"async\" class=\"wp-image-277 alignleft\" src=\"https:\/\/blogsaverroes.juntadeandalucia.es\/erasmusescolariesramonycajal\/files\/2021\/04\/Jornada-SEPIE-Madrid.png\" alt=\"\" width=\"180\" height=\"171\" srcset=\"https:\/\/blogsaverroes.juntadeandalucia.es\/erasmusescolariesramonycajal\/files\/2021\/04\/Jornada-SEPIE-Madrid.png 644w, https:\/\/blogsaverroes.juntadeandalucia.es\/erasmusescolariesramonycajal\/files\/2021\/04\/Jornada-SEPIE-Madrid-300x284.png 300w\" sizes=\"(max-width: 180px) 100vw, 180px\" \/><\/p>\n<p>Raquel Palomo, coordinadora Erasmus +, acude a las jornadas iniciales que SEPIE ofrece a todos los nuevos proyectos aprobados en diciembre de 2019.<\/td>\n<\/tr>\n<tr style=\"height: 282px\">\n<td style=\"width: 38.6196%;height: 282px\" rowspan=\"2\">&nbsp;<\/p>\n<p style=\"text-align: center\"><strong>CONCURSO LOGO ERASMUS +<\/strong><\/p>\n<p style=\"text-align: center\"><strong>Enero 2020<\/strong><\/p>\n<p>&nbsp;<\/p>\n<p>&nbsp;<\/td>\n<td style=\"width: 61.3804%;height: 282px\"><img loading=\"lazy\" decoding=\"async\" class=\"wp-image-278 alignleft\" src=\"https:\/\/blogsaverroes.juntadeandalucia.es\/erasmusescolariesramonycajal\/files\/2021\/04\/Concurso-Logo.png\" alt=\"\" width=\"160\" height=\"235\" srcset=\"https:\/\/blogsaverroes.juntadeandalucia.es\/erasmusescolariesramonycajal\/files\/2021\/04\/Concurso-Logo.png 280w, https:\/\/blogsaverroes.juntadeandalucia.es\/erasmusescolariesramonycajal\/files\/2021\/04\/Concurso-Logo-204x300.png 204w\" sizes=\"(max-width: 160px) 100vw, 160px\" \/><\/p>\n<p>&nbsp;<\/p>\n<p>Concurso organizado por el Equipo Erasmus en colaboraci\u00f3n con el Departamento de Dibujo que da claras directrices a todo el alumnado de nuestro centro.<\/p>\n<p>&nbsp;<\/td>\n<\/tr>\n<tr style=\"height: 24px\">\n<td style=\"width: 61.3804%;height: 24px\"><strong>LOGOS FINALISTAS<\/strong><\/p>\n<p><img loading=\"lazy\" decoding=\"async\" class=\"wp-image-286 alignnone\" src=\"https:\/\/blogsaverroes.juntadeandalucia.es\/erasmusescolariesramonycajal\/files\/2021\/05\/Logo-1.png\" alt=\"\" width=\"124\" height=\"124\" srcset=\"https:\/\/blogsaverroes.juntadeandalucia.es\/erasmusescolariesramonycajal\/files\/2021\/05\/Logo-1.png 500w, https:\/\/blogsaverroes.juntadeandalucia.es\/erasmusescolariesramonycajal\/files\/2021\/05\/Logo-1-300x300.png 300w, https:\/\/blogsaverroes.juntadeandalucia.es\/erasmusescolariesramonycajal\/files\/2021\/05\/Logo-1-150x150.png 150w\" sizes=\"(max-width: 124px) 100vw, 124px\" \/><img loading=\"lazy\" decoding=\"async\" class=\"alignnone wp-image-287\" src=\"https:\/\/blogsaverroes.juntadeandalucia.es\/erasmusescolariesramonycajal\/files\/2021\/05\/Logo-2.png\" alt=\"\" width=\"117\" height=\"117\" srcset=\"https:\/\/blogsaverroes.juntadeandalucia.es\/erasmusescolariesramonycajal\/files\/2021\/05\/Logo-2.png 500w, https:\/\/blogsaverroes.juntadeandalucia.es\/erasmusescolariesramonycajal\/files\/2021\/05\/Logo-2-300x300.png 300w, https:\/\/blogsaverroes.juntadeandalucia.es\/erasmusescolariesramonycajal\/files\/2021\/05\/Logo-2-150x150.png 150w\" sizes=\"(max-width: 117px) 100vw, 117px\" \/><img loading=\"lazy\" decoding=\"async\" class=\"alignnone wp-image-288\" src=\"https:\/\/blogsaverroes.juntadeandalucia.es\/erasmusescolariesramonycajal\/files\/2021\/05\/Logo-3.png\" alt=\"\" width=\"119\" height=\"119\" srcset=\"https:\/\/blogsaverroes.juntadeandalucia.es\/erasmusescolariesramonycajal\/files\/2021\/05\/Logo-3.png 500w, https:\/\/blogsaverroes.juntadeandalucia.es\/erasmusescolariesramonycajal\/files\/2021\/05\/Logo-3-300x300.png 300w, https:\/\/blogsaverroes.juntadeandalucia.es\/erasmusescolariesramonycajal\/files\/2021\/05\/Logo-3-150x150.png 150w\" sizes=\"(max-width: 119px) 100vw, 119px\" \/><img loading=\"lazy\" decoding=\"async\" class=\"alignnone wp-image-289\" src=\"https:\/\/blogsaverroes.juntadeandalucia.es\/erasmusescolariesramonycajal\/files\/2021\/05\/Logo-4.png\" alt=\"\" width=\"115\" height=\"115\" srcset=\"https:\/\/blogsaverroes.juntadeandalucia.es\/erasmusescolariesramonycajal\/files\/2021\/05\/Logo-4.png 500w, https:\/\/blogsaverroes.juntadeandalucia.es\/erasmusescolariesramonycajal\/files\/2021\/05\/Logo-4-300x300.png 300w, https:\/\/blogsaverroes.juntadeandalucia.es\/erasmusescolariesramonycajal\/files\/2021\/05\/Logo-4-150x150.png 150w\" sizes=\"(max-width: 115px) 100vw, 115px\" \/><img loading=\"lazy\" decoding=\"async\" class=\"alignnone wp-image-290\" src=\"https:\/\/blogsaverroes.juntadeandalucia.es\/erasmusescolariesramonycajal\/files\/2021\/05\/Logo-5.png\" alt=\"\" width=\"119\" height=\"168\" srcset=\"https:\/\/blogsaverroes.juntadeandalucia.es\/erasmusescolariesramonycajal\/files\/2021\/05\/Logo-5.png 400w, https:\/\/blogsaverroes.juntadeandalucia.es\/erasmusescolariesramonycajal\/files\/2021\/05\/Logo-5-212x300.png 212w\" sizes=\"(max-width: 119px) 100vw, 119px\" \/><img loading=\"lazy\" decoding=\"async\" class=\"alignnone wp-image-291\" src=\"https:\/\/blogsaverroes.juntadeandalucia.es\/erasmusescolariesramonycajal\/files\/2021\/05\/Logo-6.png\" alt=\"\" width=\"166\" height=\"166\" srcset=\"https:\/\/blogsaverroes.juntadeandalucia.es\/erasmusescolariesramonycajal\/files\/2021\/05\/Logo-6.png 500w, https:\/\/blogsaverroes.juntadeandalucia.es\/erasmusescolariesramonycajal\/files\/2021\/05\/Logo-6-300x300.png 300w, https:\/\/blogsaverroes.juntadeandalucia.es\/erasmusescolariesramonycajal\/files\/2021\/05\/Logo-6-150x150.png 150w\" sizes=\"(max-width: 166px) 100vw, 166px\" \/><img loading=\"lazy\" decoding=\"async\" class=\"alignnone wp-image-292\" src=\"https:\/\/blogsaverroes.juntadeandalucia.es\/erasmusescolariesramonycajal\/files\/2021\/05\/Logo-7.png\" alt=\"\" width=\"161\" height=\"161\" srcset=\"https:\/\/blogsaverroes.juntadeandalucia.es\/erasmusescolariesramonycajal\/files\/2021\/05\/Logo-7.png 500w, https:\/\/blogsaverroes.juntadeandalucia.es\/erasmusescolariesramonycajal\/files\/2021\/05\/Logo-7-300x300.png 300w, https:\/\/blogsaverroes.juntadeandalucia.es\/erasmusescolariesramonycajal\/files\/2021\/05\/Logo-7-150x150.png 150w\" sizes=\"(max-width: 161px) 100vw, 161px\" \/><img loading=\"lazy\" decoding=\"async\" class=\"alignnone wp-image-293\" src=\"https:\/\/blogsaverroes.juntadeandalucia.es\/erasmusescolariesramonycajal\/files\/2021\/05\/Logo-8-715x1024.jpeg\" alt=\"\" width=\"159\" height=\"228\" srcset=\"https:\/\/blogsaverroes.juntadeandalucia.es\/erasmusescolariesramonycajal\/files\/2021\/05\/Logo-8-715x1024.jpeg 715w, https:\/\/blogsaverroes.juntadeandalucia.es\/erasmusescolariesramonycajal\/files\/2021\/05\/Logo-8-209x300.jpeg 209w, https:\/\/blogsaverroes.juntadeandalucia.es\/erasmusescolariesramonycajal\/files\/2021\/05\/Logo-8-768x1100.jpeg 768w, https:\/\/blogsaverroes.juntadeandalucia.es\/erasmusescolariesramonycajal\/files\/2021\/05\/Logo-8.jpeg 975w\" sizes=\"(max-width: 159px) 100vw, 159px\" \/><\/td>\n<\/tr>\n<tr style=\"height: 24px\">\n<td style=\"width: 38.6196%;height: 24px\">\n<p style=\"text-align: center\"><strong>ENTREGA DE PREMIOS<\/strong><\/p>\n<p style=\"text-align: center\"><strong>LOGO GANADOR<\/strong><\/p>\n<p>&nbsp;<\/td>\n<td style=\"width: 61.3804%;height: 24px\"><img loading=\"lazy\" decoding=\"async\" class=\"wp-image-282 alignleft\" src=\"https:\/\/blogsaverroes.juntadeandalucia.es\/erasmusescolariesramonycajal\/files\/2021\/04\/Entrega-premios.jpg\" alt=\"\" width=\"254\" height=\"191\" srcset=\"https:\/\/blogsaverroes.juntadeandalucia.es\/erasmusescolariesramonycajal\/files\/2021\/04\/Entrega-premios.jpg 600w, https:\/\/blogsaverroes.juntadeandalucia.es\/erasmusescolariesramonycajal\/files\/2021\/04\/Entrega-premios-300x225.jpg 300w\" sizes=\"(max-width: 254px) 100vw, 254px\" \/>Samara Soto, alumna de 4\u00ba ESO durante el curso 2019-2020, es la autora del logo ganador. Recoge su premio durante este curso debido al estado de pandemia del curso pasado.<\/p>\n<p><img loading=\"lazy\" decoding=\"async\" class=\"alignnone wp-image-180\" src=\"https:\/\/blogsaverroes.juntadeandalucia.es\/erasmusescolariesramonycajal\/files\/2020\/06\/1.-Logo.png\" alt=\"\" width=\"172\" height=\"154\" srcset=\"https:\/\/blogsaverroes.juntadeandalucia.es\/erasmusescolariesramonycajal\/files\/2020\/06\/1.-Logo.png 655w, https:\/\/blogsaverroes.juntadeandalucia.es\/erasmusescolariesramonycajal\/files\/2020\/06\/1.-Logo-300x268.png 300w, https:\/\/blogsaverroes.juntadeandalucia.es\/erasmusescolariesramonycajal\/files\/2020\/06\/1.-Logo-24x21.png 24w, https:\/\/blogsaverroes.juntadeandalucia.es\/erasmusescolariesramonycajal\/files\/2020\/06\/1.-Logo-36x32.png 36w, https:\/\/blogsaverroes.juntadeandalucia.es\/erasmusescolariesramonycajal\/files\/2020\/06\/1.-Logo-48x43.png 48w\" sizes=\"(max-width: 172px) 100vw, 172px\" \/><\/td>\n<\/tr>\n<tr>\n<td style=\"width: 38.6196%\">\n<p style=\"text-align: center\"><strong>VISITA&nbsp;<\/strong><\/p>\n<p style=\"text-align: center\"><strong>A NUESTRO CENTRO DE <\/strong><\/p>\n<p style=\"text-align: center\"><strong>CHRISTLETON HIGH SCHOOL<\/strong><\/p>\n<p style=\"text-align: center\"><strong>Febrero 2020<\/strong><\/p>\n<\/td>\n<td style=\"width: 61.3804%\"><img loading=\"lazy\" decoding=\"async\" class=\"wp-image-154 alignleft\" src=\"https:\/\/blogsaverroes.juntadeandalucia.es\/erasmusescolariesramonycajal\/files\/2020\/05\/Visita-Christleton-High-School.png\" alt=\"\" width=\"222\" height=\"177\" srcset=\"https:\/\/blogsaverroes.juntadeandalucia.es\/erasmusescolariesramonycajal\/files\/2020\/05\/Visita-Christleton-High-School.png 642w, https:\/\/blogsaverroes.juntadeandalucia.es\/erasmusescolariesramonycajal\/files\/2020\/05\/Visita-Christleton-High-School-300x240.png 300w, https:\/\/blogsaverroes.juntadeandalucia.es\/erasmusescolariesramonycajal\/files\/2020\/05\/Visita-Christleton-High-School-24x19.png 24w, https:\/\/blogsaverroes.juntadeandalucia.es\/erasmusescolariesramonycajal\/files\/2020\/05\/Visita-Christleton-High-School-36x29.png 36w, https:\/\/blogsaverroes.juntadeandalucia.es\/erasmusescolariesramonycajal\/files\/2020\/05\/Visita-Christleton-High-School-48x38.png 48w\" sizes=\"(max-width: 222px) 100vw, 222px\" \/><\/p>\n<p>Christleton high school, nos visita un nuevo a\u00f1o para seguir consolidando la relaci\u00f3n entre nuestros centros, y en especial, entre nuestro alumnado. Intercambio cultural donde las lenguas cobran vida.<\/td>\n<\/tr>\n<tr>\n<td style=\"width: 38.6196%\">\n<p style=\"text-align: center\"><strong>D\u00cdA DE EUROPA 2020<\/strong><\/p>\n<\/td>\n<td style=\"width: 61.3804%\"><img loading=\"lazy\" decoding=\"async\" class=\"wp-image-280 aligncenter\" src=\"https:\/\/blogsaverroes.juntadeandalucia.es\/erasmusescolariesramonycajal\/files\/2021\/04\/Cancelado-Covid.png\" alt=\"\" width=\"258\" height=\"160\" srcset=\"https:\/\/blogsaverroes.juntadeandalucia.es\/erasmusescolariesramonycajal\/files\/2021\/04\/Cancelado-Covid.png 468w, https:\/\/blogsaverroes.juntadeandalucia.es\/erasmusescolariesramonycajal\/files\/2021\/04\/Cancelado-Covid-300x187.png 300w\" sizes=\"(max-width: 258px) 100vw, 258px\" \/><\/td>\n<\/tr>\n<tr>\n<td style=\"width: 38.6196%\">\n<p style=\"text-align: center\"><strong>D\u00cdA DE LA INTERCULTURALIDAD<\/strong><\/p>\n<p style=\"text-align: center\"><strong>Mayo 2020<\/strong><\/p>\n<\/td>\n<td style=\"width: 61.3804%\"><img loading=\"lazy\" decoding=\"async\" class=\" wp-image-280 aligncenter\" src=\"https:\/\/blogsaverroes.juntadeandalucia.es\/erasmusescolariesramonycajal\/files\/2021\/04\/Cancelado-Covid.png\" alt=\"\" width=\"258\" height=\"161\" srcset=\"https:\/\/blogsaverroes.juntadeandalucia.es\/erasmusescolariesramonycajal\/files\/2021\/04\/Cancelado-Covid.png 468w, https:\/\/blogsaverroes.juntadeandalucia.es\/erasmusescolariesramonycajal\/files\/2021\/04\/Cancelado-Covid-300x187.png 300w\" sizes=\"(max-width: 258px) 100vw, 258px\" \/><\/td>\n<\/tr>\n<tr>\n<td style=\"width: 38.6196%\">\n<p style=\"text-align: center\"><strong>D\u00cdA DEL MEDIO AMBIENTE<\/strong><\/p>\n<p style=\"text-align: center\"><strong>Junio 2020<\/strong><\/p>\n<\/td>\n<td style=\"width: 61.3804%\"><img loading=\"lazy\" decoding=\"async\" class=\"wp-image-285 alignleft\" src=\"https:\/\/blogsaverroes.juntadeandalucia.es\/erasmusescolariesramonycajal\/files\/2021\/05\/Suistanable-cities-731x1024.jpeg\" alt=\"\" width=\"232\" height=\"325\" srcset=\"https:\/\/blogsaverroes.juntadeandalucia.es\/erasmusescolariesramonycajal\/files\/2021\/05\/Suistanable-cities-731x1024.jpeg 731w, https:\/\/blogsaverroes.juntadeandalucia.es\/erasmusescolariesramonycajal\/files\/2021\/05\/Suistanable-cities-214x300.jpeg 214w, https:\/\/blogsaverroes.juntadeandalucia.es\/erasmusescolariesramonycajal\/files\/2021\/05\/Suistanable-cities-768x1076.jpeg 768w, https:\/\/blogsaverroes.juntadeandalucia.es\/erasmusescolariesramonycajal\/files\/2021\/05\/Suistanable-cities.jpeg 999w\" sizes=\"(max-width: 232px) 100vw, 232px\" \/><\/p>\n<p>&nbsp;<\/p>\n<p>Celebraci\u00f3n online del D\u00eda del Medioambiente con 2\u00ba ESO. Realizan una investigaci\u00f3n y lo ponen en com\u00fan con su clase&#8230;deciden qu\u00e9 pa\u00edses les gustar\u00eda visitar.<\/td>\n<\/tr>\n<tr>\n<td style=\"width: 38.6196%\">\n<p style=\"text-align: center\"><strong>MES DE EUROPA 2021<\/strong><\/p>\n<\/td>\n<td style=\"width: 61.3804%\"><img loading=\"lazy\" decoding=\"async\" class=\"wp-image-359 aligncenter\" src=\"https:\/\/blogsaverroes.juntadeandalucia.es\/erasmusescolariesramonycajal\/files\/2021\/05\/E2uozBtWQAAzu46-746x1024.jpg\" alt=\"\" width=\"372\" height=\"510\" srcset=\"https:\/\/blogsaverroes.juntadeandalucia.es\/erasmusescolariesramonycajal\/files\/2021\/05\/E2uozBtWQAAzu46-746x1024.jpg 746w, https:\/\/blogsaverroes.juntadeandalucia.es\/erasmusescolariesramonycajal\/files\/2021\/05\/E2uozBtWQAAzu46-219x300.jpg 219w, https:\/\/blogsaverroes.juntadeandalucia.es\/erasmusescolariesramonycajal\/files\/2021\/05\/E2uozBtWQAAzu46-768x1054.jpg 768w, https:\/\/blogsaverroes.juntadeandalucia.es\/erasmusescolariesramonycajal\/files\/2021\/05\/E2uozBtWQAAzu46-1119x1536.jpg 1119w, https:\/\/blogsaverroes.juntadeandalucia.es\/erasmusescolariesramonycajal\/files\/2021\/05\/E2uozBtWQAAzu46.jpg 1492w\" sizes=\"(max-width: 372px) 100vw, 372px\" \/><\/p>\n<p>&nbsp;<\/p>\n<p><img loading=\"lazy\" decoding=\"async\" class=\"alignnone size-large wp-image-367\" src=\"https:\/\/blogsaverroes.juntadeandalucia.es\/erasmusescolariesramonycajal\/files\/2021\/06\/Concurso-RRSS-1024x583.jpg\" alt=\"\" width=\"947\" height=\"539\" srcset=\"https:\/\/blogsaverroes.juntadeandalucia.es\/erasmusescolariesramonycajal\/files\/2021\/06\/Concurso-RRSS-1024x583.jpg 1024w, https:\/\/blogsaverroes.juntadeandalucia.es\/erasmusescolariesramonycajal\/files\/2021\/06\/Concurso-RRSS-300x171.jpg 300w, https:\/\/blogsaverroes.juntadeandalucia.es\/erasmusescolariesramonycajal\/files\/2021\/06\/Concurso-RRSS-768x437.jpg 768w, https:\/\/blogsaverroes.juntadeandalucia.es\/erasmusescolariesramonycajal\/files\/2021\/06\/Concurso-RRSS.jpg 1075w\" sizes=\"(max-width: 947px) 100vw, 947px\" \/><\/td>\n<\/tr>\n<tr>\n<td style=\"width: 38.6196%\">\n<p style=\"text-align: center\"><b>INAUGURACI\u00d3N RINC\u00d3N ERASMUS<\/b><\/p>\n<p style=\"text-align: center\"><strong>Junio 2021<\/strong><\/p>\n<\/td>\n<td style=\"width: 61.3804%\"><img loading=\"lazy\" decoding=\"async\" class=\"wp-image-349 aligncenter\" src=\"https:\/\/blogsaverroes.juntadeandalucia.es\/erasmusescolariesramonycajal\/files\/2021\/05\/Rinc\u00f3n-Erasmus-768x1024.jpg\" alt=\"\" width=\"358\" height=\"477\" srcset=\"https:\/\/blogsaverroes.juntadeandalucia.es\/erasmusescolariesramonycajal\/files\/2021\/05\/Rinc\u00f3n-Erasmus-768x1024.jpg 768w, https:\/\/blogsaverroes.juntadeandalucia.es\/erasmusescolariesramonycajal\/files\/2021\/05\/Rinc\u00f3n-Erasmus-225x300.jpg 225w, https:\/\/blogsaverroes.juntadeandalucia.es\/erasmusescolariesramonycajal\/files\/2021\/05\/Rinc\u00f3n-Erasmus-1152x1536.jpg 1152w, https:\/\/blogsaverroes.juntadeandalucia.es\/erasmusescolariesramonycajal\/files\/2021\/05\/Rinc\u00f3n-Erasmus.jpg 1200w\" sizes=\"(max-width: 358px) 100vw, 358px\" \/><\/p>\n<p style=\"text-align: center\"><strong>Inauguraci\u00f3n del Rinc\u00f3n Erasmus en nuestro centro, protagonizado por nuestro alumnado de 2\u00ba y 3\u00ba ESO, con exposici\u00f3n de sus trabajos acerca de cient\u00edficos europeos.<\/strong><\/p>\n<\/td>\n<\/tr>\n<tr>\n<td style=\"width: 38.6196%\">&nbsp;<\/p>\n<p>&nbsp;<\/p>\n<p>&nbsp;<\/p>\n<p>&nbsp;<\/p>\n<p>&nbsp;<\/p>\n<p>&nbsp;<\/p>\n<p style=\"text-align: center\"><b><strong>MES DE EUROPA 2022<\/strong><\/b><\/p>\n<\/td>\n<td style=\"width: 61.3804%\"><img loading=\"lazy\" decoding=\"async\" class=\"wp-image-448 aligncenter\" src=\"https:\/\/blogsaverroes.juntadeandalucia.es\/erasmusescolariesramonycajal\/files\/2022\/05\/D\u00eda-de-Europa-2022-724x1024.png\" alt=\"\" width=\"397\" height=\"561\" srcset=\"https:\/\/blogsaverroes.juntadeandalucia.es\/erasmusescolariesramonycajal\/files\/2022\/05\/D\u00eda-de-Europa-2022-724x1024.png 724w, https:\/\/blogsaverroes.juntadeandalucia.es\/erasmusescolariesramonycajal\/files\/2022\/05\/D\u00eda-de-Europa-2022-212x300.png 212w, https:\/\/blogsaverroes.juntadeandalucia.es\/erasmusescolariesramonycajal\/files\/2022\/05\/D\u00eda-de-Europa-2022-768x1086.png 768w, https:\/\/blogsaverroes.juntadeandalucia.es\/erasmusescolariesramonycajal\/files\/2022\/05\/D\u00eda-de-Europa-2022-1086x1536.png 1086w, https:\/\/blogsaverroes.juntadeandalucia.es\/erasmusescolariesramonycajal\/files\/2022\/05\/D\u00eda-de-Europa-2022-1448x2048.png 1448w, https:\/\/blogsaverroes.juntadeandalucia.es\/erasmusescolariesramonycajal\/files\/2022\/05\/D\u00eda-de-Europa-2022.png 1587w\" sizes=\"(max-width: 397px) 100vw, 397px\" \/><\/p>\n<p>&nbsp;<\/p>\n<p><img loading=\"lazy\" decoding=\"async\" class=\"alignnone size-large wp-image-449\" src=\"https:\/\/blogsaverroes.juntadeandalucia.es\/erasmusescolariesramonycajal\/files\/2022\/05\/WhatsApp-Image-2022-05-26-at-8.31.26-PM-1002x1024.jpeg\" alt=\"\" width=\"947\" height=\"968\" srcset=\"https:\/\/blogsaverroes.juntadeandalucia.es\/erasmusescolariesramonycajal\/files\/2022\/05\/WhatsApp-Image-2022-05-26-at-8.31.26-PM-1002x1024.jpeg 1002w, https:\/\/blogsaverroes.juntadeandalucia.es\/erasmusescolariesramonycajal\/files\/2022\/05\/WhatsApp-Image-2022-05-26-at-8.31.26-PM-293x300.jpeg 293w, https:\/\/blogsaverroes.juntadeandalucia.es\/erasmusescolariesramonycajal\/files\/2022\/05\/WhatsApp-Image-2022-05-26-at-8.31.26-PM-768x785.jpeg 768w, https:\/\/blogsaverroes.juntadeandalucia.es\/erasmusescolariesramonycajal\/files\/2022\/05\/WhatsApp-Image-2022-05-26-at-8.31.26-PM.jpeg 1080w\" sizes=\"(max-width: 947px) 100vw, 947px\" \/><\/td>\n<\/tr>\n<\/tbody>\n<\/table>\n<p>&nbsp;<\/p>\n","protected":false},"excerpt":{"rendered":"<p>&nbsp; JORNADA INICIAL EN MADRID Diciembre 2019 Raquel Palomo, coordinadora Erasmus +, acude a las jornadas iniciales que SEPIE ofrece a todos los nuevos proyectos aprobados en diciembre de 2019. &nbsp; CONCURSO LOGO ERASMUS&#46;&#46;&#46;<\/p>\n","protected":false},"author":2391,"featured_media":0,"parent":0,"menu_order":0,"comment_status":"closed","ping_status":"closed","template":"","meta":{"ngg_post_thumbnail":0,"footnotes":""},"aioseo_notices":[],"_links":{"self":[{"href":"https:\/\/blogsaverroes.juntadeandalucia.es\/erasmusescolariesramonycajal\/wp-json\/wp\/v2\/pages\/272"}],"collection":[{"href":"https:\/\/blogsaverroes.juntadeandalucia.es\/erasmusescolariesramonycajal\/wp-json\/wp\/v2\/pages"}],"about":[{"href":"https:\/\/blogsaverroes.juntadeandalucia.es\/erasmusescolariesramonycajal\/wp-json\/wp\/v2\/types\/page"}],"author":[{"embeddable":true,"href":"https:\/\/blogsaverroes.juntadeandalucia.es\/erasmusescolariesramonycajal\/wp-json\/wp\/v2\/users\/2391"}],"replies":[{"embeddable":true,"href":"https:\/\/blogsaverroes.juntadeandalucia.es\/erasmusescolariesramonycajal\/wp-json\/wp\/v2\/comments?post=272"}],"version-history":[{"count":11,"href":"https:\/\/blogsaverroes.juntadeandalucia.es\/erasmusescolariesramonycajal\/wp-json\/wp\/v2\/pages\/272\/revisions"}],"predecessor-version":[{"id":450,"href":"https:\/\/blogsaverroes.juntadeandalucia.es\/erasmusescolariesramonycajal\/wp-json\/wp\/v2\/pages\/272\/revisions\/450"}],"wp:attachment":[{"href":"https:\/\/blogsaverroes.juntadeandalucia.es\/erasmusescolariesramonycajal\/wp-json\/wp\/v2\/media?parent=272"}],"curies":[{"name":"wp","href":"https:\/\/api.w.org\/{rel}","templated":true}]}}