{"id":14,"date":"2022-01-18T15:54:37","date_gmt":"2022-01-18T15:54:37","guid":{"rendered":"https:\/\/blogsaverroes.juntadeandalucia.es\/erasmusfploscolegiales\/?page_id=14"},"modified":"2025-10-28T13:27:48","modified_gmt":"2025-10-28T12:27:48","slug":"inicio","status":"publish","type":"page","link":"https:\/\/blogsaverroes.juntadeandalucia.es\/erasmusfploscolegiales\/","title":{"rendered":"Inicio"},"content":{"rendered":"<section id=\"h.a41dc56366b15d4_3\" class=\"yaqOZd\">\n<div class=\"mYVXT\">\n<div class=\"LS81yb VICjCf\">\n<div class=\"hJDwNd-AhqUyc-uQSCkd purZT-AhqUyc-II5mzb pSzOP-AhqUyc-qWD73c JNdkSc\">\n<div class=\"JNdkSc-SmKAyb\">\n<div class=\"\">\n<div class=\"oKdM2c Kzv0Me\">\n<div id=\"h.a41dc56366b15d4_0\" class=\"hJDwNd-AhqUyc-uQSCkd jXK9ad D2fZ2 OjCsFc wHaque GNzUNc\">\n<div class=\"jXK9ad-SmKAyb\">\n<div class=\"tyJCtd mGzaTb baZpAe\">\n<p dir=\"ltr\"><span style=\"text-decoration: underline\"><span style=\"color: #ff0000;font-size: 14pt\"><strong>RECORDATORIO:<\/strong><\/span><\/span> Desde el mi\u00e9rcoles 15 de octubre <strong>hasta el martes 4 de noviembre de 2025<\/strong> est\u00e1 abierto el plazo para la solicitud de movilidades Erasmus+ FP para este curso dentro del proyecto Erasmus+ 2025-1-ES01-KA121-VET-000332512 cofinanciado por la Uni\u00f3n Europea. Encuentra toda la informaci\u00f3n <a href=\"https:\/\/blogsaverroes.juntadeandalucia.es\/erasmusfploscolegiales\/2025\/10\/28\/erasmusfp\/\">AQU\u00cd<\/a><\/p>\n<p dir=\"ltr\">&nbsp;<\/p>\n<p dir=\"ltr\">&nbsp;<\/p>\n<p dir=\"ltr\"><span style=\"text-decoration: underline\"><span style=\"color: #ff0000;font-size: 14pt\"><strong>\u00daLTIMA HORA 10 DE OCTUBRE 2025:<\/strong><\/span><\/span> Desde el mi\u00e9rcoles 15 de octubre hasta el martes 4 de noviembre de 2025 est\u00e1 abierto el plazo para la solicitud de movilidades Erasmus+ FP para este curso dentro del proyecto Erasmus+ 2025-1-ES01-KA121-VET-000332512 cofinanciado por la Uni\u00f3n Europea. Encuentra toda la informaci\u00f3n <a href=\"https:\/\/blogsaverroes.juntadeandalucia.es\/erasmusfploscolegiales\/2024\/10\/25\/ultima-hora-25-octubre-2024\/\">AQU\u00cd<\/a><\/p>\n<p dir=\"ltr\"><span style=\"text-decoration: underline\"><span style=\"color: #ff0000;font-size: 14pt\"><strong>\u00daLTIMA HORA 25 DE OCTUBRE 2024:<\/strong><\/span><\/span> Desde hoy hasta el lunes 4 de noviembre de 2024 est\u00e1 abierto el plazo para la solicitud de movilidades Erasmus+ FP para este curso dentro del proyecto Erasmus+ 2024-1-ES01-KA121-VET-000213608 cofinanciado por la Uni\u00f3n Europea. Encuentra toda la informaci\u00f3n&nbsp;<a href=\"https:\/\/blogsaverroes.juntadeandalucia.es\/erasmusfploscolegiales\/2024\/10\/25\/ultima-hora-25-octubre-2024\/\">AQU\u00cd<\/a><\/p>\n<p dir=\"ltr\"><span style=\"text-decoration: underline\"><span style=\"color: #ff0000;font-size: 14pt\"><strong>\u00daLTIMA HORA 9 DE OCTUBRE 2023:<\/strong><\/span><\/span> Desde hoy hasta el viernes 3 de noviembre est\u00e1 abierto el plazo para la solicitud de movilidades Erasmus+ FP para este curso dentro del proyecto Erasmus+ 2023-1-ES01-KA121-VET-000132425 cofinanciado por la Uni\u00f3n Europea. Encuentra toda la informaci\u00f3n <a href=\"https:\/\/blogsaverroes.juntadeandalucia.es\/erasmusfploscolegiales\/solicitudes-23-24\/\">AQU\u00cd<\/a>.<\/p>\n<p dir=\"ltr\"><span style=\"font-size: 14pt\"><span style=\"text-decoration: underline\"><span style=\"color: #ff0000\"><strong>\u00daLTIMA HORA 3\/NOVIEMBRE\/2022:<\/strong><\/span><\/span> &nbsp;<\/span>Ya est\u00e1 publicada en el tabl\u00f3n de \u00abBecas y ayudas\u00bb, situado entre Conserjer\u00eda y el aula 40, en el pasillo de biblioteca, la relaci\u00f3n provisional de solicitudes presentadas para las movilidades Erasmus+ del curso 2022-2023. Si has presentado solicitud, comprueba que apareces en el listado. Puedes presentar alegaciones por correo electr\u00f3nico, a la direcci\u00f3n 29012052.erasmusfp@g.educaand.es hasta las 23:59h del domingo 6 de noviembre de 2022.<\/p>\n<p dir=\"ltr\">&nbsp;<\/p>\n<p dir=\"ltr\" style=\"text-align: center\"><span style=\"font-size: 14pt\"><span style=\"text-decoration: underline\"><span style=\"color: #ff0000\"><strong>\u00daLTIMA HORA 10\/OCTUBRE:<\/strong><\/span><\/span> Tienes toda la informaci\u00f3n para solicitar tu plaza en las movilidades del curso 2022-2023 en el apartado \u00ab<a href=\"https:\/\/blogsaverroes.juntadeandalucia.es\/erasmusfploscolegiales\/solicitud-22-23\/\">Solicitud 22-23<\/a>\u00ab.<\/span><\/p>\n<hr>\n<hr>\n<p dir=\"ltr\"><strong>2023-1-ES01-KA121-VET-000132425<\/strong><\/p>\n<p dir=\"ltr\">Desde el curso 2023-24 formamos parte de un Consorcio liderado por el IES Emilio Canalejo Olmeda de Montilla (C\u00f3rdoba) para sacar m\u00e1s partido a nuestra experiencia Erasmus+.<\/p>\n<p dir=\"ltr\">&nbsp;<\/p>\n<p class=\"CDt4Ke zfr3Q\" dir=\"ltr\"><strong>2021-1-ES01-KA122-VET-000017092: \u00abCreando un nuevo curr\u00edcul<\/strong><strong>um con Erasmus+\u00bb<\/strong><\/p>\n<p class=\"CDt4Ke zfr3Q\" dir=\"ltr\">Bienvenido\/a a la p\u00e1gina web del proyecto Erasmus+ FP del IES Los Colegiales de Antequera (M\u00e1laga).<\/p>\n<p dir=\"ltr\">Visita la secci\u00f3n <a title=\"Blog\" href=\"https:\/\/blogsaverroes.juntadeandalucia.es\/erasmusfploscolegiales\/blog-2\/\">Blog<\/a> para conocer las \u00faltimas noticias de nuestro proyecto.<\/p>\n<\/div>\n<\/div>\n<\/div>\n<\/div>\n<\/div>\n<\/div>\n<\/div>\n<\/div>\n<\/div>\n<\/section>\n<section id=\"h.a41dc56366b15d4_15\" class=\"yaqOZd\">\n<div class=\"IFuOkc\">&nbsp;<\/div>\n<div class=\"mYVXT\">\n<div class=\"LS81yb VICjCf\">\n<div class=\"hJDwNd-AhqUyc-ibL1re JNdkSc L6cTce-purZT L6cTce-pSzOP\">\n<div class=\"JNdkSc-SmKAyb\">\n<div class=\"\"><img loading=\"lazy\" decoding=\"async\" class=\"size-medium wp-image-63 aligncenter\" src=\"https:\/\/blogsaverroes.juntadeandalucia.es\/erasmusfploscolegiales\/files\/2022\/01\/proyecto-erasmus-fp-300x300.png\" alt=\"IES Los Colegiales: &quot;Creando un nuevo curr\u00edculum con Erasmus+&quot;\" width=\"300\" height=\"300\" srcset=\"https:\/\/blogsaverroes.juntadeandalucia.es\/erasmusfploscolegiales\/files\/2022\/01\/proyecto-erasmus-fp-300x300.png 300w, https:\/\/blogsaverroes.juntadeandalucia.es\/erasmusfploscolegiales\/files\/2022\/01\/proyecto-erasmus-fp-1024x1024.png 1024w, https:\/\/blogsaverroes.juntadeandalucia.es\/erasmusfploscolegiales\/files\/2022\/01\/proyecto-erasmus-fp-150x150.png 150w, https:\/\/blogsaverroes.juntadeandalucia.es\/erasmusfploscolegiales\/files\/2022\/01\/proyecto-erasmus-fp-768x768.png 768w, https:\/\/blogsaverroes.juntadeandalucia.es\/erasmusfploscolegiales\/files\/2022\/01\/proyecto-erasmus-fp.png 1080w\" sizes=\"(max-width: 300px) 100vw, 300px\" \/><\/div>\n<\/div>\n<\/div>\n<div class=\"hJDwNd-AhqUyc-c5RTEf JNdkSc L6cTce-purZT L6cTce-pSzOP\">\n<div class=\"JNdkSc-SmKAyb\">\n<div class=\"\">&nbsp;<\/div>\n<\/div>\n<\/div>\n<\/div>\n<\/div>\n<\/section>\n<section id=\"h.a41dc56366b15d4_8\" class=\"yaqOZd\">\n<div class=\"IFuOkc\">&nbsp;<\/div>\n<div class=\"mYVXT\">\n<div class=\"LS81yb VICjCf\">\n<div class=\"hJDwNd-AhqUyc-uQSCkd purZT-AhqUyc-II5mzb pSzOP-AhqUyc-qWD73c JNdkSc\">\n<div class=\"JNdkSc-SmKAyb\">\n<div class=\"\">\n<div class=\"oKdM2c Kzv0Me\">\n<div id=\"h.a41dc56366b15d4_11\" class=\"hJDwNd-AhqUyc-uQSCkd jXK9ad D2fZ2 OjCsFc wHaque GNzUNc\">\n<div class=\"jXK9ad-SmKAyb\">\n<div class=\"tyJCtd mGzaTb baZpAe\">\n<p class=\"CDt4Ke zfr3Q\" dir=\"ltr\" style=\"text-align: justify\">Durante los cursos 2021-2022 y 2022-2023 desarrollamos el proyecto 2021-1-ES01-KA122-VET-000017092, que se encuadra dentro de la acci\u00f3n clave 1 (KA1. Movilidad de personas por motivos de aprendizaje). Este proyecto, cofinanciado por la Uni\u00f3n Europea, permitir\u00e1 al alumnado y profesorado de Formaci\u00f3n Profesional completar su formaci\u00f3n en Europa.<\/p>\n<\/div>\n<\/div>\n<\/div>\n<\/div>\n<\/div>\n<\/div>\n<\/div>\n<\/div>\n<\/div>\n<\/section>\n","protected":false},"excerpt":{"rendered":"<p>RECORDATORIO: Desde el mi\u00e9rcoles 15 de octubre hasta el martes 4 de noviembre de 2025 est\u00e1 abierto el plazo para la solicitud de movilidades Erasmus+ FP para este curso dentro del proyecto Erasmus+ 2025-1-ES01-KA121-VET-000332512&#46;&#46;&#46;<\/p>\n","protected":false},"author":508,"featured_media":0,"parent":0,"menu_order":0,"comment_status":"closed","ping_status":"closed","template":"","meta":{"ngg_post_thumbnail":0,"footnotes":""},"aioseo_notices":[],"_links":{"self":[{"href":"https:\/\/blogsaverroes.juntadeandalucia.es\/erasmusfploscolegiales\/wp-json\/wp\/v2\/pages\/14"}],"collection":[{"href":"https:\/\/blogsaverroes.juntadeandalucia.es\/erasmusfploscolegiales\/wp-json\/wp\/v2\/pages"}],"about":[{"href":"https:\/\/blogsaverroes.juntadeandalucia.es\/erasmusfploscolegiales\/wp-json\/wp\/v2\/types\/page"}],"author":[{"embeddable":true,"href":"https:\/\/blogsaverroes.juntadeandalucia.es\/erasmusfploscolegiales\/wp-json\/wp\/v2\/users\/508"}],"replies":[{"embeddable":true,"href":"https:\/\/blogsaverroes.juntadeandalucia.es\/erasmusfploscolegiales\/wp-json\/wp\/v2\/comments?post=14"}],"version-history":[{"count":17,"href":"https:\/\/blogsaverroes.juntadeandalucia.es\/erasmusfploscolegiales\/wp-json\/wp\/v2\/pages\/14\/revisions"}],"predecessor-version":[{"id":174,"href":"https:\/\/blogsaverroes.juntadeandalucia.es\/erasmusfploscolegiales\/wp-json\/wp\/v2\/pages\/14\/revisions\/174"}],"wp:attachment":[{"href":"https:\/\/blogsaverroes.juntadeandalucia.es\/erasmusfploscolegiales\/wp-json\/wp\/v2\/media?parent=14"}],"curies":[{"name":"wp","href":"https:\/\/api.w.org\/{rel}","templated":true}]}}