{"id":333,"date":"2025-04-22T10:27:16","date_gmt":"2025-04-22T10:27:16","guid":{"rendered":"https:\/\/blogsaverroes.juntadeandalucia.es\/erasmusvicente\/?page_id=333"},"modified":"2025-04-22T10:28:12","modified_gmt":"2025-04-22T10:28:12","slug":"proceso-de-seleccion-4us4all","status":"publish","type":"page","link":"https:\/\/blogsaverroes.juntadeandalucia.es\/erasmusvicente\/proceso-de-seleccion-4us4all\/","title":{"rendered":"Proceso de Selecci\u00f3n 4us4all"},"content":{"rendered":"<p><strong>CRITERIOS DE SELECCI\u00d3N DEL ALUMNADO<\/strong><\/p>\n<p><iframe loading=\"lazy\" src=\"https:\/\/drive.google.com\/file\/d\/1s0YkwfpVKcP_nwG5pE4CelwFP8cshBqt\/preview\" width=\"640\" height=\"480\"><\/iframe>&nbsp;<\/p>\n<p><strong>CRITERIOS DE SELECCI\u00d3N DEL PROFESORADO ACOMPA\u00d1ANTE<\/strong><\/p>\n<p><iframe loading=\"lazy\" src=\"https:\/\/drive.google.com\/file\/d\/1r7L6mK8CrJibIWvG2NU-MyenPWgT0hY3\/preview\" width=\"640\" height=\"480\"><\/iframe>&nbsp;<\/p>\n<p><strong>HOJA DE AUTOBAREMACI\u00d3N DEL PROFESORADO ACOMPA\u00d1ANTE<\/strong><\/p>\n<p><iframe loading=\"lazy\" src=\"https:\/\/drive.google.com\/file\/d\/1pAuAYTyGW3QkL1SEGCCwfRgZw4BgsZJH\/preview\" width=\"640\" height=\"480\"><\/iframe>&nbsp;<\/p>\n<p><strong>CRITERIOS DE SELECCI\u00d3N DEL PROFESORADO PARTICIPANTE<\/strong><\/p>\n<p><iframe loading=\"lazy\" src=\"https:\/\/drive.google.com\/file\/d\/1r7L6mK8CrJibIWvG2NU-MyenPWgT0hY3\/preview\" width=\"640\" height=\"480\"><\/iframe>&nbsp;<\/p>\n<p><strong>HOJA DE AUTOBAREMACI\u00d3N DEL PROFESORADO PARTICIPANTE<\/strong><\/p>\n<p><iframe loading=\"lazy\" src=\"https:\/\/drive.google.com\/file\/d\/1W8wRi7zQoZBHEkPGhrxFlXSsX6Lf_kJq\/preview\" width=\"640\" height=\"480\"><\/iframe>&nbsp;<\/p>\n","protected":false},"excerpt":{"rendered":"<p>CRITERIOS DE SELECCI\u00d3N DEL ALUMNADO &nbsp; CRITERIOS DE SELECCI\u00d3N DEL PROFESORADO ACOMPA\u00d1ANTE &nbsp; HOJA DE AUTOBAREMACI\u00d3N DEL PROFESORADO ACOMPA\u00d1ANTE &nbsp; CRITERIOS DE SELECCI\u00d3N DEL PROFESORADO&hellip;<\/p>\n","protected":false},"author":13585,"featured_media":64,"parent":0,"menu_order":0,"comment_status":"closed","ping_status":"closed","template":"","meta":{"ngg_post_thumbnail":0,"footnotes":""},"aioseo_notices":[],"_links":{"self":[{"href":"https:\/\/blogsaverroes.juntadeandalucia.es\/erasmusvicente\/wp-json\/wp\/v2\/pages\/333"}],"collection":[{"href":"https:\/\/blogsaverroes.juntadeandalucia.es\/erasmusvicente\/wp-json\/wp\/v2\/pages"}],"about":[{"href":"https:\/\/blogsaverroes.juntadeandalucia.es\/erasmusvicente\/wp-json\/wp\/v2\/types\/page"}],"author":[{"embeddable":true,"href":"https:\/\/blogsaverroes.juntadeandalucia.es\/erasmusvicente\/wp-json\/wp\/v2\/users\/13585"}],"replies":[{"embeddable":true,"href":"https:\/\/blogsaverroes.juntadeandalucia.es\/erasmusvicente\/wp-json\/wp\/v2\/comments?post=333"}],"version-history":[{"count":1,"href":"https:\/\/blogsaverroes.juntadeandalucia.es\/erasmusvicente\/wp-json\/wp\/v2\/pages\/333\/revisions"}],"predecessor-version":[{"id":334,"href":"https:\/\/blogsaverroes.juntadeandalucia.es\/erasmusvicente\/wp-json\/wp\/v2\/pages\/333\/revisions\/334"}],"wp:featuredmedia":[{"embeddable":true,"href":"https:\/\/blogsaverroes.juntadeandalucia.es\/erasmusvicente\/wp-json\/wp\/v2\/media\/64"}],"wp:attachment":[{"href":"https:\/\/blogsaverroes.juntadeandalucia.es\/erasmusvicente\/wp-json\/wp\/v2\/media?parent=333"}],"curies":[{"name":"wp","href":"https:\/\/api.w.org\/{rel}","templated":true}]}}