{"id":74,"date":"2023-01-22T20:27:07","date_gmt":"2023-01-22T20:27:07","guid":{"rendered":"https:\/\/blogsaverroes.juntadeandalucia.es\/erasmusvicente\/?page_id=74"},"modified":"2023-02-06T21:53:38","modified_gmt":"2023-02-06T21:53:38","slug":"inmersion-linguistica","status":"publish","type":"page","link":"https:\/\/blogsaverroes.juntadeandalucia.es\/erasmusvicente\/inmersion-linguistica\/","title":{"rendered":"Inmersi\u00f3n ling\u00fc\u00edstica"},"content":{"rendered":"<p style=\"text-align: center\"><strong>Participaci\u00f3n en el Programa de Inmersi\u00f3n Ling\u00fc\u00edstica en ingl\u00e9s del Ministerio de Educaci\u00f3n y Formaci\u00f3n Profesional (Curso 22-23)<\/strong><\/p>\n<p style=\"text-align: center\"><iframe loading=\"lazy\" src=\"https:\/\/www.youtube.com\/embed\/7mA60_BfAXo\" width=\"560\" height=\"315\" frameborder=\"0\"><\/iframe><\/p>\n<p>&nbsp;<\/p>\n<p>&nbsp;<\/p>\n<p>&nbsp;<\/p>\n","protected":false},"excerpt":{"rendered":"<p>Participaci\u00f3n en el Programa de Inmersi\u00f3n Ling\u00fc\u00edstica en ingl\u00e9s del Ministerio de Educaci\u00f3n y Formaci\u00f3n Profesional (Curso 22-23) &nbsp; &nbsp; &nbsp;<\/p>\n","protected":false},"author":13585,"featured_media":0,"parent":0,"menu_order":0,"comment_status":"closed","ping_status":"closed","template":"","meta":{"ngg_post_thumbnail":0,"footnotes":""},"aioseo_notices":[],"_links":{"self":[{"href":"https:\/\/blogsaverroes.juntadeandalucia.es\/erasmusvicente\/wp-json\/wp\/v2\/pages\/74"}],"collection":[{"href":"https:\/\/blogsaverroes.juntadeandalucia.es\/erasmusvicente\/wp-json\/wp\/v2\/pages"}],"about":[{"href":"https:\/\/blogsaverroes.juntadeandalucia.es\/erasmusvicente\/wp-json\/wp\/v2\/types\/page"}],"author":[{"embeddable":true,"href":"https:\/\/blogsaverroes.juntadeandalucia.es\/erasmusvicente\/wp-json\/wp\/v2\/users\/13585"}],"replies":[{"embeddable":true,"href":"https:\/\/blogsaverroes.juntadeandalucia.es\/erasmusvicente\/wp-json\/wp\/v2\/comments?post=74"}],"version-history":[{"count":3,"href":"https:\/\/blogsaverroes.juntadeandalucia.es\/erasmusvicente\/wp-json\/wp\/v2\/pages\/74\/revisions"}],"predecessor-version":[{"id":155,"href":"https:\/\/blogsaverroes.juntadeandalucia.es\/erasmusvicente\/wp-json\/wp\/v2\/pages\/74\/revisions\/155"}],"wp:attachment":[{"href":"https:\/\/blogsaverroes.juntadeandalucia.es\/erasmusvicente\/wp-json\/wp\/v2\/media?parent=74"}],"curies":[{"name":"wp","href":"https:\/\/api.w.org\/{rel}","templated":true}]}}