{"id":98,"date":"2023-02-02T08:22:17","date_gmt":"2023-02-02T08:22:17","guid":{"rendered":"https:\/\/blogsaverroes.juntadeandalucia.es\/erasmusvicente\/?page_id=98"},"modified":"2024-01-16T17:33:46","modified_gmt":"2024-01-16T17:33:46","slug":"2022-ka122-4you4us","status":"publish","type":"page","link":"https:\/\/blogsaverroes.juntadeandalucia.es\/erasmusvicente\/2022-ka122-4you4us\/","title":{"rendered":"2022 KA122 4you4us"},"content":{"rendered":"<p><img loading=\"lazy\" decoding=\"async\" class=\"size-medium wp-image-99 aligncenter\" src=\"https:\/\/blogsaverroes.juntadeandalucia.es\/erasmusvicente\/files\/2023\/02\/Logo-Proyecto-Erasmus-KA122-1-1-300x300.png\" alt=\"\" width=\"300\" height=\"300\" srcset=\"https:\/\/blogsaverroes.juntadeandalucia.es\/erasmusvicente\/files\/2023\/02\/Logo-Proyecto-Erasmus-KA122-1-1-300x300.png 300w, https:\/\/blogsaverroes.juntadeandalucia.es\/erasmusvicente\/files\/2023\/02\/Logo-Proyecto-Erasmus-KA122-1-1-150x150.png 150w, https:\/\/blogsaverroes.juntadeandalucia.es\/erasmusvicente\/files\/2023\/02\/Logo-Proyecto-Erasmus-KA122-1-1.png 500w\" sizes=\"(max-width: 300px) 100vw, 300px\" \/><\/p>\n<h3>&nbsp;<\/h3>\n<p style=\"text-align: center\"><a title=\"Solicitud KA122 4us4you\" href=\"https:\/\/blogsaverroes.juntadeandalucia.es\/erasmusvicente\/2023\/02\/02\/solicitud-ka122-4us4you\/\"><span style=\"font-size: 18pt\"><strong>Solicitud<\/strong><\/span><\/a><\/p>\n<p style=\"text-align: center\"><a title=\"Proceso de selecci\u00f3n KA122 4you4us\" href=\"https:\/\/blogsaverroes.juntadeandalucia.es\/erasmusvicente\/2023\/02\/03\/proceso-de-seleccion-ka122-4you4us\/\"><strong><span style=\"font-size: 18pt\">Proceso de selecci\u00f3n<\/span><\/strong><\/a><\/p>\n<p style=\"text-align: center\"><a title=\"Material de difusi\u00f3n\" href=\"https:\/\/blogsaverroes.juntadeandalucia.es\/erasmusvicente\/material-de-difusion\/\"><strong><span style=\"font-size: 18pt\">Material de difusi\u00f3n<\/span><\/strong><\/a><\/p>\n<p style=\"text-align: center\"><a title=\"Plan de difusi\u00f3n\" href=\"https:\/\/blogsaverroes.juntadeandalucia.es\/erasmusvicente\/plan-de-difusion-2\/\">Plan de difusi\u00f3n<\/a><\/p>\n<p style=\"text-align: center\"><a title=\"Erasmus+ Time (I)\" href=\"https:\/\/blogsaverroes.juntadeandalucia.es\/erasmusvicente\/2024\/01\/04\/erasmus-time-on-radio-vicente-i\/\">Erasmus+ Time on Radio Vicente (I)<\/a><\/p>\n<p style=\"text-align: center\"><a title=\"Erasmus+ Time (II)\" href=\"https:\/\/blogsaverroes.juntadeandalucia.es\/erasmusvicente\/2024\/01\/04\/erasmus-time-ii\/\">Erasmus+ Time on Radio Vicente (II)<\/a><\/p>\n<p style=\"text-align: center\"><a title=\"Difusi\u00f3n Proyecto Erasmus+ al Claustro\" href=\"https:\/\/blogsaverroes.juntadeandalucia.es\/erasmusvicente\/2024\/01\/14\/difusion-proyecto-erasmus-al-claustro\/\">Difusi\u00f3n al Claustro<\/a><\/p>\n<p style=\"text-align: center\"><strong><span style=\"font-size: 18pt\">Experiencias<\/span><\/strong><\/p>\n<p style=\"text-align: center\"><a title=\"Jornadas Iniciales de Proyectos de Movilidad Erasmus+ KA122 (Zaragoza)\" href=\"https:\/\/blogsaverroes.juntadeandalucia.es\/erasmusvicente\/2023\/02\/06\/jornadas-iniciales-de-proyectos-de-movilidad-erasmus-ka122-zaragoza\/\">Jornadas Iniciales de Proyectos de Movilidad Erasmus+ KA122 (Zaragoza)<\/a><\/p>\n<p style=\"text-align: center\"><a title=\"Job Shadowing en Cant\u00fa (Italia)\" href=\"https:\/\/blogsaverroes.juntadeandalucia.es\/erasmusvicente\/2024\/01\/04\/movilidad-job-shadowing-en-cantu-italia\/\">Job Shadowing en Cant\u00fa, Italia<\/a><\/p>\n<p style=\"text-align: center\"><a title=\"Curso CLIL en Budapest\" href=\"https:\/\/blogsaverroes.juntadeandalucia.es\/erasmusvicente\/2024\/01\/04\/curso-clil-en-budapest\/\">Curso CLIL en Budapest<\/a><\/p>\n<p style=\"text-align: center\"><a title=\"Curso STEAM en Berl\u00edn\" href=\"https:\/\/blogsaverroes.juntadeandalucia.es\/erasmusvicente\/2024\/01\/04\/curso-steam-en-berlin\/\">Curso STEAM en Berl\u00edn<\/a><\/p>\n<p style=\"text-align: center\"><a title=\"Curso Save the Environment en Split\" href=\"https:\/\/blogsaverroes.juntadeandalucia.es\/erasmusvicente\/2024\/01\/04\/curso-save-the-environment-en-split\/\">Curso Save the Environmen en Split<\/a><\/p>\n<p style=\"text-align: center\"><a title=\"Curso Design Learning Spaces en Gante\" href=\"https:\/\/blogsaverroes.juntadeandalucia.es\/erasmusvicente\/2024\/01\/04\/curso-design-learning-spaces-en-gante\/\">Curso Design learning spaces en Gante<\/a><\/p>\n<p style=\"text-align: center\"><a title=\"2022 Acogida Istituto Comprensivo Cantu (Italia)\" href=\"https:\/\/blogsaverroes.juntadeandalucia.es\/erasmusvicente\/2023\/02\/02\/2022-acogida-istituto-comprensivo-cantu\/\">Visita del Istituto Comprensivo de Cant\u00fa<\/a><\/p>\n<p style=\"text-align: center\"><a title=\"2023 Acogida Tallinna Laagna G\u00fcmnaasium (Estonia)\" href=\"https:\/\/blogsaverroes.juntadeandalucia.es\/erasmusvicente\/2024\/01\/04\/2023-acogida-tallinna-laagna-gumnaasium-estonia\/\">Visita del Tallinna Laagna G\u00fcmnaasium<\/a><\/p>\n<p style=\"text-align: center\"><strong><span style=\"font-size: 18pt\">Informe final<\/span><\/strong><\/p>\n","protected":false},"excerpt":{"rendered":"<p>&nbsp; Solicitud Proceso de selecci\u00f3n Material de difusi\u00f3n Plan de difusi\u00f3n Erasmus+ Time on Radio Vicente (I) Erasmus+ Time on Radio Vicente (II) Difusi\u00f3n al&hellip;<\/p>\n","protected":false},"author":13585,"featured_media":0,"parent":0,"menu_order":0,"comment_status":"closed","ping_status":"closed","template":"","meta":{"ngg_post_thumbnail":0,"footnotes":""},"aioseo_notices":[],"_links":{"self":[{"href":"https:\/\/blogsaverroes.juntadeandalucia.es\/erasmusvicente\/wp-json\/wp\/v2\/pages\/98"}],"collection":[{"href":"https:\/\/blogsaverroes.juntadeandalucia.es\/erasmusvicente\/wp-json\/wp\/v2\/pages"}],"about":[{"href":"https:\/\/blogsaverroes.juntadeandalucia.es\/erasmusvicente\/wp-json\/wp\/v2\/types\/page"}],"author":[{"embeddable":true,"href":"https:\/\/blogsaverroes.juntadeandalucia.es\/erasmusvicente\/wp-json\/wp\/v2\/users\/13585"}],"replies":[{"embeddable":true,"href":"https:\/\/blogsaverroes.juntadeandalucia.es\/erasmusvicente\/wp-json\/wp\/v2\/comments?post=98"}],"version-history":[{"count":9,"href":"https:\/\/blogsaverroes.juntadeandalucia.es\/erasmusvicente\/wp-json\/wp\/v2\/pages\/98\/revisions"}],"predecessor-version":[{"id":312,"href":"https:\/\/blogsaverroes.juntadeandalucia.es\/erasmusvicente\/wp-json\/wp\/v2\/pages\/98\/revisions\/312"}],"wp:attachment":[{"href":"https:\/\/blogsaverroes.juntadeandalucia.es\/erasmusvicente\/wp-json\/wp\/v2\/media?parent=98"}],"curies":[{"name":"wp","href":"https:\/\/api.w.org\/{rel}","templated":true}]}}

<p><img loading="lazy" decoding="async" class="size-medium wp-image-99 aligncenter" src="https://blogsaverroes.juntadeandalucia.es/erasmusvicente/files/2023/02/Logo-Proyecto-Erasmus-KA122-1-1-300x300.png" alt="" width="300" height="300" srcset="https://blogsaverroes.juntadeandalucia.es/erasmusvicente/files/2023/02/Logo-Proyecto-Erasmus-KA122-1-1-300x300.png 300w, https://blogsaverroes.juntadeandalucia.es/erasmusvicente/files/2023/02/Logo-Proyecto-Erasmus-KA122-1-1-150x150.png 150w, https://blogsaverroes.juntadeandalucia.es/erasmusvicente/files/2023/02/Logo-Proyecto-Erasmus-KA122-1-1.png 500w" sizes="(max-width: 300px) 100vw, 300px" /></p>
<h3>&nbsp;</h3>
<p style="text-align: center"><a title="Solicitud KA122 4us4you" href="https://blogsaverroes.juntadeandalucia.es/erasmusvicente/2023/02/02/solicitud-ka122-4us4you/"><span style="font-size: 18pt"><strong>Solicitud</strong></span></a></p>
<p style="text-align: center"><a title="Proceso de selección KA122 4you4us" href="https://blogsaverroes.juntadeandalucia.es/erasmusvicente/2023/02/03/proceso-de-seleccion-ka122-4you4us/"><strong><span style="font-size: 18pt">Proceso de selección</span></strong></a></p>
<p style="text-align: center"><a title="Material de difusión" href="https://blogsaverroes.juntadeandalucia.es/erasmusvicente/material-de-difusion/"><strong><span style="font-size: 18pt">Material de difusión</span></strong></a></p>
<p style="text-align: center"><a title="Plan de difusión" href="https://blogsaverroes.juntadeandalucia.es/erasmusvicente/plan-de-difusion-2/">Plan de difusión</a></p>
<p style="text-align: center"><a title="Erasmus+ Time (I)" href="https://blogsaverroes.juntadeandalucia.es/erasmusvicente/2024/01/04/erasmus-time-on-radio-vicente-i/">Erasmus+ Time on Radio Vicente (I)</a></p>
<p style="text-align: center"><a title="Erasmus+ Time (II)" href="https://blogsaverroes.juntadeandalucia.es/erasmusvicente/2024/01/04/erasmus-time-ii/">Erasmus+ Time on Radio Vicente (II)</a></p>
<p style="text-align: center"><a title="Difusión Proyecto Erasmus+ al Claustro" href="https://blogsaverroes.juntadeandalucia.es/erasmusvicente/2024/01/14/difusion-proyecto-erasmus-al-claustro/">Difusión al Claustro</a></p>
<p style="text-align: center"><strong><span style="font-size: 18pt">Experiencias</span></strong></p>
<p style="text-align: center"><a title="Jornadas Iniciales de Proyectos de Movilidad Erasmus+ KA122 (Zaragoza)" href="https://blogsaverroes.juntadeandalucia.es/erasmusvicente/2023/02/06/jornadas-iniciales-de-proyectos-de-movilidad-erasmus-ka122-zaragoza/">Jornadas Iniciales de Proyectos de Movilidad Erasmus+ KA122 (Zaragoza)</a></p>
<p style="text-align: center"><a title="Job Shadowing en Cantú (Italia)" href="https://blogsaverroes.juntadeandalucia.es/erasmusvicente/2024/01/04/movilidad-job-shadowing-en-cantu-italia/">Job Shadowing en Cantú, Italia</a></p>
<p style="text-align: center"><a title="Curso CLIL en Budapest" href="https://blogsaverroes.juntadeandalucia.es/erasmusvicente/2024/01/04/curso-clil-en-budapest/">Curso CLIL en Budapest</a></p>
<p style="text-align: center"><a title="Curso STEAM en Berlín" href="https://blogsaverroes.juntadeandalucia.es/erasmusvicente/2024/01/04/curso-steam-en-berlin/">Curso STEAM en Berlín</a></p>
<p style="text-align: center"><a title="Curso Save the Environment en Split" href="https://blogsaverroes.juntadeandalucia.es/erasmusvicente/2024/01/04/curso-save-the-environment-en-split/">Curso Save the Environmen en Split</a></p>
<p style="text-align: center"><a title="Curso Design Learning Spaces en Gante" href="https://blogsaverroes.juntadeandalucia.es/erasmusvicente/2024/01/04/curso-design-learning-spaces-en-gante/">Curso Design learning spaces en Gante</a></p>
<p style="text-align: center"><a title="2022 Acogida Istituto Comprensivo Cantu (Italia)" href="https://blogsaverroes.juntadeandalucia.es/erasmusvicente/2023/02/02/2022-acogida-istituto-comprensivo-cantu/">Visita del Istituto Comprensivo de Cantú</a></p>
<p style="text-align: center"><a title="2023 Acogida Tallinna Laagna Gümnaasium (Estonia)" href="https://blogsaverroes.juntadeandalucia.es/erasmusvicente/2024/01/04/2023-acogida-tallinna-laagna-gumnaasium-estonia/">Visita del Tallinna Laagna Gümnaasium</a></p>
<p style="text-align: center"><strong><span style="font-size: 18pt">Informe final</span></strong></p>

<p>&nbsp; Solicitud Proceso de selección Material de difusión Plan de difusión Erasmus+ Time on Radio Vicente (I) Erasmus+ Time on Radio Vicente (II) Difusión al&hellip;</p>
