{"id":33,"date":"2020-01-09T12:42:06","date_gmt":"2020-01-09T11:42:06","guid":{"rendered":"http:\/\/blogsaverroes.juntadeandalucia.es\/pre\/nuevoceip2v2\/?page_id=33"},"modified":"2023-02-13T15:24:45","modified_gmt":"2023-02-13T14:24:45","slug":"aula-matinal","status":"publish","type":"page","link":"https:\/\/blogsaverroes.juntadeandalucia.es\/escuelainfantilalborada\/aula-matinal\/","title":{"rendered":"Aula matinal"},"content":{"rendered":"<h2>Aula matinal<\/h2>\n<p><strong>Horario<\/strong>: de 7:30 h. a 9:00 h. &nbsp;&nbsp;<\/p>\n<p>&nbsp; &nbsp;El&nbsp;<strong>aula matinal<\/strong> es un servicio que se le ofrece a las familias que por motivos laborales tienen que dejar a los\/as peque\u00f1os\/as antes de las 9:00 horas de la ma\u00f1ana, siendo flexible su entrada y es totalmente gratuito.<\/p>\n<p>&nbsp; &nbsp;En este tramo horario se realizan actividades que les van a permitir a los\/as peque\u00f1os\/as prepararse para el inicio de la jornada escolar, adapt\u00e1ndonos a las necesidades de cada peque\u00f1o\/a en ese horario, atendiendo a su alimentaci\u00f3n (desayuno) como a su descanso (en el caso de los m\u00e1s peque\u00f1ines que necesitan m\u00e1s horas).<\/p>\n","protected":false},"excerpt":{"rendered":"<p>Aula matinal Horario: de 7:30 h. a 9:00 h. &nbsp;&nbsp; &nbsp; &nbsp;El&nbsp;aula matinal es un servicio que se le ofrece a las familias que por motivos laborales tienen que dejar a los\/as peque\u00f1os\/as antes de las 9:00 horas de la ma\u00f1ana, siendo flexible su entrada y es totalmente gratuito. &nbsp; &nbsp;En este tramo horario se &hellip; <\/p>\n<p class=\"link-more\"><a href=\"https:\/\/blogsaverroes.juntadeandalucia.es\/escuelainfantilalborada\/aula-matinal\/\" class=\"more-link\">Continuar leyendo<span class=\"screen-reader-text\"> &#8220;Aula matinal&#8221;<\/span><\/a><\/p>\n","protected":false},"author":7051,"featured_media":0,"parent":0,"menu_order":0,"comment_status":"closed","ping_status":"closed","template":"","meta":{"ngg_post_thumbnail":0,"footnotes":""},"aioseo_notices":[],"_links":{"self":[{"href":"https:\/\/blogsaverroes.juntadeandalucia.es\/escuelainfantilalborada\/wp-json\/wp\/v2\/pages\/33"}],"collection":[{"href":"https:\/\/blogsaverroes.juntadeandalucia.es\/escuelainfantilalborada\/wp-json\/wp\/v2\/pages"}],"about":[{"href":"https:\/\/blogsaverroes.juntadeandalucia.es\/escuelainfantilalborada\/wp-json\/wp\/v2\/types\/page"}],"author":[{"embeddable":true,"href":"https:\/\/blogsaverroes.juntadeandalucia.es\/escuelainfantilalborada\/wp-json\/wp\/v2\/users\/7051"}],"replies":[{"embeddable":true,"href":"https:\/\/blogsaverroes.juntadeandalucia.es\/escuelainfantilalborada\/wp-json\/wp\/v2\/comments?post=33"}],"version-history":[{"count":3,"href":"https:\/\/blogsaverroes.juntadeandalucia.es\/escuelainfantilalborada\/wp-json\/wp\/v2\/pages\/33\/revisions"}],"predecessor-version":[{"id":577,"href":"https:\/\/blogsaverroes.juntadeandalucia.es\/escuelainfantilalborada\/wp-json\/wp\/v2\/pages\/33\/revisions\/577"}],"wp:attachment":[{"href":"https:\/\/blogsaverroes.juntadeandalucia.es\/escuelainfantilalborada\/wp-json\/wp\/v2\/media?parent=33"}],"curies":[{"name":"wp","href":"https:\/\/api.w.org\/{rel}","templated":true}]}}

<h2>Aula matinal</h2>
<p><strong>Horario</strong>: de 7:30 h. a 9:00 h. &nbsp;&nbsp;</p>
<p>&nbsp; &nbsp;El&nbsp;<strong>aula matinal</strong> es un servicio que se le ofrece a las familias que por motivos laborales tienen que dejar a los/as pequeños/as antes de las 9:00 horas de la mañana, siendo flexible su entrada y es totalmente gratuito.</p>
<p>&nbsp; &nbsp;En este tramo horario se realizan actividades que les van a permitir a los/as pequeños/as prepararse para el inicio de la jornada escolar, adaptándonos a las necesidades de cada pequeño/a en ese horario, atendiendo a su alimentación (desayuno) como a su descanso (en el caso de los más pequeñines que necesitan más horas).</p>

<p>Aula matinal Horario: de 7:30 h. a 9:00 h. &nbsp;&nbsp; &nbsp; &nbsp;El&nbsp;aula matinal es un servicio que se le ofrece a las familias que por motivos laborales tienen que dejar a los/as pequeños/as antes de las 9:00 horas de la mañana, siendo flexible su entrada y es totalmente gratuito. &nbsp; &nbsp;En este tramo horario se &hellip; </p>
<p class="link-more"><a href="https://blogsaverroes.juntadeandalucia.es/escuelainfantilalborada/aula-matinal/" class="more-link">Continuar leyendo<span class="screen-reader-text"> &#8220;Aula matinal&#8221;</span></a></p>
