{"id":99,"date":"2015-03-16T07:22:54","date_gmt":"2015-03-16T07:22:54","guid":{"rendered":"http:\/\/blogsaverroes.juntadeandalucia.es\/pre\/ceip\/?page_id=99"},"modified":"2020-10-02T11:08:59","modified_gmt":"2020-10-02T11:08:59","slug":"comedor-escolar","status":"publish","type":"page","link":"https:\/\/blogsaverroes.juntadeandalucia.es\/escuelainfantillasmargaritas\/comedor-escolar\/","title":{"rendered":"Comedor escolar"},"content":{"rendered":"<p><a href=\"https:\/\/blogsaverroes.juntadeandalucia.es\/escuelainfantillasmargaritas\/files\/2020\/10\/10.jpg\"><img loading=\"lazy\" decoding=\"async\" class=\"wp-image-2366 aligncenter\" src=\"https:\/\/blogsaverroes.juntadeandalucia.es\/escuelainfantillasmargaritas\/files\/2020\/10\/10-300x169.jpg\" alt=\"\" width=\"327\" height=\"184\" srcset=\"https:\/\/blogsaverroes.juntadeandalucia.es\/escuelainfantillasmargaritas\/files\/2020\/10\/10-300x169.jpg 300w, https:\/\/blogsaverroes.juntadeandalucia.es\/escuelainfantillasmargaritas\/files\/2020\/10\/10-768x433.jpg 768w, https:\/\/blogsaverroes.juntadeandalucia.es\/escuelainfantillasmargaritas\/files\/2020\/10\/10-24x14.jpg 24w, https:\/\/blogsaverroes.juntadeandalucia.es\/escuelainfantillasmargaritas\/files\/2020\/10\/10-36x20.jpg 36w, https:\/\/blogsaverroes.juntadeandalucia.es\/escuelainfantillasmargaritas\/files\/2020\/10\/10-48x27.jpg 48w, https:\/\/blogsaverroes.juntadeandalucia.es\/escuelainfantillasmargaritas\/files\/2020\/10\/10.jpg 800w\" sizes=\"(max-width: 327px) 100vw, 327px\" \/><\/a><\/p>\n<p>En nuestro centro infantil, consideramos que la nutrici\u00f3n va a condicionar el buen desarrollo f\u00edsico e intelectual del ni\u00f1o\/a, por ello contamos con un servicio de cocina propia, donde nuestro equipo de cocina&nbsp; elabora diariamente un men\u00fa mediterr\u00e1neo, equilibrado y con productos frescos y de primera calidad.<\/p>\n<p>Cada men\u00fa propuesto se encuentra adaptado seg\u00fan el momento madurativo del ni\u00f1o\/a: triturado, s\u00f3lido, dietas blandas y seg\u00fan las necesidades de cada uno elaboramos recetas espec\u00edficas para cel\u00edacos, diab\u00e9ticos, intolerantes a la lactosa, al\u00e9rgicos\u2026.<\/p>\n<p><a href=\"https:\/\/blogsaverroes.juntadeandalucia.es\/escuelainfantillasmargaritas\/files\/2020\/10\/9.jpg\"><img loading=\"lazy\" decoding=\"async\" class=\"wp-image-2364 aligncenter\" src=\"https:\/\/blogsaverroes.juntadeandalucia.es\/escuelainfantillasmargaritas\/files\/2020\/10\/9-300x147.jpg\" alt=\"\" width=\"447\" height=\"219\" srcset=\"https:\/\/blogsaverroes.juntadeandalucia.es\/escuelainfantillasmargaritas\/files\/2020\/10\/9-300x147.jpg 300w, https:\/\/blogsaverroes.juntadeandalucia.es\/escuelainfantillasmargaritas\/files\/2020\/10\/9-768x377.jpg 768w, https:\/\/blogsaverroes.juntadeandalucia.es\/escuelainfantillasmargaritas\/files\/2020\/10\/9-24x12.jpg 24w, https:\/\/blogsaverroes.juntadeandalucia.es\/escuelainfantillasmargaritas\/files\/2020\/10\/9-36x18.jpg 36w, https:\/\/blogsaverroes.juntadeandalucia.es\/escuelainfantillasmargaritas\/files\/2020\/10\/9-48x24.jpg 48w, https:\/\/blogsaverroes.juntadeandalucia.es\/escuelainfantillasmargaritas\/files\/2020\/10\/9.jpg 800w\" sizes=\"(max-width: 447px) 100vw, 447px\" \/><\/a><\/p>\n<h1><span style=\"color: #ff0000\">Equipo de cocina.<\/span><\/h1>\n<p><strong>Direcci\u00f3n de cocina: <\/strong>Manuel Usero L\u00f3pez.<\/p>\n<p><strong>Cocinero: <\/strong>Miguel \u00c1ngel Moreno Membrive.&nbsp; &nbsp; &nbsp; &nbsp; &nbsp; &nbsp; &nbsp; &nbsp; <a href=\"https:\/\/blogsaverroes.juntadeandalucia.es\/escuelainfantillasmargaritas\/files\/2020\/10\/11.jpg\"><img loading=\"lazy\" decoding=\"async\" class=\"wp-image-2393 alignleft\" src=\"https:\/\/blogsaverroes.juntadeandalucia.es\/escuelainfantillasmargaritas\/files\/2020\/10\/11-276x300.jpg\" alt=\"\" width=\"196\" height=\"213\" srcset=\"https:\/\/blogsaverroes.juntadeandalucia.es\/escuelainfantillasmargaritas\/files\/2020\/10\/11-276x300.jpg 276w, https:\/\/blogsaverroes.juntadeandalucia.es\/escuelainfantillasmargaritas\/files\/2020\/10\/11-22x24.jpg 22w, https:\/\/blogsaverroes.juntadeandalucia.es\/escuelainfantillasmargaritas\/files\/2020\/10\/11-33x36.jpg 33w, https:\/\/blogsaverroes.juntadeandalucia.es\/escuelainfantillasmargaritas\/files\/2020\/10\/11-44x48.jpg 44w, https:\/\/blogsaverroes.juntadeandalucia.es\/escuelainfantillasmargaritas\/files\/2020\/10\/11.jpg 403w\" sizes=\"(max-width: 196px) 100vw, 196px\" \/><\/a><\/p>\n<p>&nbsp;<\/p>\n<p>&nbsp;<\/p>\n","protected":false},"excerpt":{"rendered":"<p>En nuestro centro infantil, consideramos que la nutrici\u00f3n va a condicionar el buen desarrollo f\u00edsico e intelectual del ni\u00f1o\/a, por ello contamos con un servicio de cocina propia, donde nuestro equipo de cocina&nbsp; elabora&#46;&#46;&#46;<\/p>\n","protected":false},"author":1,"featured_media":0,"parent":0,"menu_order":0,"comment_status":"closed","ping_status":"open","template":"page-cs.php","meta":{"ngg_post_thumbnail":0,"footnotes":"","_mc_calendar":[]},"aioseo_notices":[],"_links":{"self":[{"href":"https:\/\/blogsaverroes.juntadeandalucia.es\/escuelainfantillasmargaritas\/wp-json\/wp\/v2\/pages\/99"}],"collection":[{"href":"https:\/\/blogsaverroes.juntadeandalucia.es\/escuelainfantillasmargaritas\/wp-json\/wp\/v2\/pages"}],"about":[{"href":"https:\/\/blogsaverroes.juntadeandalucia.es\/escuelainfantillasmargaritas\/wp-json\/wp\/v2\/types\/page"}],"author":[{"embeddable":true,"href":"https:\/\/blogsaverroes.juntadeandalucia.es\/escuelainfantillasmargaritas\/wp-json\/wp\/v2\/users\/1"}],"replies":[{"embeddable":true,"href":"https:\/\/blogsaverroes.juntadeandalucia.es\/escuelainfantillasmargaritas\/wp-json\/wp\/v2\/comments?post=99"}],"version-history":[{"count":13,"href":"https:\/\/blogsaverroes.juntadeandalucia.es\/escuelainfantillasmargaritas\/wp-json\/wp\/v2\/pages\/99\/revisions"}],"predecessor-version":[{"id":2394,"href":"https:\/\/blogsaverroes.juntadeandalucia.es\/escuelainfantillasmargaritas\/wp-json\/wp\/v2\/pages\/99\/revisions\/2394"}],"wp:attachment":[{"href":"https:\/\/blogsaverroes.juntadeandalucia.es\/escuelainfantillasmargaritas\/wp-json\/wp\/v2\/media?parent=99"}],"curies":[{"name":"wp","href":"https:\/\/api.w.org\/{rel}","templated":true}]}}