{"id":55,"date":"2023-02-15T12:48:16","date_gmt":"2023-02-15T11:48:16","guid":{"rendered":"http:\/\/blogsaverroes.juntadeandalucia.es\/pre\/nuevoceip2v2\/?page_id=55"},"modified":"2026-03-23T12:15:01","modified_gmt":"2026-03-23T11:15:01","slug":"planes-y-proyectos","status":"publish","type":"page","link":"https:\/\/blogsaverroes.juntadeandalucia.es\/escuelainfantillosclaveles\/planes-y-proyectos\/","title":{"rendered":"Planes y Proyectos. PROGRAMACI\u00d3N"},"content":{"rendered":"<p><a href=\"https:\/\/blogsaverroes.juntadeandalucia.es\/educacionenvaloresdelegacionmalaga\/iv-encuentro-por-la-paz-de-los-centros-educativos-de-la-cala-de-mijas\/\">https:\/\/blogsaverroes.juntadeandalucia.es\/educacionenvaloresdelegacionmalaga\/iv-encuentro-por-la-paz-de-los-centros-educativos-de-la-cala-de-mijas\/<\/a><\/p>\n<p>EN EL SIGUIENTE ENLACE SE ENCUENTRA EL PLAN DE CONSUMO DE FRUTA Y VERDURAS<img loading=\"lazy\" decoding=\"async\" class=\"aligncenter wp-image-2083 size-full\" src=\"https:\/\/blogsaverroes.juntadeandalucia.es\/escuelainfantillosclaveles\/files\/2024\/02\/Cartel-fruta.png\" alt=\"\" width=\"345\" height=\"345\" srcset=\"https:\/\/blogsaverroes.juntadeandalucia.es\/escuelainfantillosclaveles\/files\/2024\/02\/Cartel-fruta.png 345w, https:\/\/blogsaverroes.juntadeandalucia.es\/escuelainfantillosclaveles\/files\/2024\/02\/Cartel-fruta-300x300.png 300w, https:\/\/blogsaverroes.juntadeandalucia.es\/escuelainfantillosclaveles\/files\/2024\/02\/Cartel-fruta-150x150.png 150w\" sizes=\"(max-width: 345px) 100vw, 345px\" \/><\/p>\n<p><a href=\"https:\/\/www.canva.com\/design\/DAF9RrfLGVg\/0UrHIBmrp34v4tKfEQNi-w\/view?utm_content=DAF9RrfLGVg&amp;utm_campaign=designshare&amp;utm_medium=link&amp;utm_source=viewer\">https:\/\/www.canva.com\/design\/DAF9RrfLGVg\/0UrHIBmrp34v4tKfEQNi-w\/view?utm_content=DAF9RrfLGVg&amp;utm_campaign=designshare&amp;utm_medium=link&amp;utm_source=viewer<\/a><\/p>\n<p>&nbsp;<\/p>\n<p>&nbsp;<\/p>\n<p>&nbsp;<\/p>\n<p>&nbsp;<\/p>\n<p><span style=\"font-family: 'comic sans ms', sans-serif;font-size: 12pt\"><img loading=\"lazy\" decoding=\"async\" class=\"alignnone size-medium wp-image-608\" src=\"https:\/\/blogsaverroes.juntadeandalucia.es\/escuelainfantillosclaveles\/files\/2023\/02\/TODOS-CONTRA-LA-VIOLENCIA-300x118.jpeg\" alt=\"\" width=\"300\" height=\"118\"\/><\/span><\/p>\n<p>&nbsp;<\/p>\n<a href='https:\/\/drive.google.com\/file\/d\/1DEaRJ1FD2fkr11Yw4LItQ8RRJU0oAgQV\/view?usp=share_link' class='icon-button download-icon' target=\"_blank\">PLAN DE IGUALDAD ENTRE HOMBRES Y MUJERES<span class='et-icon'><\/span><\/a>\n<p><span style=\"font-family: 'comic sans ms', sans-serif;font-size: 12pt\">En nuestro Centro, aparte de las materias impartidas obligatorias, participamos en la puesta en marcha y desarrollo de Planes y Proyectos cuyo objetivo fundamental es complementar la formaci\u00f3n\/educaci\u00f3n que nuestros alumnado recibe, desarrollando valores como la igualdad, la no violencia, el cuidado de la salud y respeto al medio ambiente y el gusto y disfrute por la lectura. De esta forma los Proyectos que se llevan a cabo en el Centro son los siguientes:<\/span><br \/>\n<span style=\"font-family: 'comic sans ms', sans-serif;font-size: 12pt\">&#8211; Escuela: Espacio de Paz.<\/span><br \/>\n<span style=\"font-family: 'comic sans ms', sans-serif;font-size: 12pt\">&#8211; Plan de Igualdad entre Hombres y Mujeres.<\/span><br \/>\n<span style=\"font-family: 'comic sans ms', sans-serif;font-size: 12pt\">&#8211; Pacto de Estado Contra la Violencia de G\u00e9nero.<\/span><br \/>\n<span style=\"font-family: 'comic sans ms', sans-serif;font-size: 12pt\">&#8211; Programa CIMA: H\u00e1bitos de vida saludable( alimentaci\u00f3n saludable e inteligencia emocional),Educaci\u00f3n ambiental para la sostenibilidad ( Huerto)&nbsp;<\/span><\/p>\n<p><a href=\"https:\/\/www.canva.com\/design\/DAF9RrfLGVg\/0UrHIBmrp34v4tKfEQNi-w\/view?utm_content=DAF9RrfLGVg&amp;utm_campaign=designshare&amp;utm_medium=link&amp;utm_source=viewer\">https:\/\/www.canva.com\/design\/DAF9RrfLGVg\/0UrHIBmrp34v4tKfEQNi-w\/view?utm_content=DAF9RrfLGVg&amp;utm_campaign=designshare&amp;utm_medium=link&amp;utm_source=viewer<\/a><br \/>\n<span style=\"font-family: 'comic sans ms', sans-serif;font-size: 12pt\">&#8211; Plan de Biblioteca.<\/span><br \/>\n<span style=\"font-family: 'comic sans ms', sans-serif;font-size: 12pt\">A parte de estos programas que se llevan a cabo desde el Centro tambi\u00e9n se desarrollan otros que aunque no se incide directamente sobre el alumnado si que su puesta en pr\u00e1ctica repercute en la funcionamiento y organizaci\u00f3n del Centro, como son:<\/span><br \/>\n<span style=\"font-family: 'comic sans ms', sans-serif;font-size: 12pt\">&#8211; Plan Apertura.<\/span><br \/>\n<span style=\"font-family: 'comic sans ms', sans-serif;font-size: 12pt\">&#8211; Plan de Transformaci\u00f3n Digital Escolar.<\/span><br \/>\n<span style=\"font-family: 'comic sans ms', sans-serif;font-size: 12pt\">&#8211; Plan de Convivencia.<\/span><br \/>\n<span style=\"font-family: 'comic sans ms', sans-serif;font-size: 12pt\">&#8211; Plan de Autoprotecci\u00f3n y Seguridad laboral<\/span><\/p>\n<div class=\"entry-content\">\n<p>En nuestro Centro, aparte de las materias impartidas obligatorias, participamos en la puesta en marcha y desarrollo de Planes y Proyectos cuyo objetivo fundamental es complementar la formaci\u00f3n\/educaci\u00f3n que nuestros alumnado recibe, desarrollando valores como la igualdad, la no violencia, el cuidado de la salud y respeto al medio ambiente y el gusto y disfrute por la lectura. De esta forma los Proyectos que se llevan a cabo en el Centro son los siguientes:<br \/>\n\u2013 Escuela: Espacio de Paz&nbsp; &nbsp;&nbsp;<img loading=\"lazy\" decoding=\"async\" class=\"wp-image-1117 alignnone\" src=\"https:\/\/blogsaverroes.juntadeandalucia.es\/escuelainfantillosclaveles\/files\/2023\/02\/kisspng-push-button-booting-icon-green-button-5a90253a564ed1.8556884915193961543535.png\" alt=\"\" width=\"44\" height=\"44\"\/><\/p>\n<p>\u2013 Plan de Igualdad entre Hombres y Mujeres.<img loading=\"lazy\" decoding=\"async\" class=\"wp-image-1117 alignnone\" src=\"https:\/\/blogsaverroes.juntadeandalucia.es\/escuelainfantillosclaveles\/files\/2023\/02\/kisspng-push-button-booting-icon-green-button-5a90253a564ed1.8556884915193961543535.png\" alt=\"\" width=\"44\" height=\"44\"\/><br \/>\n\u2013 Pacto de Estado Contra la Violencia de G\u00e9nero.<img loading=\"lazy\" decoding=\"async\" class=\"wp-image-1117 alignnone\" src=\"https:\/\/blogsaverroes.juntadeandalucia.es\/escuelainfantillosclaveles\/files\/2023\/02\/kisspng-push-button-booting-icon-green-button-5a90253a564ed1.8556884915193961543535.png\" alt=\"\" width=\"44\" height=\"44\"\/><br \/>\n<span style=\"font-family: 'comic sans ms', sans-serif;font-size: 12pt\">&#8211; Programa CIMA: H\u00e1bitos de vida saludable( alimentaci\u00f3n saludable e inteligencia emocional),Educaci\u00f3n ambiental para la sostenibilidad ( Huerto) <\/span>\u2013 <img loading=\"lazy\" decoding=\"async\" class=\"wp-image-1117 alignnone\" src=\"https:\/\/blogsaverroes.juntadeandalucia.es\/escuelainfantillosclaveles\/files\/2023\/02\/kisspng-push-button-booting-icon-green-button-5a90253a564ed1.8556884915193961543535.png\" alt=\"\" width=\"44\" height=\"44\"\/><br \/>\n\u2013 Plan de Biblioteca.<img loading=\"lazy\" decoding=\"async\" class=\"wp-image-1117 alignnone\" src=\"https:\/\/blogsaverroes.juntadeandalucia.es\/escuelainfantillosclaveles\/files\/2023\/02\/kisspng-push-button-booting-icon-green-button-5a90253a564ed1.8556884915193961543535.png\" alt=\"\" width=\"44\" height=\"44\"\/><\/p>\n<p>A parte de estos programas que se llevan a cabo desde el Centro tambi\u00e9n se desarrollan otros que aunque no se incide directamente sobre el alumnado si que su puesta en pr\u00e1ctica repercute en la funcionamiento y organizaci\u00f3n del Centro, como son:<br \/>\n\u2013 Plan Apertura.<img loading=\"lazy\" decoding=\"async\" class=\"wp-image-1117 alignnone\" src=\"https:\/\/blogsaverroes.juntadeandalucia.es\/escuelainfantillosclaveles\/files\/2023\/02\/kisspng-push-button-booting-icon-green-button-5a90253a564ed1.8556884915193961543535.png\" alt=\"\" width=\"44\" height=\"44\"\/><br \/>\n\u2013 Plan de Transformaci\u00f3n Digital Escolar.<a href='https:\/\/drive.google.com\/file\/d\/11U3YPfwZT5uJUZ65ot1tJyrv0cXx3ICb\/view?usp=sharing' class='small-button smallblue'>PLAN DE TRANSFORMACI\u00d3N DIGITAL EDUCATIVA<\/a><br \/>\n\u2013 Plan de Convivencia.<img loading=\"lazy\" decoding=\"async\" class=\"wp-image-1117 alignnone\" src=\"https:\/\/blogsaverroes.juntadeandalucia.es\/escuelainfantillosclaveles\/files\/2023\/02\/kisspng-push-button-booting-icon-green-button-5a90253a564ed1.8556884915193961543535.png\" alt=\"\" width=\"44\" height=\"44\"\/><br \/>\n\u2013 Plan de Autoprotecci\u00f3n y Seguridad laboral<img loading=\"lazy\" decoding=\"async\" class=\"wp-image-1117 alignnone\" src=\"https:\/\/blogsaverroes.juntadeandalucia.es\/escuelainfantillosclaveles\/files\/2023\/02\/kisspng-push-button-booting-icon-green-button-5a90253a564ed1.8556884915193961543535.png\" alt=\"\" width=\"44\" height=\"44\"\/><\/p>\n<\/div>\n<div class=\"et_project_meta\">\n<p><strong class=\"et_project_meta_title\">Habilidades <\/strong><strong class=\"et_project_meta_title\">Publicado el<\/strong>15 de febrero de 2023<\/p>\n<\/div>\n","protected":false},"excerpt":{"rendered":"<p>https:\/\/blogsaverroes.juntadeandalucia.es\/educacionenvaloresdelegacionmalaga\/iv-encuentro-por-la-paz-de-los-centros-educativos-de-la-cala-de-mijas\/ EN EL SIGUIENTE ENLACE SE ENCUENTRA EL PLAN DE CONSUMO DE FRUTA Y VERDURAS https:\/\/www.canva.com\/design\/DAF9RrfLGVg\/0UrHIBmrp34v4tKfEQNi-w\/view?utm_content=DAF9RrfLGVg&amp;utm_campaign=designshare&amp;utm_medium=link&amp;utm_source=viewer &nbsp; &nbsp; &nbsp; &nbsp; &nbsp; En nuestro Centro, aparte de las materias impartidas obligatorias, participamos en la puesta en marcha y desarrollo de Planes y Proyectos cuyo objetivo fundamental es complementar la formaci\u00f3n\/educaci\u00f3n que nuestros alumnado recibe, desarrollando valores [&hellip;]<\/p>\n","protected":false},"author":17521,"featured_media":2083,"parent":0,"menu_order":0,"comment_status":"closed","ping_status":"closed","template":"","meta":{"_et_pb_use_builder":"off","_et_pb_old_content":"","_et_gb_content_width":"","ngg_post_thumbnail":0,"footnotes":""},"aioseo_notices":[],"_links":{"self":[{"href":"https:\/\/blogsaverroes.juntadeandalucia.es\/escuelainfantillosclaveles\/wp-json\/wp\/v2\/pages\/55"}],"collection":[{"href":"https:\/\/blogsaverroes.juntadeandalucia.es\/escuelainfantillosclaveles\/wp-json\/wp\/v2\/pages"}],"about":[{"href":"https:\/\/blogsaverroes.juntadeandalucia.es\/escuelainfantillosclaveles\/wp-json\/wp\/v2\/types\/page"}],"author":[{"embeddable":true,"href":"https:\/\/blogsaverroes.juntadeandalucia.es\/escuelainfantillosclaveles\/wp-json\/wp\/v2\/users\/17521"}],"replies":[{"embeddable":true,"href":"https:\/\/blogsaverroes.juntadeandalucia.es\/escuelainfantillosclaveles\/wp-json\/wp\/v2\/comments?post=55"}],"version-history":[{"count":30,"href":"https:\/\/blogsaverroes.juntadeandalucia.es\/escuelainfantillosclaveles\/wp-json\/wp\/v2\/pages\/55\/revisions"}],"predecessor-version":[{"id":3579,"href":"https:\/\/blogsaverroes.juntadeandalucia.es\/escuelainfantillosclaveles\/wp-json\/wp\/v2\/pages\/55\/revisions\/3579"}],"wp:featuredmedia":[{"embeddable":true,"href":"https:\/\/blogsaverroes.juntadeandalucia.es\/escuelainfantillosclaveles\/wp-json\/wp\/v2\/media\/2083"}],"wp:attachment":[{"href":"https:\/\/blogsaverroes.juntadeandalucia.es\/escuelainfantillosclaveles\/wp-json\/wp\/v2\/media?parent=55"}],"curies":[{"name":"wp","href":"https:\/\/api.w.org\/{rel}","templated":true}]}}

Planes y Proyectos. PROGRAMACIÓN

<p><a href="https://blogsaverroes.juntadeandalucia.es/educacionenvaloresdelegacionmalaga/iv-encuentro-por-la-paz-de-los-centros-educativos-de-la-cala-de-mijas/">https://blogsaverroes.juntadeandalucia.es/educacionenvaloresdelegacionmalaga/iv-encuentro-por-la-paz-de-los-centros-educativos-de-la-cala-de-mijas/</a></p>
<p>EN EL SIGUIENTE ENLACE SE ENCUENTRA EL PLAN DE CONSUMO DE FRUTA Y VERDURAS<img loading="lazy" decoding="async" class="aligncenter wp-image-2083 size-full" src="https://blogsaverroes.juntadeandalucia.es/escuelainfantillosclaveles/files/2024/02/Cartel-fruta.png" alt="" width="345" height="345" srcset="https://blogsaverroes.juntadeandalucia.es/escuelainfantillosclaveles/files/2024/02/Cartel-fruta.png 345w, https://blogsaverroes.juntadeandalucia.es/escuelainfantillosclaveles/files/2024/02/Cartel-fruta-300x300.png 300w, https://blogsaverroes.juntadeandalucia.es/escuelainfantillosclaveles/files/2024/02/Cartel-fruta-150x150.png 150w" sizes="(max-width: 345px) 100vw, 345px" /></p>
<p><a href="https://www.canva.com/design/DAF9RrfLGVg/0UrHIBmrp34v4tKfEQNi-w/view?utm_content=DAF9RrfLGVg&amp;utm_campaign=designshare&amp;utm_medium=link&amp;utm_source=viewer">https://www.canva.com/design/DAF9RrfLGVg/0UrHIBmrp34v4tKfEQNi-w/view?utm_content=DAF9RrfLGVg&amp;utm_campaign=designshare&amp;utm_medium=link&amp;utm_source=viewer</a></p>
<p>&nbsp;</p>
<p>&nbsp;</p>
<p>&nbsp;</p>
<p>&nbsp;</p>
<p><span style="font-family: 'comic sans ms', sans-serif;font-size: 12pt"><img loading="lazy" decoding="async" class="alignnone size-medium wp-image-608" src="https://blogsaverroes.juntadeandalucia.es/escuelainfantillosclaveles/files/2023/02/TODOS-CONTRA-LA-VIOLENCIA-300x118.jpeg" alt="" width="300" height="118"/></span></p>
<p>&nbsp;</p>
<a href='https://drive.google.com/file/d/1DEaRJ1FD2fkr11Yw4LItQ8RRJU0oAgQV/view?usp=share_link' class='icon-button download-icon' target="_blank">PLAN DE IGUALDAD ENTRE HOMBRES Y MUJERES<span class='et-icon'></span></a>
<p><span style="font-family: 'comic sans ms', sans-serif;font-size: 12pt">En nuestro Centro, aparte de las materias impartidas obligatorias, participamos en la puesta en marcha y desarrollo de Planes y Proyectos cuyo objetivo fundamental es complementar la formación/educación que nuestros alumnado recibe, desarrollando valores como la igualdad, la no violencia, el cuidado de la salud y respeto al medio ambiente y el gusto y disfrute por la lectura. De esta forma los Proyectos que se llevan a cabo en el Centro son los siguientes:</span><br />
<span style="font-family: 'comic sans ms', sans-serif;font-size: 12pt">&#8211; Escuela: Espacio de Paz.</span><br />
<span style="font-family: 'comic sans ms', sans-serif;font-size: 12pt">&#8211; Plan de Igualdad entre Hombres y Mujeres.</span><br />
<span style="font-family: 'comic sans ms', sans-serif;font-size: 12pt">&#8211; Pacto de Estado Contra la Violencia de Género.</span><br />
<span style="font-family: 'comic sans ms', sans-serif;font-size: 12pt">&#8211; Programa CIMA: Hábitos de vida saludable( alimentación saludable e inteligencia emocional),Educación ambiental para la sostenibilidad ( Huerto)&nbsp;</span></p>
<p><a href="https://www.canva.com/design/DAF9RrfLGVg/0UrHIBmrp34v4tKfEQNi-w/view?utm_content=DAF9RrfLGVg&amp;utm_campaign=designshare&amp;utm_medium=link&amp;utm_source=viewer">https://www.canva.com/design/DAF9RrfLGVg/0UrHIBmrp34v4tKfEQNi-w/view?utm_content=DAF9RrfLGVg&amp;utm_campaign=designshare&amp;utm_medium=link&amp;utm_source=viewer</a><br />
<span style="font-family: 'comic sans ms', sans-serif;font-size: 12pt">&#8211; Plan de Biblioteca.</span><br />
<span style="font-family: 'comic sans ms', sans-serif;font-size: 12pt">A parte de estos programas que se llevan a cabo desde el Centro también se desarrollan otros que aunque no se incide directamente sobre el alumnado si que su puesta en práctica repercute en la funcionamiento y organización del Centro, como son:</span><br />
<span style="font-family: 'comic sans ms', sans-serif;font-size: 12pt">&#8211; Plan Apertura.</span><br />
<span style="font-family: 'comic sans ms', sans-serif;font-size: 12pt">&#8211; Plan de Transformación Digital Escolar.</span><br />
<span style="font-family: 'comic sans ms', sans-serif;font-size: 12pt">&#8211; Plan de Convivencia.</span><br />
<span style="font-family: 'comic sans ms', sans-serif;font-size: 12pt">&#8211; Plan de Autoprotección y Seguridad laboral</span></p>
<div class="entry-content">
<p>En nuestro Centro, aparte de las materias impartidas obligatorias, participamos en la puesta en marcha y desarrollo de Planes y Proyectos cuyo objetivo fundamental es complementar la formación/educación que nuestros alumnado recibe, desarrollando valores como la igualdad, la no violencia, el cuidado de la salud y respeto al medio ambiente y el gusto y disfrute por la lectura. De esta forma los Proyectos que se llevan a cabo en el Centro son los siguientes:<br />
– Escuela: Espacio de Paz&nbsp; &nbsp;&nbsp;<img loading="lazy" decoding="async" class="wp-image-1117 alignnone" src="https://blogsaverroes.juntadeandalucia.es/escuelainfantillosclaveles/files/2023/02/kisspng-push-button-booting-icon-green-button-5a90253a564ed1.8556884915193961543535.png" alt="" width="44" height="44"/></p>
<p>– Plan de Igualdad entre Hombres y Mujeres.<img loading="lazy" decoding="async" class="wp-image-1117 alignnone" src="https://blogsaverroes.juntadeandalucia.es/escuelainfantillosclaveles/files/2023/02/kisspng-push-button-booting-icon-green-button-5a90253a564ed1.8556884915193961543535.png" alt="" width="44" height="44"/><br />
– Pacto de Estado Contra la Violencia de Género.<img loading="lazy" decoding="async" class="wp-image-1117 alignnone" src="https://blogsaverroes.juntadeandalucia.es/escuelainfantillosclaveles/files/2023/02/kisspng-push-button-booting-icon-green-button-5a90253a564ed1.8556884915193961543535.png" alt="" width="44" height="44"/><br />
<span style="font-family: 'comic sans ms', sans-serif;font-size: 12pt">&#8211; Programa CIMA: Hábitos de vida saludable( alimentación saludable e inteligencia emocional),Educación ambiental para la sostenibilidad ( Huerto) </span>– <img loading="lazy" decoding="async" class="wp-image-1117 alignnone" src="https://blogsaverroes.juntadeandalucia.es/escuelainfantillosclaveles/files/2023/02/kisspng-push-button-booting-icon-green-button-5a90253a564ed1.8556884915193961543535.png" alt="" width="44" height="44"/><br />
– Plan de Biblioteca.<img loading="lazy" decoding="async" class="wp-image-1117 alignnone" src="https://blogsaverroes.juntadeandalucia.es/escuelainfantillosclaveles/files/2023/02/kisspng-push-button-booting-icon-green-button-5a90253a564ed1.8556884915193961543535.png" alt="" width="44" height="44"/></p>
<p>A parte de estos programas que se llevan a cabo desde el Centro también se desarrollan otros que aunque no se incide directamente sobre el alumnado si que su puesta en práctica repercute en la funcionamiento y organización del Centro, como son:<br />
– Plan Apertura.<img loading="lazy" decoding="async" class="wp-image-1117 alignnone" src="https://blogsaverroes.juntadeandalucia.es/escuelainfantillosclaveles/files/2023/02/kisspng-push-button-booting-icon-green-button-5a90253a564ed1.8556884915193961543535.png" alt="" width="44" height="44"/><br />
– Plan de Transformación Digital Escolar.<a href='https://drive.google.com/file/d/11U3YPfwZT5uJUZ65ot1tJyrv0cXx3ICb/view?usp=sharing' class='small-button smallblue'>PLAN DE TRANSFORMACIÓN DIGITAL EDUCATIVA</a><br />
– Plan de Convivencia.<img loading="lazy" decoding="async" class="wp-image-1117 alignnone" src="https://blogsaverroes.juntadeandalucia.es/escuelainfantillosclaveles/files/2023/02/kisspng-push-button-booting-icon-green-button-5a90253a564ed1.8556884915193961543535.png" alt="" width="44" height="44"/><br />
– Plan de Autoprotección y Seguridad laboral<img loading="lazy" decoding="async" class="wp-image-1117 alignnone" src="https://blogsaverroes.juntadeandalucia.es/escuelainfantillosclaveles/files/2023/02/kisspng-push-button-booting-icon-green-button-5a90253a564ed1.8556884915193961543535.png" alt="" width="44" height="44"/></p>
</div>
<div class="et_project_meta">
<p><strong class="et_project_meta_title">Habilidades </strong><strong class="et_project_meta_title">Publicado el</strong>15 de febrero de 2023</p>
</div>

<p>https://blogsaverroes.juntadeandalucia.es/educacionenvaloresdelegacionmalaga/iv-encuentro-por-la-paz-de-los-centros-educativos-de-la-cala-de-mijas/ EN EL SIGUIENTE ENLACE SE ENCUENTRA EL PLAN DE CONSUMO DE FRUTA Y VERDURAS https://www.canva.com/design/DAF9RrfLGVg/0UrHIBmrp34v4tKfEQNi-w/view?utm_content=DAF9RrfLGVg&amp;utm_campaign=designshare&amp;utm_medium=link&amp;utm_source=viewer &nbsp; &nbsp; &nbsp; &nbsp; &nbsp; En nuestro Centro, aparte de las materias impartidas obligatorias, participamos en la puesta en marcha y desarrollo de Planes y Proyectos cuyo objetivo fundamental es complementar la formación/educación que nuestros alumnado recibe, desarrollando valores [&hellip;]</p>
