{"id":83,"date":"2015-03-18T17:21:51","date_gmt":"2015-03-18T16:21:51","guid":{"rendered":"https:\/\/escuelamaestropadilla.wordpress.com\/?page_id=83"},"modified":"2025-06-25T09:23:15","modified_gmt":"2025-06-25T07:23:15","slug":"plan-de-centro","status":"publish","type":"page","link":"https:\/\/blogsaverroes.juntadeandalucia.es\/escuelainfantilmaestropadilla\/plan-de-centro\/","title":{"rendered":"PLAN DE CENTRO"},"content":{"rendered":"<div>El plan de centro es el documento de referencia que expresa las se\u00f1as de identidad de nuestro centro. Ha sido elaborado y consensuado por todos los sectores de la comunidad educativa.<\/div>\n<div>&nbsp;<\/div>\n<div>La ley 17\/2007, (LEA) de 10 de diciembre, de educaci\u00f3n de Andaluc\u00eda, establece, en su art\u00edculo 126, que los documentos que integran el Plan de Centro son:<\/div>\n<div>&nbsp;<\/div>\n<div>El PROYECTO EDUCATIVO.<\/div>\n<div>EL REGLAMENTO DE ORGANIZACI\u00d3N Y FUNCIONAMIENTO.<\/div>\n<div>EL PROYECTO DE GESTI\u00d3N DEL CENTRO<\/div>\n<div>&nbsp;<\/div>\n<div>En esta presentaci\u00f3n podemos pinchar y leer cada documento por separado.<iframe loading=\"lazy\" src=\"https:\/\/view.genially.com\/673c6b9ef1ae7efd8e70003f\" width=\"700\" height=\"400\" frameborder=\"0\" scrolling=\"yes\"><\/iframe><\/div>\n<p>&nbsp;<\/p>\n<p>&nbsp;<\/p>\n<p>&nbsp;<\/p>\n<p>&nbsp;<\/p>\n<p>&nbsp;<\/p>\n","protected":false},"excerpt":{"rendered":"<p>El plan de centro es el documento de referencia que expresa las se\u00f1as de identidad de nuestro centro. Ha sido elaborado y consensuado por todos los sectores de la comunidad educativa. &nbsp; La ley&#46;&#46;&#46;<\/p>\n","protected":false},"author":11410,"featured_media":0,"parent":0,"menu_order":0,"comment_status":"open","ping_status":"open","template":"","meta":{"ngg_post_thumbnail":0,"footnotes":"","_mc_calendar":[]},"aioseo_notices":[],"_links":{"self":[{"href":"https:\/\/blogsaverroes.juntadeandalucia.es\/escuelainfantilmaestropadilla\/wp-json\/wp\/v2\/pages\/83"}],"collection":[{"href":"https:\/\/blogsaverroes.juntadeandalucia.es\/escuelainfantilmaestropadilla\/wp-json\/wp\/v2\/pages"}],"about":[{"href":"https:\/\/blogsaverroes.juntadeandalucia.es\/escuelainfantilmaestropadilla\/wp-json\/wp\/v2\/types\/page"}],"author":[{"embeddable":true,"href":"https:\/\/blogsaverroes.juntadeandalucia.es\/escuelainfantilmaestropadilla\/wp-json\/wp\/v2\/users\/11410"}],"replies":[{"embeddable":true,"href":"https:\/\/blogsaverroes.juntadeandalucia.es\/escuelainfantilmaestropadilla\/wp-json\/wp\/v2\/comments?post=83"}],"version-history":[{"count":19,"href":"https:\/\/blogsaverroes.juntadeandalucia.es\/escuelainfantilmaestropadilla\/wp-json\/wp\/v2\/pages\/83\/revisions"}],"predecessor-version":[{"id":8003,"href":"https:\/\/blogsaverroes.juntadeandalucia.es\/escuelainfantilmaestropadilla\/wp-json\/wp\/v2\/pages\/83\/revisions\/8003"}],"wp:attachment":[{"href":"https:\/\/blogsaverroes.juntadeandalucia.es\/escuelainfantilmaestropadilla\/wp-json\/wp\/v2\/media?parent=83"}],"curies":[{"name":"wp","href":"https:\/\/api.w.org\/{rel}","templated":true}]}}

<div>El plan de centro es el documento de referencia que expresa las señas de identidad de nuestro centro. Ha sido elaborado y consensuado por todos los sectores de la comunidad educativa.</div>
<div>&nbsp;</div>
<div>La ley 17/2007, (LEA) de 10 de diciembre, de educación de Andalucía, establece, en su artículo 126, que los documentos que integran el Plan de Centro son:</div>
<div>&nbsp;</div>
<div>El PROYECTO EDUCATIVO.</div>
<div>EL REGLAMENTO DE ORGANIZACIÓN Y FUNCIONAMIENTO.</div>
<div>EL PROYECTO DE GESTIÓN DEL CENTRO</div>
<div>&nbsp;</div>
<div>En esta presentación podemos pinchar y leer cada documento por separado.<iframe loading="lazy" src="https://view.genially.com/673c6b9ef1ae7efd8e70003f" width="700" height="400" frameborder="0" scrolling="yes"></iframe></div>
<p>&nbsp;</p>
<p>&nbsp;</p>
<p>&nbsp;</p>
<p>&nbsp;</p>
<p>&nbsp;</p>

<p>El plan de centro es el documento de referencia que expresa las señas de identidad de nuestro centro. Ha sido elaborado y consensuado por todos los sectores de la comunidad educativa. &nbsp; La ley&#46;&#46;&#46;</p>
