{"id":89,"date":"2015-03-18T17:24:17","date_gmt":"2015-03-18T16:24:17","guid":{"rendered":"https:\/\/escuelamaestropadilla.wordpress.com\/?page_id=89"},"modified":"2026-04-07T12:11:03","modified_gmt":"2026-04-07T10:11:03","slug":"servicios-complementarios","status":"publish","type":"page","link":"https:\/\/blogsaverroes.juntadeandalucia.es\/escuelainfantilmaestropadilla\/servicios-complementarios\/","title":{"rendered":"SERVICIOS COMPLEMENTARIOS"},"content":{"rendered":"<p><strong><span style=\"color: #008000\">PLAZAS OFERTADAS PARA EL CURSO 2026-27.<\/span><\/strong><\/p>\n<ul>\n<li><strong><span style=\"color: #008000\">Aula matinal: 60 plazas<\/span><\/strong><\/li>\n<li><strong><span style=\"color: #008000\">Comedor: 40 plazas<\/span><\/strong><\/li>\n<li><strong><span style=\"color: #008000\">Actividades extraescolares (a\u00fan por determinar): sin l\u00edmite de plazas<\/span><\/strong><\/li>\n<\/ul>\n<p><a href=\"https:\/\/drive.google.com\/file\/d\/1hZaxvkNv4Q68GmfnZbuzwG88NV5d6UUD\/view?usp=sharing\" target=\"_blank\" rel=\"noopener noreferrer\">IMPRESO SOLICITUD AULA MATINAL, COMEDOR Y ACTIVIDADES EXTRAESCOLARES<\/a><\/p>\n<p><a href=\"https:\/\/drive.google.com\/file\/d\/1Klk1FCqPknW4yGLjCEeF9tLlIzldEH3u\/view?usp=sharing\" target=\"_blank\" rel=\"noopener noreferrer\">SOLICITUD DE BONIFICACI\u00d3N<\/a><\/p>\n<p><strong>NORMATIVA SOBRE LOS SERVICIOS COMPLEMENTARIOS:<\/strong><\/p>\n<ul>\n<li><a href=\"https:\/\/www.juntadeandalucia.es\/boja\/2019\/70\/3\" target=\"_blank\" rel=\"noopener\">https:\/\/www.juntadeandalucia.es\/boja\/2019\/70\/3<\/a><\/li>\n<li><a href=\"https:\/\/www.juntadeandalucia.es\/eboja\/2017\/78\/BOJA17-078-00027-7095-01_00112396.pdf\" target=\"_blank\" rel=\"noopener\">https:\/\/www.juntadeandalucia.es\/eboja\/2017\/78\/BOJA17-078-00027-7095-01_00112396.pdf<\/a><\/li>\n<\/ul>\n<p>&nbsp;<\/p>\n<p><span style=\"color: #ff0000\"><strong>AULA MATINAL<\/strong><\/span><\/p>\n<p>Horario de 7:30 a 9:00 h. L@s monitor@s acompa\u00f1ar\u00e1n al alumnado a sus aulas.<\/p>\n<p>&nbsp;<\/p>\n<p style=\"text-align: left\"><span style=\"color: #ff0000\"><strong>COMEDOR ESCOLAR<\/strong><\/span><\/p>\n<p>Horario de 14:00 a 16:00 h.<\/p>\n<p><a href=\"https:\/\/drive.google.com\/file\/d\/1DbD_q1c546eFQNsquwItJQy7E0v569T_\/view?usp=sharing\" target=\"_blank\" rel=\"noopener\">CARTA APP COLECHEF ISE BIENVENIDA 2025-26<\/a><\/p>\n<p><a href=\"https:\/\/drive.google.com\/file\/d\/1yrlWzHOhYTsWvZ58ya9Zz6OCcgRPJLGS\/view?usp=sharing\" target=\"_blank\" rel=\"noopener\">COMO DESCARGAR LA APP COLECHEF<\/a><\/p>\n<p><a href=\"https:\/\/drive.google.com\/file\/d\/1r7UMbHaO8wt2exZwXgDjXRghAnGqSBOU\/view?usp=sharing\" target=\"_blank\" rel=\"noopener\">NORMATIVA DEL COMEDOR ESCOLAR<\/a><\/p>\n<p><a href=\"https:\/\/drive.google.com\/file\/d\/150tg0vgZ0eTnbbjOSZ37uHtQuW5D4d2D\/view?usp=sharing\" target=\"_blank\" rel=\"noopener\">Men\u00fa<\/a><\/p>\n<p>&nbsp;<\/p>\n<p style=\"text-align: left\"><span style=\"color: #ff0000\"><strong>ACTIVIDADES EXTRAESCOLARES<\/strong><\/span><\/p>\n<p><img loading=\"lazy\" decoding=\"async\" class=\"aligncenter wp-image-8035 size-large\" src=\"https:\/\/blogsaverroes.juntadeandalucia.es\/escuelainfantilmaestropadilla\/files\/2025\/09\/Horario-Actividades-Infantiles-Divertido-Azul-2-1024x724.jpg\" alt=\"\" width=\"1024\" height=\"724\" srcset=\"https:\/\/blogsaverroes.juntadeandalucia.es\/escuelainfantilmaestropadilla\/files\/2025\/09\/Horario-Actividades-Infantiles-Divertido-Azul-2-1024x724.jpg 1024w, https:\/\/blogsaverroes.juntadeandalucia.es\/escuelainfantilmaestropadilla\/files\/2025\/09\/Horario-Actividades-Infantiles-Divertido-Azul-2-300x212.jpg 300w, https:\/\/blogsaverroes.juntadeandalucia.es\/escuelainfantilmaestropadilla\/files\/2025\/09\/Horario-Actividades-Infantiles-Divertido-Azul-2-768x543.jpg 768w, https:\/\/blogsaverroes.juntadeandalucia.es\/escuelainfantilmaestropadilla\/files\/2025\/09\/Horario-Actividades-Infantiles-Divertido-Azul-2-1536x1086.jpg 1536w, https:\/\/blogsaverroes.juntadeandalucia.es\/escuelainfantilmaestropadilla\/files\/2025\/09\/Horario-Actividades-Infantiles-Divertido-Azul-2.jpg 1600w\" sizes=\"(max-width: 1024px) 100vw, 1024px\" \/><\/p>\n<p>Se desarrollar\u00e1n del 1 de octubre al 30 de mayo.<\/p>\n<p>&nbsp;<\/p>\n<p>&nbsp;<\/p>\n","protected":false},"excerpt":{"rendered":"<p>PLAZAS OFERTADAS PARA EL CURSO 2026-27. Aula matinal: 60 plazas Comedor: 40 plazas Actividades extraescolares (a\u00fan por determinar): sin l\u00edmite de plazas IMPRESO SOLICITUD AULA MATINAL, COMEDOR Y ACTIVIDADES EXTRAESCOLARES SOLICITUD DE BONIFICACI\u00d3N NORMATIVA&#46;&#46;&#46;<\/p>\n","protected":false},"author":11410,"featured_media":0,"parent":0,"menu_order":0,"comment_status":"open","ping_status":"open","template":"","meta":{"ngg_post_thumbnail":0,"footnotes":"","_mc_calendar":[]},"aioseo_notices":[],"_links":{"self":[{"href":"https:\/\/blogsaverroes.juntadeandalucia.es\/escuelainfantilmaestropadilla\/wp-json\/wp\/v2\/pages\/89"}],"collection":[{"href":"https:\/\/blogsaverroes.juntadeandalucia.es\/escuelainfantilmaestropadilla\/wp-json\/wp\/v2\/pages"}],"about":[{"href":"https:\/\/blogsaverroes.juntadeandalucia.es\/escuelainfantilmaestropadilla\/wp-json\/wp\/v2\/types\/page"}],"author":[{"embeddable":true,"href":"https:\/\/blogsaverroes.juntadeandalucia.es\/escuelainfantilmaestropadilla\/wp-json\/wp\/v2\/users\/11410"}],"replies":[{"embeddable":true,"href":"https:\/\/blogsaverroes.juntadeandalucia.es\/escuelainfantilmaestropadilla\/wp-json\/wp\/v2\/comments?post=89"}],"version-history":[{"count":77,"href":"https:\/\/blogsaverroes.juntadeandalucia.es\/escuelainfantilmaestropadilla\/wp-json\/wp\/v2\/pages\/89\/revisions"}],"predecessor-version":[{"id":8422,"href":"https:\/\/blogsaverroes.juntadeandalucia.es\/escuelainfantilmaestropadilla\/wp-json\/wp\/v2\/pages\/89\/revisions\/8422"}],"wp:attachment":[{"href":"https:\/\/blogsaverroes.juntadeandalucia.es\/escuelainfantilmaestropadilla\/wp-json\/wp\/v2\/media?parent=89"}],"curies":[{"name":"wp","href":"https:\/\/api.w.org\/{rel}","templated":true}]}}

<p><strong><span style="color: #008000">PLAZAS OFERTADAS PARA EL CURSO 2026-27.</span></strong></p>
<ul>
<li><strong><span style="color: #008000">Aula matinal: 60 plazas</span></strong></li>
<li><strong><span style="color: #008000">Comedor: 40 plazas</span></strong></li>
<li><strong><span style="color: #008000">Actividades extraescolares (aún por determinar): sin límite de plazas</span></strong></li>
</ul>
<p><a href="https://drive.google.com/file/d/1hZaxvkNv4Q68GmfnZbuzwG88NV5d6UUD/view?usp=sharing" target="_blank" rel="noopener noreferrer">IMPRESO SOLICITUD AULA MATINAL, COMEDOR Y ACTIVIDADES EXTRAESCOLARES</a></p>
<p><a href="https://drive.google.com/file/d/1Klk1FCqPknW4yGLjCEeF9tLlIzldEH3u/view?usp=sharing" target="_blank" rel="noopener noreferrer">SOLICITUD DE BONIFICACIÓN</a></p>
<p><strong>NORMATIVA SOBRE LOS SERVICIOS COMPLEMENTARIOS:</strong></p>
<ul>
<li><a href="https://www.juntadeandalucia.es/boja/2019/70/3" target="_blank" rel="noopener">https://www.juntadeandalucia.es/boja/2019/70/3</a></li>
<li><a href="https://www.juntadeandalucia.es/eboja/2017/78/BOJA17-078-00027-7095-01_00112396.pdf" target="_blank" rel="noopener">https://www.juntadeandalucia.es/eboja/2017/78/BOJA17-078-00027-7095-01_00112396.pdf</a></li>
</ul>
<p>&nbsp;</p>
<p><span style="color: #ff0000"><strong>AULA MATINAL</strong></span></p>
<p>Horario de 7:30 a 9:00 h. L@s monitor@s acompañarán al alumnado a sus aulas.</p>
<p>&nbsp;</p>
<p style="text-align: left"><span style="color: #ff0000"><strong>COMEDOR ESCOLAR</strong></span></p>
<p>Horario de 14:00 a 16:00 h.</p>
<p><a href="https://drive.google.com/file/d/1DbD_q1c546eFQNsquwItJQy7E0v569T_/view?usp=sharing" target="_blank" rel="noopener">CARTA APP COLECHEF ISE BIENVENIDA 2025-26</a></p>
<p><a href="https://drive.google.com/file/d/1yrlWzHOhYTsWvZ58ya9Zz6OCcgRPJLGS/view?usp=sharing" target="_blank" rel="noopener">COMO DESCARGAR LA APP COLECHEF</a></p>
<p><a href="https://drive.google.com/file/d/1r7UMbHaO8wt2exZwXgDjXRghAnGqSBOU/view?usp=sharing" target="_blank" rel="noopener">NORMATIVA DEL COMEDOR ESCOLAR</a></p>
<p><a href="https://drive.google.com/file/d/150tg0vgZ0eTnbbjOSZ37uHtQuW5D4d2D/view?usp=sharing" target="_blank" rel="noopener">Menú</a></p>
<p>&nbsp;</p>
<p style="text-align: left"><span style="color: #ff0000"><strong>ACTIVIDADES EXTRAESCOLARES</strong></span></p>
<p><img loading="lazy" decoding="async" class="aligncenter wp-image-8035 size-large" src="https://blogsaverroes.juntadeandalucia.es/escuelainfantilmaestropadilla/files/2025/09/Horario-Actividades-Infantiles-Divertido-Azul-2-1024x724.jpg" alt="" width="1024" height="724" srcset="https://blogsaverroes.juntadeandalucia.es/escuelainfantilmaestropadilla/files/2025/09/Horario-Actividades-Infantiles-Divertido-Azul-2-1024x724.jpg 1024w, https://blogsaverroes.juntadeandalucia.es/escuelainfantilmaestropadilla/files/2025/09/Horario-Actividades-Infantiles-Divertido-Azul-2-300x212.jpg 300w, https://blogsaverroes.juntadeandalucia.es/escuelainfantilmaestropadilla/files/2025/09/Horario-Actividades-Infantiles-Divertido-Azul-2-768x543.jpg 768w, https://blogsaverroes.juntadeandalucia.es/escuelainfantilmaestropadilla/files/2025/09/Horario-Actividades-Infantiles-Divertido-Azul-2-1536x1086.jpg 1536w, https://blogsaverroes.juntadeandalucia.es/escuelainfantilmaestropadilla/files/2025/09/Horario-Actividades-Infantiles-Divertido-Azul-2.jpg 1600w" sizes="(max-width: 1024px) 100vw, 1024px" /></p>
<p>Se desarrollarán del 1 de octubre al 30 de mayo.</p>
<p>&nbsp;</p>
<p>&nbsp;</p>

<p>PLAZAS OFERTADAS PARA EL CURSO 2026-27. Aula matinal: 60 plazas Comedor: 40 plazas Actividades extraescolares (aún por determinar): sin límite de plazas IMPRESO SOLICITUD AULA MATINAL, COMEDOR Y ACTIVIDADES EXTRAESCOLARES SOLICITUD DE BONIFICACIÓN NORMATIVA&#46;&#46;&#46;</p>
