{"id":80,"date":"2015-03-16T06:57:36","date_gmt":"2015-03-16T06:57:36","guid":{"rendered":"http:\/\/blogsaverroes.juntadeandalucia.es\/pre\/ceip\/?page_id=80"},"modified":"2021-08-31T20:36:28","modified_gmt":"2021-08-31T20:36:28","slug":"curso-escolar","status":"publish","type":"page","link":"https:\/\/blogsaverroes.juntadeandalucia.es\/escuelainfantilpuntasabinar\/curso-escolar\/","title":{"rendered":"Curso escolar"},"content":{"rendered":"<p><a href=\"https:\/\/blogsaverroes.juntadeandalucia.es\/escuelainfantilpuntasabinar\/files\/2014\/12\/lapices1.jpg\"><img loading=\"lazy\" decoding=\"async\" class=\"size-medium wp-image-546 aligncenter\" src=\"https:\/\/blogsaverroes.juntadeandalucia.es\/escuelainfantilpuntasabinar\/files\/2014\/12\/lapices1-300x199.jpg\" alt=\"\" width=\"300\" height=\"199\" srcset=\"https:\/\/blogsaverroes.juntadeandalucia.es\/escuelainfantilpuntasabinar\/files\/2014\/12\/lapices1-300x199.jpg 300w, https:\/\/blogsaverroes.juntadeandalucia.es\/escuelainfantilpuntasabinar\/files\/2014\/12\/lapices1-1024x682.jpg 1024w, https:\/\/blogsaverroes.juntadeandalucia.es\/escuelainfantilpuntasabinar\/files\/2014\/12\/lapices1.jpg 1280w\" sizes=\"(max-width: 300px) 100vw, 300px\" \/><\/a>Bienvenidas y bienvenidos al curso escolar 2021\/22&nbsp;<\/p>\n<p>Con este blog pretendemos acercar nuestra comunidad educativa a nuestras familias y dar a conocer as\u00ed el funcionamiento de nuestra Escuela de Infantil.&nbsp;<\/p>\n<p>Pretendemos que el uso del mismo se convierta en un recurso m\u00e1s que facilite la comunicaci\u00f3n entre todas aquellas personas que quieran saber del funcionamiento de nuestro centro y\/o acercarse m\u00e1s a nosotros\/as.&nbsp;<\/p>\n<p>Nos enfrentamos a un curso muy complicado y bastante dif\u00edcil, con una incertidumbre total sobre la evoluci\u00f3n de la pandemia,&nbsp; pero por otro lado, con toda esta situaci\u00f3n, necesitamos volver a sentir que una nueva normalidad puede ser posible.<\/p>\n<p>Siendo conscientes de que los momentos de compartir, de abrazarnos, besarnos &#8230;cada muestra de cari\u00f1o, algo tan simple como una sonrisa no podamos compartirlo con nuestros ni\u00f1os y ni\u00f1as.<\/p>\n<p>C\u00f3mo&nbsp; explicar tantas y tantas cosas que est\u00e1n o deben estar pero de momento no pueden ser. Con todo esto, tan dif\u00edcil, tan complicado, vamos a comenzar.<\/p>\n<p>De la misma manera que es complicado todo esto para nosotras como docentes y para vosotras como familias , igual de imposible o insuficiente es, para estas personillas tan peque\u00f1as, todo este proceso.<\/p>\n<p>Una educaci\u00f3n y ense\u00f1anza telem\u00e1tica, que es posible que llegue y para la que estamos preparando todo con el mayor de los esfuerzos y exigiendo seg\u00fan las necesidades de nuestro alumnado a las instituciones responsables. Mucho m\u00e1s impersonal, mucho menos directa y dependiente de las familias que no tienen, en la mayor\u00eda de los casos, ni el tiempo ni los medios necesarios para todo esto, somos conscientes y por eso m\u00e1s que nunca apelamos a la responsabilidad de las familias en el cumplimiento de todos los protocolos que se han elaborado siguiendo las instrucciones de la normativa y las posibilidades de la infraestructura del centro y de los recursos humanos de los que disponemos en la actualidad.&nbsp;<\/p>\n<p>No tenemos la seguridad de que el cumplimiento de cada protocolo nos garantice su \u00e9xito, pero s\u00ed&nbsp; est\u00e1 claro que tenemos que poner todo de nuestra parte desde todos los sectores de la comunidad educativa para salir adelante.<\/p>\n<p>Esperamos que este blog os sea de gran utilidad y m\u00e1s teniendo en cuenta la situaci\u00f3n dif\u00edcil en la que nos encontramos.&nbsp;&nbsp;<\/p>\n<p>Un saludo, atentamente el equipo de la Escuela Infantil \u00abPunta Sabinar\u00bb<\/p>\n","protected":false},"excerpt":{"rendered":"<p>Bienvenidas y bienvenidos al curso escolar 2021\/22&nbsp; Con este blog pretendemos acercar nuestra comunidad educativa a nuestras familias y dar a conocer as\u00ed el funcionamiento de nuestra Escuela de Infantil.&nbsp; Pretendemos que el uso&#46;&#46;&#46;<\/p>\n","protected":false},"author":1,"featured_media":0,"parent":0,"menu_order":0,"comment_status":"closed","ping_status":"open","template":"","meta":{"ngg_post_thumbnail":0,"footnotes":"","_mc_calendar":[]},"aioseo_notices":[],"_links":{"self":[{"href":"https:\/\/blogsaverroes.juntadeandalucia.es\/escuelainfantilpuntasabinar\/wp-json\/wp\/v2\/pages\/80"}],"collection":[{"href":"https:\/\/blogsaverroes.juntadeandalucia.es\/escuelainfantilpuntasabinar\/wp-json\/wp\/v2\/pages"}],"about":[{"href":"https:\/\/blogsaverroes.juntadeandalucia.es\/escuelainfantilpuntasabinar\/wp-json\/wp\/v2\/types\/page"}],"author":[{"embeddable":true,"href":"https:\/\/blogsaverroes.juntadeandalucia.es\/escuelainfantilpuntasabinar\/wp-json\/wp\/v2\/users\/1"}],"replies":[{"embeddable":true,"href":"https:\/\/blogsaverroes.juntadeandalucia.es\/escuelainfantilpuntasabinar\/wp-json\/wp\/v2\/comments?post=80"}],"version-history":[{"count":3,"href":"https:\/\/blogsaverroes.juntadeandalucia.es\/escuelainfantilpuntasabinar\/wp-json\/wp\/v2\/pages\/80\/revisions"}],"predecessor-version":[{"id":2816,"href":"https:\/\/blogsaverroes.juntadeandalucia.es\/escuelainfantilpuntasabinar\/wp-json\/wp\/v2\/pages\/80\/revisions\/2816"}],"wp:attachment":[{"href":"https:\/\/blogsaverroes.juntadeandalucia.es\/escuelainfantilpuntasabinar\/wp-json\/wp\/v2\/media?parent=80"}],"curies":[{"name":"wp","href":"https:\/\/api.w.org\/{rel}","templated":true}]}}