{"id":49,"date":"2015-03-13T08:47:05","date_gmt":"2015-03-13T08:47:05","guid":{"rendered":"http:\/\/blogsaverroes.juntadeandalucia.es\/pre\/ceip\/?page_id=49"},"modified":"2018-03-22T15:31:57","modified_gmt":"2018-03-22T15:31:57","slug":"proyecto-educativo","status":"publish","type":"page","link":"https:\/\/blogsaverroes.juntadeandalucia.es\/escuelainfantilsantoangel\/proyecto-educativo\/","title":{"rendered":"Proyecto Educativo"},"content":{"rendered":"<h5><span style=\"color: #000000\">Nuestro Proyecto Educativo est\u00e1 en el Centro a disposici\u00f3n &nbsp;de las familias que lo deseen.<\/span><\/h5>\n<h5><span style=\"color: #000000\">Destacamos nuestras Finalidades Educativas que enmarcan el tipo de escuela que defendemos.<\/span><\/h5>\n<ul>\n<li>\n<h5><span style=\"color: #000000\">Queremos una escuela que asuma, valore y respete la diversidad como fuente de riqueza. En la que tengan cabida todas las individualidades con sus peculiaridades y caracter\u00edsticas que les sean propias. Por ello no discriminatoria, tanto a nivel de sexo, raza, situaci\u00f3n sociocultural, religi\u00f3n, o cualquier otra caracter\u00edstica que pueda ser un elemento diferenciador.<\/span><\/h5>\n<\/li>\n<li>\n<h5><span style=\"color: #000000\">Queremos una escuela democr\u00e1tica. La comunidad escolar la constituimos todos con nuestra participaci\u00f3n y responsabilidad. Todos los \u00f3rganos de gesti\u00f3n de la escuela son representativos de los distintos sectores implicados. En cuanto a los ni\u00f1os, se concreta en un equipo que les escucha y atiende sus necesidades, y les trata con afecto y respeto.<\/span><\/h5>\n<\/li>\n<li>\n<h5><span style=\"color: #000000\">Queremos una escuela pluralista. En el sentido de que nadie pueda ser discriminado por sus ideas. Todos tienen posibilidad de expresarlas y defenderlas dentro del respeto a lo establecido.<\/span><\/h5>\n<\/li>\n<li>\n<h5><span style=\"color: #000000\">Queremos una escuela arraigada en su entorno, que aproveche sus recursos, y que posibilite intercambios de influencias mutuas.<\/span><\/h5>\n<\/li>\n<li>\n<h5><span style=\"color: #000000\">Queremos una escuela participativa y abierta, especialmente a la implicaci\u00f3n de las familias en la cotidianidad del centro y en el proceso de ense\u00f1anza-aprendizaje de sus hijos-as.<\/span><\/h5>\n<\/li>\n<li>\n<h5><span style=\"color: #000000\">Queremos una escuela coeducadora, donde se integran ni\u00f1os y ni\u00f1as, mujeres y hombres, en un plano de igualdad y donde ser\u00e1n valoradas las actuaciones que tiendan a fomentar esa igualdad y a evitar la discriminaci\u00f3n en funci\u00f3n del sexo. Que ofrezca modelos alternativos a los imperantes, a nivel de conductas, normas, valores, lenguaje, etc.<\/span><\/h5>\n<\/li>\n<li>\n<h5><span style=\"color: #000000\">Queremos una escuela que eduque para la paz, actuando ante la nociva influencia violenta que ni\u00f1os y ni\u00f1as reciben y asimilan de su entorno vital y ofreciendo otras normas de relaci\u00f3n basadas en el dialogo, intercambio, cooperaci\u00f3n, solidaridad, respeto, frente a la violencia, fuerza, competitividad, individualismo, etc.<\/span><\/h5>\n<\/li>\n<li>\n<h5><span style=\"color: #000000\">Queremos una escuela promotora de salud, incidiendo en que los ni\u00f1os y las ni\u00f1as vayan adquiriendo h\u00e1bitos de vida sana en cuanto al cuidado de s\u00ed mismo, la alimentaci\u00f3n, la vida al aire libre, el descanso, la seguridad, que le permitan adoptar un estilo de vida lo m\u00e1s sano posible.<\/span><\/h5>\n<\/li>\n<\/ul>\n<h5>&nbsp;<\/h5>\n<ul>\n<li>\n<h5><span style=\"color: #000000\">En definitiva,&nbsp;<\/span><strong><span style=\"color: #000000\">queremos una escuela en la que s<\/span>e puede disfrutar, sentir, compartir y aprender, orientada a la consecuci\u00f3n de personas felices, creativas, cr\u00edticas, solidarias, aut\u00f3nomas, que disfruten y sientan placer mientras que aprenden, se desarrollan y crecen.<\/strong><\/h5>\n<\/li>\n<\/ul>\n","protected":false},"excerpt":{"rendered":"<p>Nuestro Proyecto Educativo est\u00e1 en el Centro a disposici\u00f3n &nbsp;de las familias que lo deseen. Destacamos nuestras Finalidades Educativas que enmarcan el tipo de escuela que defendemos. Queremos una escuela que asuma, valore y&#46;&#46;&#46;<\/p>\n","protected":false},"author":1,"featured_media":0,"parent":0,"menu_order":0,"comment_status":"closed","ping_status":"open","template":"","meta":{"ngg_post_thumbnail":0,"footnotes":"","_mc_calendar":[]},"aioseo_notices":[],"_links":{"self":[{"href":"https:\/\/blogsaverroes.juntadeandalucia.es\/escuelainfantilsantoangel\/wp-json\/wp\/v2\/pages\/49"}],"collection":[{"href":"https:\/\/blogsaverroes.juntadeandalucia.es\/escuelainfantilsantoangel\/wp-json\/wp\/v2\/pages"}],"about":[{"href":"https:\/\/blogsaverroes.juntadeandalucia.es\/escuelainfantilsantoangel\/wp-json\/wp\/v2\/types\/page"}],"author":[{"embeddable":true,"href":"https:\/\/blogsaverroes.juntadeandalucia.es\/escuelainfantilsantoangel\/wp-json\/wp\/v2\/users\/1"}],"replies":[{"embeddable":true,"href":"https:\/\/blogsaverroes.juntadeandalucia.es\/escuelainfantilsantoangel\/wp-json\/wp\/v2\/comments?post=49"}],"version-history":[{"count":10,"href":"https:\/\/blogsaverroes.juntadeandalucia.es\/escuelainfantilsantoangel\/wp-json\/wp\/v2\/pages\/49\/revisions"}],"predecessor-version":[{"id":2448,"href":"https:\/\/blogsaverroes.juntadeandalucia.es\/escuelainfantilsantoangel\/wp-json\/wp\/v2\/pages\/49\/revisions\/2448"}],"wp:attachment":[{"href":"https:\/\/blogsaverroes.juntadeandalucia.es\/escuelainfantilsantoangel\/wp-json\/wp\/v2\/media?parent=49"}],"curies":[{"name":"wp","href":"https:\/\/api.w.org\/{rel}","templated":true}]}}

<h5><span style="color: #000000">Nuestro Proyecto Educativo está en el Centro a disposición &nbsp;de las familias que lo deseen.</span></h5>
<h5><span style="color: #000000">Destacamos nuestras Finalidades Educativas que enmarcan el tipo de escuela que defendemos.</span></h5>
<ul>
<li>
<h5><span style="color: #000000">Queremos una escuela que asuma, valore y respete la diversidad como fuente de riqueza. En la que tengan cabida todas las individualidades con sus peculiaridades y características que les sean propias. Por ello no discriminatoria, tanto a nivel de sexo, raza, situación sociocultural, religión, o cualquier otra característica que pueda ser un elemento diferenciador.</span></h5>
</li>
<li>
<h5><span style="color: #000000">Queremos una escuela democrática. La comunidad escolar la constituimos todos con nuestra participación y responsabilidad. Todos los órganos de gestión de la escuela son representativos de los distintos sectores implicados. En cuanto a los niños, se concreta en un equipo que les escucha y atiende sus necesidades, y les trata con afecto y respeto.</span></h5>
</li>
<li>
<h5><span style="color: #000000">Queremos una escuela pluralista. En el sentido de que nadie pueda ser discriminado por sus ideas. Todos tienen posibilidad de expresarlas y defenderlas dentro del respeto a lo establecido.</span></h5>
</li>
<li>
<h5><span style="color: #000000">Queremos una escuela arraigada en su entorno, que aproveche sus recursos, y que posibilite intercambios de influencias mutuas.</span></h5>
</li>
<li>
<h5><span style="color: #000000">Queremos una escuela participativa y abierta, especialmente a la implicación de las familias en la cotidianidad del centro y en el proceso de enseñanza-aprendizaje de sus hijos-as.</span></h5>
</li>
<li>
<h5><span style="color: #000000">Queremos una escuela coeducadora, donde se integran niños y niñas, mujeres y hombres, en un plano de igualdad y donde serán valoradas las actuaciones que tiendan a fomentar esa igualdad y a evitar la discriminación en función del sexo. Que ofrezca modelos alternativos a los imperantes, a nivel de conductas, normas, valores, lenguaje, etc.</span></h5>
</li>
<li>
<h5><span style="color: #000000">Queremos una escuela que eduque para la paz, actuando ante la nociva influencia violenta que niños y niñas reciben y asimilan de su entorno vital y ofreciendo otras normas de relación basadas en el dialogo, intercambio, cooperación, solidaridad, respeto, frente a la violencia, fuerza, competitividad, individualismo, etc.</span></h5>
</li>
<li>
<h5><span style="color: #000000">Queremos una escuela promotora de salud, incidiendo en que los niños y las niñas vayan adquiriendo hábitos de vida sana en cuanto al cuidado de sí mismo, la alimentación, la vida al aire libre, el descanso, la seguridad, que le permitan adoptar un estilo de vida lo más sano posible.</span></h5>
</li>
</ul>
<h5>&nbsp;</h5>
<ul>
<li>
<h5><span style="color: #000000">En definitiva,&nbsp;</span><strong><span style="color: #000000">queremos una escuela en la que s</span>e puede disfrutar, sentir, compartir y aprender, orientada a la consecución de personas felices, creativas, críticas, solidarias, autónomas, que disfruten y sientan placer mientras que aprenden, se desarrollan y crecen.</strong></h5>
</li>
</ul>

<p>Nuestro Proyecto Educativo está en el Centro a disposición &nbsp;de las familias que lo deseen. Destacamos nuestras Finalidades Educativas que enmarcan el tipo de escuela que defendemos. Queremos una escuela que asuma, valore y&#46;&#46;&#46;</p>
