{"id":2754,"date":"2021-01-24T19:56:12","date_gmt":"2021-01-24T19:56:12","guid":{"rendered":"https:\/\/blogsaverroes.juntadeandalucia.es\/escuelainfantilvientodelsur\/?page_id=2754"},"modified":"2021-03-11T09:31:03","modified_gmt":"2021-03-11T09:31:03","slug":"proyecto-educativo","status":"publish","type":"page","link":"https:\/\/blogsaverroes.juntadeandalucia.es\/escuelainfantilvientodelsur\/proyecto-educativo\/","title":{"rendered":"Proyecto educativo"},"content":{"rendered":"<p><a href=\"https:\/\/blogsaverroes.juntadeandalucia.es\/escuelainfantilvientodelsur\/files\/2021\/03\/Anexo-IXAutoprotecci\u00f3n.pdf\">Anexo IXAutoprotecci\u00f3n<\/a><a href=\"https:\/\/blogsaverroes.juntadeandalucia.es\/escuelainfantilvientodelsur\/files\/2021\/03\/j\n.-Anexo-V.-Plan-Convivencia.pdf\">j. Anexo V. Plan Convivencia<\/a><a href=\"https:\/\/blogsaverroes.juntadeandalucia.es\/escuelainfantilvientodelsur\/files\/2021\/01\/Proyecto-Educativo.pdf\">Proyecto Educativo<\/a><\/p>\n<p><a href=\"https:\/\/blogsaverroes.juntadeandalucia.es\/escuelainfantilvientodelsur\/files\/2021\/01\/ROF.pdf\">ROF<\/a><a href=\"https:\/\/blogsaverroes.juntadeandalucia.es\/escuelainfantilvientodelsur\/files\/2021\/01\/Anexo-VIII.-Programa-Tr\u00e1nsito-a-Primaria.pdf\">Anexo VIII. Programa Tr\u00e1nsito a Primaria<\/a><\/p>\n<p><a href=\"https:\/\/blogsaverroes.juntadeandalucia.es\/escuelainfantilvientodelsur\/files\/2021\/01\/f.Anexo-III.Atenci\u00f3n-a-la-diversidad.pdf\">f.Anexo III.Atenci\u00f3n a la diversidad<\/a><\/p>\n<p><a href=\"https:\/\/blogsaverroes.juntadeandalucia.es\/escuelainfantilvientodelsur\/files\/2021\/03\/PLAN-DE-IGUALDAD-VIENTO-DEL-SUR.pdf\">PLAN DE IGUALDAD VIENTO DEL SUR<\/a><a href=\"https:\/\/blogsaverroes.juntadeandalucia.es\/escuelainfantilvientodelsur\/files\/2021\/01\/Proyecto-de-Gesti\u00f3n-Econ\u00f3mica.pdf\">Proyecto de Gesti\u00f3n Econ\u00f3mica<\/a><\/p>\n<p><a href=\"https:\/\/blogsaverroes.juntadeandalucia.es\/escuelainfantilvientodelsur\/files\/2021\/03\/Protocolo-Covid-Viento-del-Sur-revisado.pdf\">Protocolo Covid Viento del Sur revisado<\/a><\/p>\n<p><a href=\"https:\/\/blogsaverroes.juntadeandalucia.es\/escuelainfantilvientodelsur\/files\/2021\/03\/Anexo-VIII.-Programa-Tr\u00e1nsito-a-Primaria.pdf\">Anexo VIII. Programa Tr\u00e1nsito a Primaria<\/a><\/p>\n<p><a href=\"https:\/\/blogsaverroes.juntadeandalucia.es\/escuelainfantilvientodelsur\/files\/2021\/01\/C.-ANEXO-I.-Contenidos-curriculares.pdf\">C. ANEXO I. Contenidos curriculares<\/a><\/p>\n<p><a href=\"https:\/\/blogsaverroes.juntadeandalucia.es\/escuelainfantilvientodelsur\/files\/2021\/01\/h.Anexo-IV.-Plan-de-Acci\u00f3n-Tutorial.pdf\">h.Anexo IV. Plan de Acci\u00f3n Tutorial<\/a><a href=\"https:\/\/blogsaverroes.juntadeandalucia.es\/escuelainfantilvientodelsur\/files\/2021\/01\/PLAN-DE-IGUALDAD-VIENTO-DEL-SUR.pdf\">PLAN DE IGUALDAD VIENTO DEL SUR<\/a><\/p>\n<p><a href=\"https:\/\/blogsaverroes.juntadeandalucia.es\/escuelainfantilvientodelsur\/files\/2021\/01\/Proyecto-CdA-Viento-del-Sur.pdf\">Proyecto CdA Viento del Sur<\/a><\/p>\n<p><a href=\"https:\/\/blogsaverroes.juntadeandalucia.es\/escuelainfantilvientodelsur\/files\/2021\/01\/Proyecto-huerto-escolar.pdf\">Proyecto huerto escolar<\/a><\/p>\n<p><a href=\"https:\/\/blogsaverroes.juntadeandalucia.es\/escuelainfantilvientodelsur\/files\/2021\/01\/Proyecto-Recreo-inclusivo.pdf\">Proyecto Recreo inclusivo<\/a><\/p>\n<p><a href=\"https:\/\/blogsaverroes.juntadeandalucia.es\/escuelainfantilvientodelsur\/files\/2021\/01\/Revisi\u00f3n-LENGUAJE-comunicaci\u00f3n-y-representaci\u00f3n.pdf\">Revisi\u00f3n LENGUAJE, comunicaci\u00f3n y representaci\u00f3n<\/a><\/p>\n","protected":false},"excerpt":{"rendered":"<p>Anexo IXAutoprotecci\u00f3nj. Anexo V. Plan ConvivenciaProyecto Educativo ROFAnexo VIII. Programa Tr\u00e1nsito a Primaria f.Anexo III.Atenci\u00f3n a la diversidad PLAN DE IGUALDAD VIENTO DEL SURProyecto de Gesti\u00f3n Econ\u00f3mica Protocolo Covid Viento del Sur revisado Anexo&#46;&#46;&#46;<\/p>\n","protected":false},"author":10460,"featured_media":0,"parent":0,"menu_order":0,"comment_status":"closed","ping_status":"closed","template":"","meta":{"ngg_post_thumbnail":0,"footnotes":"","_mc_calendar":[]},"aioseo_notices":[],"_links":{"self":[{"href":"https:\/\/blogsaverroes.juntadeandalucia.es\/escuelainfantilvientodelsur\/wp-json\/wp\/v2\/pages\/2754"}],"collection":[{"href":"https:\/\/blogsaverroes.juntadeandalucia.es\/escuelainfantilvientodelsur\/wp-json\/wp\/v2\/pages"}],"about":[{"href":"https:\/\/blogsaverroes.juntadeandalucia.es\/escuelainfantilvientodelsur\/wp-json\/wp\/v2\/types\/page"}],"author":[{"embeddable":true,"href":"https:\/\/blogsaverroes.juntadeandalucia.es\/escuelainfantilvientodelsur\/wp-json\/wp\/v2\/users\/10460"}],"replies":[{"embeddable":true,"href":"https:\/\/blogsaverroes.juntadeandalucia.es\/escuelainfantilvientodelsur\/wp-json\/wp\/v2\/comments?post=2754"}],"version-history":[{"count":8,"href":"https:\/\/blogsaverroes.juntadeandalucia.es\/escuelainfantilvientodelsur\/wp-json\/wp\/v2\/pages\/2754\/revisions"}],"predecessor-version":[{"id":2777,"href":"https:\/\/blogsaverroes.juntadeandalucia.es\/escuelainfantilvientodelsur\/wp-json\/wp\/v2\/pages\/2754\/revisions\/2777"}],"wp:attachment":[{"href":"https:\/\/blogsaverroes.juntadeandalucia.es\/escuelainfantilvientodelsur\/wp-json\/wp\/v2\/media?parent=2754"}],"curies":[{"name":"wp","href":"https:\/\/api.w.org\/{rel}","templated":true}]}}

<p><a href="https://blogsaverroes.juntadeandalucia.es/escuelainfantilvientodelsur/files/2021/03/Anexo-IXAutoprotección.pdf">Anexo IXAutoprotección</a><a href="https://blogsaverroes.juntadeandalucia.es/escuelainfantilvientodelsur/files/2021/03/j
.-Anexo-V.-Plan-Convivencia.pdf">j. Anexo V. Plan Convivencia</a><a href="https://blogsaverroes.juntadeandalucia.es/escuelainfantilvientodelsur/files/2021/01/Proyecto-Educativo.pdf">Proyecto Educativo</a></p>
<p><a href="https://blogsaverroes.juntadeandalucia.es/escuelainfantilvientodelsur/files/2021/01/ROF.pdf">ROF</a><a href="https://blogsaverroes.juntadeandalucia.es/escuelainfantilvientodelsur/files/2021/01/Anexo-VIII.-Programa-Tránsito-a-Primaria.pdf">Anexo VIII. Programa Tránsito a Primaria</a></p>
<p><a href="https://blogsaverroes.juntadeandalucia.es/escuelainfantilvientodelsur/files/2021/01/f.Anexo-III.Atención-a-la-diversidad.pdf">f.Anexo III.Atención a la diversidad</a></p>
<p><a href="https://blogsaverroes.juntadeandalucia.es/escuelainfantilvientodelsur/files/2021/03/PLAN-DE-IGUALDAD-VIENTO-DEL-SUR.pdf">PLAN DE IGUALDAD VIENTO DEL SUR</a><a href="https://blogsaverroes.juntadeandalucia.es/escuelainfantilvientodelsur/files/2021/01/Proyecto-de-Gestión-Económica.pdf">Proyecto de Gestión Económica</a></p>
<p><a href="https://blogsaverroes.juntadeandalucia.es/escuelainfantilvientodelsur/files/2021/03/Protocolo-Covid-Viento-del-Sur-revisado.pdf">Protocolo Covid Viento del Sur revisado</a></p>
<p><a href="https://blogsaverroes.juntadeandalucia.es/escuelainfantilvientodelsur/files/2021/03/Anexo-VIII.-Programa-Tránsito-a-Primaria.pdf">Anexo VIII. Programa Tránsito a Primaria</a></p>
<p><a href="https://blogsaverroes.juntadeandalucia.es/escuelainfantilvientodelsur/files/2021/01/C.-ANEXO-I.-Contenidos-curriculares.pdf">C. ANEXO I. Contenidos curriculares</a></p>
<p><a href="https://blogsaverroes.juntadeandalucia.es/escuelainfantilvientodelsur/files/2021/01/h.Anexo-IV.-Plan-de-Acción-Tutorial.pdf">h.Anexo IV. Plan de Acción Tutorial</a><a href="https://blogsaverroes.juntadeandalucia.es/escuelainfantilvientodelsur/files/2021/01/PLAN-DE-IGUALDAD-VIENTO-DEL-SUR.pdf">PLAN DE IGUALDAD VIENTO DEL SUR</a></p>
<p><a href="https://blogsaverroes.juntadeandalucia.es/escuelainfantilvientodelsur/files/2021/01/Proyecto-CdA-Viento-del-Sur.pdf">Proyecto CdA Viento del Sur</a></p>
<p><a href="https://blogsaverroes.juntadeandalucia.es/escuelainfantilvientodelsur/files/2021/01/Proyecto-huerto-escolar.pdf">Proyecto huerto escolar</a></p>
<p><a href="https://blogsaverroes.juntadeandalucia.es/escuelainfantilvientodelsur/files/2021/01/Proyecto-Recreo-inclusivo.pdf">Proyecto Recreo inclusivo</a></p>
<p><a href="https://blogsaverroes.juntadeandalucia.es/escuelainfantilvientodelsur/files/2021/01/Revisión-LENGUAJE-comunicación-y-representación.pdf">Revisión LENGUAJE, comunicación y representación</a></p>

<p>Anexo IXAutoprotecciónj. Anexo V. Plan ConvivenciaProyecto Educativo ROFAnexo VIII. Programa Tránsito a Primaria f.Anexo III.Atención a la diversidad PLAN DE IGUALDAD VIENTO DEL SURProyecto de Gestión Económica Protocolo Covid Viento del Sur revisado Anexo&#46;&#46;&#46;</p>
