{"id":3483,"date":"2022-01-25T20:17:34","date_gmt":"2022-01-25T20:17:34","guid":{"rendered":"https:\/\/blogsaverroes.juntadeandalucia.es\/escuelainfantilvientodelsur\/?page_id=3483"},"modified":"2022-02-09T13:05:12","modified_gmt":"2022-02-09T13:05:12","slug":"adaptacion","status":"publish","type":"page","link":"https:\/\/blogsaverroes.juntadeandalucia.es\/escuelainfantilvientodelsur\/adaptacion\/","title":{"rendered":"ADAPTACI\u00d3N"},"content":{"rendered":"<p>&nbsp;<\/p>\n<h3 style=\"text-align: center\">As\u00ed es como los m\u00e1s peques fueron haciendo suyo nuestro centro, disfrutando cada d\u00eda m\u00e1s de las distintas estancias que iban descubriendo.&nbsp;<\/h3>\nngg_shortcode_0_placeholder\n<p>&nbsp;<\/p>\n<p>&nbsp;<\/p>\n<p>&nbsp;<\/p>\n","protected":false},"excerpt":{"rendered":"<p>&nbsp; As\u00ed es como los m\u00e1s peques fueron haciendo suyo nuestro centro, disfrutando cada d\u00eda m\u00e1s de las distintas estancias que iban descubriendo.&nbsp; &nbsp; &nbsp; &nbsp; &nbsp;<\/p>\n","protected":false},"author":10460,"featured_media":0,"parent":0,"menu_order":0,"comment_status":"closed","ping_status":"closed","template":"","meta":{"ngg_post_thumbnail":0,"footnotes":"","_mc_calendar":[]},"aioseo_notices":[],"_links":{"self":[{"href":"https:\/\/blogsaverroes.juntadeandalucia.es\/escuelainfantilvientodelsur\/wp-json\/wp\/v2\/pages\/3483"}],"collection":[{"href":"https:\/\/blogsaverroes.juntadeandalucia.es\/escuelainfantilvientodelsur\/wp-json\/wp\/v2\/pages"}],"about":[{"href":"https:\/\/blogsaverroes.juntadeandalucia.es\/escuelainfantilvientodelsur\/wp-json\/wp\/v2\/types\/page"}],"author":[{"embeddable":true,"href":"https:\/\/blogsaverroes.juntadeandalucia.es\/escuelainfantilvientodelsur\/wp-json\/wp\/v2\/users\/10460"}],"replies":[{"embeddable":true,"href":"https:\/\/blogsaverroes.juntadeandalucia.es\/escuelainfantilvientodelsur\/wp-json\/wp\/v2\/comments?post=3483"}],"version-history":[{"count":3,"href":"https:\/\/blogsaverroes.juntadeandalucia.es\/escuelainfantilvientodelsur\/wp-json\/wp\/v2\/pages\/3483\/revisions"}],"predecessor-version":[{"id":3796,"href":"https:\/\/blogsaverroes.juntadeandalucia.es\/escuelainfantilvientodelsur\/wp-json\/wp\/v2\/pages\/3483\/revisions\/3796"}],"wp:attachment":[{"href":"https:\/\/blogsaverroes.juntadeandalucia.es\/escuelainfantilvientodelsur\/wp-json\/wp\/v2\/media?parent=3483"}],"curies":[{"name":"wp","href":"https:\/\/api.w.org\/{rel}","templated":true}]}}

ADAPTACIÓN

<p>&nbsp;</p>
<h3 style="text-align: center">Así es como los más peques fueron haciendo suyo nuestro centro, disfrutando cada día más de las distintas estancias que iban descubriendo.&nbsp;</h3>
ngg_shortcode_0_placeholder
<p>&nbsp;</p>
<p>&nbsp;</p>
<p>&nbsp;</p>

<p>&nbsp; Así es como los más peques fueron haciendo suyo nuestro centro, disfrutando cada día más de las distintas estancias que iban descubriendo.&nbsp; &nbsp; &nbsp; &nbsp; &nbsp;</p>
