{"id":3507,"date":"2022-01-25T20:42:55","date_gmt":"2022-01-25T20:42:55","guid":{"rendered":"https:\/\/blogsaverroes.juntadeandalucia.es\/escuelainfantilvientodelsur\/?page_id=3507"},"modified":"2022-01-25T21:02:24","modified_gmt":"2022-01-25T21:02:24","slug":"proyecto-los-volcanes","status":"publish","type":"page","link":"https:\/\/blogsaverroes.juntadeandalucia.es\/escuelainfantilvientodelsur\/proyecto-los-volcanes\/","title":{"rendered":"PROYECTO LOS VOLCANES"},"content":{"rendered":"<p><div class=\"osc-res-tab tabbable  tabs-below osc-tabs-left\"><div style=\"clear:both;width: 100%;\" class=\"osc-tabs-left-div\"><ul class=\"tab-content\" id=\"oscitas-restabcontent-1-proyecto-los-volcanes-61460\"><\/ul><\/div><div style=\"clear:both;width: 100%;\"><ul class=\"nav osc-res-nav nav-pills osc-tabs-left-ul\" id=\"oscitas-restabs-1-proyecto-los-volcanes-61460\"><\/ul><\/div><\/div><br \/>\n<\/p>\n<p>Este primer trimestre, el alumnado de 4 y 5 a\u00f1os, han llevado a cabo un proyecto sobre un acontecimiento de actualidad. El volc\u00e1n de la Palma. Su intenci\u00f3n, no s\u00f3lo era difundir la noticia, sino tambi\u00e9n conseguir ayuda para los habitantes de la isla. La repercusi\u00f3n del trabajo realizado, ha sido recogida en tele Puerto Real en dos ocasiones. Es por eso que queremos mostraros dicho trabajo completo, as\u00ed como los enlaces, para poder visionar la noticia en Tele Puerto. <a href=\"https:\/\/m.facebook.com\/story.php?story_fbid=2916083688702769&amp;id=100009035007793&amp;sfnsn=scwspwa\">NOTICIA-<\/a> <a href=\"https:\/\/telepuertoreal.tv\/v\/nauIeZiWWQH5wFkAVj\/El-mensaje-de-animo-de-la-Escuela-Viento-del-Sur-a-los-afectados-por-el-volcan-de-La-Palma\">V\u00cdDEO.<\/a><\/p>\nngg_shortcode_0_placeholder\n<p>&nbsp;<\/p>\n","protected":false},"excerpt":{"rendered":"<p>Este primer trimestre, el alumnado de 4 y 5 a\u00f1os, han llevado a cabo un proyecto sobre un acontecimiento de actualidad. El volc\u00e1n de la Palma. Su intenci\u00f3n, no s\u00f3lo era difundir la noticia,&#46;&#46;&#46;<\/p>\n","protected":false},"author":10460,"featured_media":0,"parent":0,"menu_order":0,"comment_status":"closed","ping_status":"closed","template":"","meta":{"ngg_post_thumbnail":0,"footnotes":"","_mc_calendar":[]},"aioseo_notices":[],"_links":{"self":[{"href":"https:\/\/blogsaverroes.juntadeandalucia.es\/escuelainfantilvientodelsur\/wp-json\/wp\/v2\/pages\/3507"}],"collection":[{"href":"https:\/\/blogsaverroes.juntadeandalucia.es\/escuelainfantilvientodelsur\/wp-json\/wp\/v2\/pages"}],"about":[{"href":"https:\/\/blogsaverroes.juntadeandalucia.es\/escuelainfantilvientodelsur\/wp-json\/wp\/v2\/types\/page"}],"author":[{"embeddable":true,"href":"https:\/\/blogsaverroes.juntadeandalucia.es\/escuelainfantilvientodelsur\/wp-json\/wp\/v2\/users\/10460"}],"replies":[{"embeddable":true,"href":"https:\/\/blogsaverroes.juntadeandalucia.es\/escuelainfantilvientodelsur\/wp-json\/wp\/v2\/comments?post=3507"}],"version-history":[{"count":3,"href":"https:\/\/blogsaverroes.juntadeandalucia.es\/escuelainfantilvientodelsur\/wp-json\/wp\/v2\/pages\/3507\/revisions"}],"predecessor-version":[{"id":3534,"href":"https:\/\/blogsaverroes.juntadeandalucia.es\/escuelainfantilvientodelsur\/wp-json\/wp\/v2\/pages\/3507\/revisions\/3534"}],"wp:attachment":[{"href":"https:\/\/blogsaverroes.juntadeandalucia.es\/escuelainfantilvientodelsur\/wp-json\/wp\/v2\/media?parent=3507"}],"curies":[{"name":"wp","href":"https:\/\/api.w.org\/{rel}","templated":true}]}}

<p><div class="osc-res-tab tabbable  tabs-below osc-tabs-left"><div style="clear:both;width: 100%;" class="osc-tabs-left-div"><ul class="tab-content" id="oscitas-restabcontent-1-proyecto-los-volcanes-61460"></ul></div><div style="clear:both;width: 100%;"><ul class="nav osc-res-nav nav-pills osc-tabs-left-ul" id="oscitas-restabs-1-proyecto-los-volcanes-61460"></ul></div></div><br />
</p>
<p>Este primer trimestre, el alumnado de 4 y 5 años, han llevado a cabo un proyecto sobre un acontecimiento de actualidad. El volcán de la Palma. Su intención, no sólo era difundir la noticia, sino también conseguir ayuda para los habitantes de la isla. La repercusión del trabajo realizado, ha sido recogida en tele Puerto Real en dos ocasiones. Es por eso que queremos mostraros dicho trabajo completo, así como los enlaces, para poder visionar la noticia en Tele Puerto. <a href="https://m.facebook.com/story.php?story_fbid=2916083688702769&amp;id=100009035007793&amp;sfnsn=scwspwa">NOTICIA-</a> <a href="https://telepuertoreal.tv/v/nauIeZiWWQH5wFkAVj/El-mensaje-de-animo-de-la-Escuela-Viento-del-Sur-a-los-afectados-por-el-volcan-de-La-Palma">VÍDEO.</a></p>
ngg_shortcode_0_placeholder
<p>&nbsp;</p>

<p>Este primer trimestre, el alumnado de 4 y 5 años, han llevado a cabo un proyecto sobre un acontecimiento de actualidad. El volcán de la Palma. Su intención, no sólo era difundir la noticia,&#46;&#46;&#46;</p>
