{"id":3508,"date":"2022-01-25T20:42:56","date_gmt":"2022-01-25T20:42:56","guid":{"rendered":"https:\/\/blogsaverroes.juntadeandalucia.es\/escuelainfantilvientodelsur\/?page_id=3508"},"modified":"2024-10-24T09:36:52","modified_gmt":"2024-10-24T09:36:52","slug":"rincon-violeta","status":"publish","type":"page","link":"https:\/\/blogsaverroes.juntadeandalucia.es\/escuelainfantilvientodelsur\/rincon-violeta\/","title":{"rendered":"RINC\u00d3N VIOLETA"},"content":{"rendered":"<p><div class=\"osc-res-tab tabbable  tabs-below osc-tabs-left\"><div style=\"clear:both;width: 100%;\" class=\"osc-tabs-left-div\"><ul class=\"tab-content\" id=\"oscitas-restabcontent-1-rincon-violeta-86592\"><\/ul><\/div><div style=\"clear:both;width: 100%;\"><ul class=\"nav osc-res-nav nav-pills osc-tabs-left-ul\" id=\"oscitas-restabs-1-rincon-violeta-86592\"><\/ul><\/div><\/div><br \/>\n<\/p>\n<p>Vuelve a abrir sus puertas el <strong>\u00abRinc\u00f3n Violeta\u00bb<\/strong> de nuestra biblioteca de centro. Donde peri\u00f3dicamente se plantear\u00e1n actividades para trabajar la igualdad de g\u00e9nero, atendiendo a las edades de nuestro alumnado. Adem\u00e1s se potenciar\u00e1 el pr\u00e9stamo de libros para las aulas con el fin de acercar la lectura de dichos libros a nuestros peques.<\/p>\nngg_shortcode_0_placeholder\n","protected":false},"excerpt":{"rendered":"<p>Vuelve a abrir sus puertas el \u00abRinc\u00f3n Violeta\u00bb de nuestra biblioteca de centro. Donde peri\u00f3dicamente se plantear\u00e1n actividades para trabajar la igualdad de g\u00e9nero, atendiendo a las edades de nuestro alumnado. Adem\u00e1s se potenciar\u00e1&#46;&#46;&#46;<\/p>\n","protected":false},"author":10460,"featured_media":0,"parent":0,"menu_order":0,"comment_status":"closed","ping_status":"closed","template":"","meta":{"ngg_post_thumbnail":0,"footnotes":"","_mc_calendar":[]},"aioseo_notices":[],"_links":{"self":[{"href":"https:\/\/blogsaverroes.juntadeandalucia.es\/escuelainfantilvientodelsur\/wp-json\/wp\/v2\/pages\/3508"}],"collection":[{"href":"https:\/\/blogsaverroes.juntadeandalucia.es\/escuelainfantilvientodelsur\/wp-json\/wp\/v2\/pages"}],"about":[{"href":"https:\/\/blogsaverroes.juntadeandalucia.es\/escuelainfantilvientodelsur\/wp-json\/wp\/v2\/types\/page"}],"author":[{"embeddable":true,"href":"https:\/\/blogsaverroes.juntadeandalucia.es\/escuelainfantilvientodelsur\/wp-json\/wp\/v2\/users\/10460"}],"replies":[{"embeddable":true,"href":"https:\/\/blogsaverroes.juntadeandalucia.es\/escuelainfantilvientodelsur\/wp-json\/wp\/v2\/comments?post=3508"}],"version-history":[{"count":4,"href":"https:\/\/blogsaverroes.juntadeandalucia.es\/escuelainfantilvientodelsur\/wp-json\/wp\/v2\/pages\/3508\/revisions"}],"predecessor-version":[{"id":5065,"href":"https:\/\/blogsaverroes.juntadeandalucia.es\/escuelainfantilvientodelsur\/wp-json\/wp\/v2\/pages\/3508\/revisions\/5065"}],"wp:attachment":[{"href":"https:\/\/blogsaverroes.juntadeandalucia.es\/escuelainfantilvientodelsur\/wp-json\/wp\/v2\/media?parent=3508"}],"curies":[{"name":"wp","href":"https:\/\/api.w.org\/{rel}","templated":true}]}}

RINCÓN VIOLETA

<p><div class="osc-res-tab tabbable  tabs-below osc-tabs-left"><div style="clear:both;width: 100%;" class="osc-tabs-left-div"><ul class="tab-content" id="oscitas-restabcontent-1-rincon-violeta-86592"></ul></div><div style="clear:both;width: 100%;"><ul class="nav osc-res-nav nav-pills osc-tabs-left-ul" id="oscitas-restabs-1-rincon-violeta-86592"></ul></div></div><br />
</p>
<p>Vuelve a abrir sus puertas el <strong>«Rincón Violeta»</strong> de nuestra biblioteca de centro. Donde periódicamente se plantearán actividades para trabajar la igualdad de género, atendiendo a las edades de nuestro alumnado. Además se potenciará el préstamo de libros para las aulas con el fin de acercar la lectura de dichos libros a nuestros peques.</p>
ngg_shortcode_0_placeholder

<p>Vuelve a abrir sus puertas el «Rincón Violeta» de nuestra biblioteca de centro. Donde periódicamente se plantearán actividades para trabajar la igualdad de género, atendiendo a las edades de nuestro alumnado. Además se potenciará&#46;&#46;&#46;</p>
