{"id":4338,"date":"2022-09-08T23:49:49","date_gmt":"2022-09-08T23:49:49","guid":{"rendered":"https:\/\/blogsaverroes.juntadeandalucia.es\/escuelainfantilvientodelsur\/?page_id=4338"},"modified":"2022-09-29T07:34:00","modified_gmt":"2022-09-29T07:34:00","slug":"2022-2023","status":"publish","type":"page","link":"https:\/\/blogsaverroes.juntadeandalucia.es\/escuelainfantilvientodelsur\/2022-2023\/","title":{"rendered":"2022-2023"},"content":{"rendered":"<p>Tutor\u00edas :<\/p>\n<ul>\n<li>4 a\u00f1os A: Silvia Gonz\u00e1lez Fern\u00e1ndez<\/li>\n<li>4 a\u00f1os B: M\u00aa Luisa Selma Santos-Menis<\/li>\n<\/ul>\n","protected":false},"excerpt":{"rendered":"<p>Tutor\u00edas : 4 a\u00f1os A: Silvia Gonz\u00e1lez Fern\u00e1ndez 4 a\u00f1os B: M\u00aa Luisa Selma Santos-Menis<\/p>\n","protected":false},"author":10460,"featured_media":0,"parent":0,"menu_order":0,"comment_status":"closed","ping_status":"closed","template":"","meta":{"ngg_post_thumbnail":0,"footnotes":"","_mc_calendar":[]},"aioseo_notices":[],"_links":{"self":[{"href":"https:\/\/blogsaverroes.juntadeandalucia.es\/escuelainfantilvientodelsur\/wp-json\/wp\/v2\/pages\/4338"}],"collection":[{"href":"https:\/\/blogsaverroes.juntadeandalucia.es\/escuelainfantilvientodelsur\/wp-json\/wp\/v2\/pages"}],"about":[{"href":"https:\/\/blogsaverroes.juntadeandalucia.es\/escuelainfantilvientodelsur\/wp-json\/wp\/v2\/types\/page"}],"author":[{"embeddable":true,"href":"https:\/\/blogsaverroes.juntadeandalucia.es\/escuelainfantilvientodelsur\/wp-json\/wp\/v2\/users\/10460"}],"replies":[{"embeddable":true,"href":"https:\/\/blogsaverroes.juntadeandalucia.es\/escuelainfantilvientodelsur\/wp-json\/wp\/v2\/comments?post=4338"}],"version-history":[{"count":3,"href":"https:\/\/blogsaverroes.juntadeandalucia.es\/escuelainfantilvientodelsur\/wp-json\/wp\/v2\/pages\/4338\/revisions"}],"predecessor-version":[{"id":4371,"href":"https:\/\/blogsaverroes.juntadeandalucia.es\/escuelainfantilvientodelsur\/wp-json\/wp\/v2\/pages\/4338\/revisions\/4371"}],"wp:attachment":[{"href":"https:\/\/blogsaverroes.juntadeandalucia.es\/escuelainfantilvientodelsur\/wp-json\/wp\/v2\/media?parent=4338"}],"curies":[{"name":"wp","href":"https:\/\/api.w.org\/{rel}","templated":true}]}}

<p>Tutorías :</p>
<ul>
<li>4 años A: Silvia González Fernández</li>
<li>4 años B: Mª Luisa Selma Santos-Menis</li>
</ul>

<p>Tutorías : 4 años A: Silvia González Fernández 4 años B: Mª Luisa Selma Santos-Menis</p>
