{"id":4712,"date":"2022-12-21T12:27:56","date_gmt":"2022-12-21T12:27:56","guid":{"rendered":"https:\/\/blogsaverroes.juntadeandalucia.es\/escuelainfantilvientodelsur\/?page_id=4712"},"modified":"2025-09-18T09:09:13","modified_gmt":"2025-09-18T09:09:13","slug":"consejo-escolar","status":"publish","type":"page","link":"https:\/\/blogsaverroes.juntadeandalucia.es\/escuelainfantilvientodelsur\/consejo-escolar\/","title":{"rendered":"CONSEJO ESCOLAR"},"content":{"rendered":"<p>Los miembros del Consejo Escolar son:<\/p>\n<ul>\n<li>Inmaculada Caballero Moreno (Directora).<\/li>\n<li>Mar\u00eda Luisa Selma Santos-Menis (Jefa de Estudios).<\/li>\n<li>Mar\u00eda de los Santos Romero Alconchel (Secretaria).<\/li>\n<li>F\u00e1tima Exp\u00f3sito Fuentes (Representante de la AMPA mayoritaria).&nbsp;<\/li>\n<li>Ana Isabel S\u00e1nchez Fern\u00e1n (Representante de familias).<\/li>\n<li>Lourdes Vargas Castro (Representante de familia).<\/li>\n<li>Manuel Mart\u00edn Labrador (Pas).<\/li>\n<li>Antonio Jos\u00e9 Gil Berrocal (Concejal del Ayuntamiento).<\/li>\n<\/ul>\n","protected":false},"excerpt":{"rendered":"<p>Los miembros del Consejo Escolar son: Inmaculada Caballero Moreno (Directora). Mar\u00eda Luisa Selma Santos-Menis (Jefa de Estudios). Mar\u00eda de los Santos Romero Alconchel (Secretaria). F\u00e1tima Exp\u00f3sito Fuentes (Representante de la AMPA mayoritaria).&nbsp; Ana Isabel&#46;&#46;&#46;<\/p>\n","protected":false},"author":10460,"featured_media":0,"parent":0,"menu_order":0,"comment_status":"closed","ping_status":"closed","template":"","meta":{"ngg_post_thumbnail":0,"footnotes":"","_mc_calendar":[]},"aioseo_notices":[],"_links":{"self":[{"href":"https:\/\/blogsaverroes.juntadeandalucia.es\/escuelainfantilvientodelsur\/wp-json\/wp\/v2\/pages\/4712"}],"collection":[{"href":"https:\/\/blogsaverroes.juntadeandalucia.es\/escuelainfantilvientodelsur\/wp-json\/wp\/v2\/pages"}],"about":[{"href":"https:\/\/blogsaverroes.juntadeandalucia.es\/escuelainfantilvientodelsur\/wp-json\/wp\/v2\/types\/page"}],"author":[{"embeddable":true,"href":"https:\/\/blogsaverroes.juntadeandalucia.es\/escuelainfantilvientodelsur\/wp-json\/wp\/v2\/users\/10460"}],"replies":[{"embeddable":true,"href":"https:\/\/blogsaverroes.juntadeandalucia.es\/escuelainfantilvientodelsur\/wp-json\/wp\/v2\/comments?post=4712"}],"version-history":[{"count":7,"href":"https:\/\/blogsaverroes.juntadeandalucia.es\/escuelainfantilvientodelsur\/wp-json\/wp\/v2\/pages\/4712\/revisions"}],"predecessor-version":[{"id":5269,"href":"https:\/\/blogsaverroes.juntadeandalucia.es\/escuelainfantilvientodelsur\/wp-json\/wp\/v2\/pages\/4712\/revisions\/5269"}],"wp:attachment":[{"href":"https:\/\/blogsaverroes.juntadeandalucia.es\/escuelainfantilvientodelsur\/wp-json\/wp\/v2\/media?parent=4712"}],"curies":[{"name":"wp","href":"https:\/\/api.w.org\/{rel}","templated":true}]}}

<p>Los miembros del Consejo Escolar son:</p>
<ul>
<li>Inmaculada Caballero Moreno (Directora).</li>
<li>María Luisa Selma Santos-Menis (Jefa de Estudios).</li>
<li>María de los Santos Romero Alconchel (Secretaria).</li>
<li>Fátima Expósito Fuentes (Representante de la AMPA mayoritaria).&nbsp;</li>
<li>Ana Isabel Sánchez Fernán (Representante de familias).</li>
<li>Lourdes Vargas Castro (Representante de familia).</li>
<li>Manuel Martín Labrador (Pas).</li>
<li>Antonio José Gil Berrocal (Concejal del Ayuntamiento).</li>
</ul>

<p>Los miembros del Consejo Escolar son: Inmaculada Caballero Moreno (Directora). María Luisa Selma Santos-Menis (Jefa de Estudios). María de los Santos Romero Alconchel (Secretaria). Fátima Expósito Fuentes (Representante de la AMPA mayoritaria).&nbsp; Ana Isabel&#46;&#46;&#46;</p>
