{"id":4820,"date":"2023-10-10T12:34:09","date_gmt":"2023-10-10T12:34:09","guid":{"rendered":"https:\/\/blogsaverroes.juntadeandalucia.es\/escuelainfantilvientodelsur\/?page_id=4820"},"modified":"2025-01-30T09:01:36","modified_gmt":"2025-01-30T09:01:36","slug":"salud-mental","status":"publish","type":"page","link":"https:\/\/blogsaverroes.juntadeandalucia.es\/escuelainfantilvientodelsur\/salud-mental\/","title":{"rendered":"SALUD MENTAL"},"content":{"rendered":"<p>La Salud Mental tiene un impacto directo en nuestra forma de pensar, de sentir, de actuar.<br \/>\nPermite:<br \/>\n&#8211; Aprender a relacionarnos con otras personas.<br \/>\n&#8211; Tomar decisiones conscientes.<br \/>\n&#8211; Poseer la capacidad de gestionar situaciones de estr\u00e9s y ansiedad, favoreciendo el reconocimiento de nuestras emociones y su autoregulaci\u00f3n.<\/p>\n<p>Siendo por esto por lo que el n\u00facleo de nuestro trabajo diario de basa en la \u00abPrevenci\u00f3n de la Salud Mental\u00bb.<\/p>\n<p>Nuestras aulas cuentan con un rinc\u00f3n de la calma, formas varias de trabajar las emociones y la resoluci\u00f3n dial\u00f3gica de conflictos.<\/p>\n<p>A pesar de todo esto hoy hemos querido hacerle un homenaje a este aspecto tan importante de una forma especial. Y aprovechando que contamos en nuestro centro con una compa\u00f1era que es: instructora de yoga, mindfulnes y que ha realizado formaci\u00f3n en la pedagog\u00eda sist\u00e9mica y la aplicaci\u00f3n en la tarea educativa. Nos ha dado a todo el alumnado una sesi\u00f3n de yoga, meditaci\u00f3n y ba\u00f1o sonoro. Donde han practicado la respiraci\u00f3n, el conectar con ellos\/as mismos\/as, as\u00ed como el reconocer y gestionar sus emociones.<\/p>\n<p>Por una salud mental sana para todos\/as.<\/p>\n","protected":false},"excerpt":{"rendered":"<p>La Salud Mental tiene un impacto directo en nuestra forma de pensar, de sentir, de actuar. Permite: &#8211; Aprender a relacionarnos con otras personas. &#8211; Tomar decisiones conscientes. &#8211; Poseer la capacidad de gestionar&#46;&#46;&#46;<\/p>\n","protected":false},"author":10460,"featured_media":0,"parent":0,"menu_order":0,"comment_status":"closed","ping_status":"closed","template":"","meta":{"ngg_post_thumbnail":0,"footnotes":"","_mc_calendar":[]},"aioseo_notices":[],"_links":{"self":[{"href":"https:\/\/blogsaverroes.juntadeandalucia.es\/escuelainfantilvientodelsur\/wp-json\/wp\/v2\/pages\/4820"}],"collection":[{"href":"https:\/\/blogsaverroes.juntadeandalucia.es\/escuelainfantilvientodelsur\/wp-json\/wp\/v2\/pages"}],"about":[{"href":"https:\/\/blogsaverroes.juntadeandalucia.es\/escuelainfantilvientodelsur\/wp-json\/wp\/v2\/types\/page"}],"author":[{"embeddable":true,"href":"https:\/\/blogsaverroes.juntadeandalucia.es\/escuelainfantilvientodelsur\/wp-json\/wp\/v2\/users\/10460"}],"replies":[{"embeddable":true,"href":"https:\/\/blogsaverroes.juntadeandalucia.es\/escuelainfantilvientodelsur\/wp-json\/wp\/v2\/comments?post=4820"}],"version-history":[{"count":4,"href":"https:\/\/blogsaverroes.juntadeandalucia.es\/escuelainfantilvientodelsur\/wp-json\/wp\/v2\/pages\/4820\/revisions"}],"predecessor-version":[{"id":5147,"href":"https:\/\/blogsaverroes.juntadeandalucia.es\/escuelainfantilvientodelsur\/wp-json\/wp\/v2\/pages\/4820\/revisions\/5147"}],"wp:attachment":[{"href":"https:\/\/blogsaverroes.juntadeandalucia.es\/escuelainfantilvientodelsur\/wp-json\/wp\/v2\/media?parent=4820"}],"curies":[{"name":"wp","href":"https:\/\/api.w.org\/{rel}","templated":true}]}}

<p>La Salud Mental tiene un impacto directo en nuestra forma de pensar, de sentir, de actuar.<br />
Permite:<br />
&#8211; Aprender a relacionarnos con otras personas.<br />
&#8211; Tomar decisiones conscientes.<br />
&#8211; Poseer la capacidad de gestionar situaciones de estrés y ansiedad, favoreciendo el reconocimiento de nuestras emociones y su autoregulación.</p>
<p>Siendo por esto por lo que el núcleo de nuestro trabajo diario de basa en la «Prevención de la Salud Mental».</p>
<p>Nuestras aulas cuentan con un rincón de la calma, formas varias de trabajar las emociones y la resolución dialógica de conflictos.</p>
<p>A pesar de todo esto hoy hemos querido hacerle un homenaje a este aspecto tan importante de una forma especial. Y aprovechando que contamos en nuestro centro con una compañera que es: instructora de yoga, mindfulnes y que ha realizado formación en la pedagogía sistémica y la aplicación en la tarea educativa. Nos ha dado a todo el alumnado una sesión de yoga, meditación y baño sonoro. Donde han practicado la respiración, el conectar con ellos/as mismos/as, así como el reconocer y gestionar sus emociones.</p>
<p>Por una salud mental sana para todos/as.</p>
