{"id":99,"date":"2015-03-16T07:22:54","date_gmt":"2015-03-16T07:22:54","guid":{"rendered":"http:\/\/blogsaverroes.juntadeandalucia.es\/pre\/ceip\/?page_id=99"},"modified":"2025-03-11T11:49:22","modified_gmt":"2025-03-11T11:49:22","slug":"comedor-escolar","status":"publish","type":"page","link":"https:\/\/blogsaverroes.juntadeandalucia.es\/escuelainfantilvientodelsur\/comedor-escolar\/","title":{"rendered":"Comedor escolar"},"content":{"rendered":"<p>Los comedores escolares son un servicio complementario que resulta de gran utilidad a padres y madres para ayudarles a&nbsp;conciliar la vida laboral y familiar. Tienen una duraci\u00f3n de hasta dos horas desde que acaba la jornada escolar de la ma\u00f1ana (de <strong>14.00 a 16.00 horas)<\/strong>.<\/p>\n<p>Los comedores son adem\u00e1s una pieza importante&nbsp;en todas las medidas dirigidas a mejorar los h\u00e1bitos alimenticios de los ni\u00f1os y ni\u00f1as y prevenir problemas de salud como la obesidad.<\/p>\n<p>Los comedores escolares de los centros p\u00fablicos andaluces promueven una alimentaci\u00f3n saludable que est\u00e1 supervisada por nutricionistas y que, entre otros aspectos, se caracteriza por:<\/p>\n<p>Esta secci\u00f3n servir\u00eda para informar&nbsp; acerca de cuestiones como:<\/p>\n<p>&nbsp;<\/p>\n<p><strong>Empresa catering:&nbsp; &nbsp; COMERTEL ( GRUPO ARAMARK)<br \/>\n<\/strong><\/p>\n<p><strong><img loading=\"lazy\" decoding=\"async\" class=\"wp-image-5202 aligncenter\" src=\"https:\/\/blogsaverroes.juntadeandalucia.es\/escuelainfantilvientodelsur\/files\/2025\/03\/WhatsApp-Image-2025-02-19-at-12.26.37.jpg\" alt=\"\" width=\"521\" height=\"391\" srcset=\"https:\/\/blogsaverroes.juntadeandalucia.es\/escuelainfantilvientodelsur\/files\/2025\/03\/WhatsApp-Image-2025-02-19-at-12.26.37.jpg 1600w, https:\/\/blogsaverroes.juntadeandalucia.es\/escuelainfantilvientodelsur\/files\/2025\/03\/WhatsApp-Image-2025-02-19-at-12.26.37-300x225.jpg 300w, https:\/\/blogsaverroes.juntadeandalucia.es\/escuelainfantilvientodelsur\/files\/2025\/03\/WhatsApp-Image-2025-02-19-at-12.26.37-1024x768.jpg 1024w, https:\/\/blogsaverroes.juntadeandalucia.es\/escuelainfantilvientodelsur\/files\/2025\/03\/WhatsApp-Image-2025-02-19-at-12.26.37-768x576.jpg 768w, https:\/\/blogsaverroes.juntadeandalucia.es\/escuelainfantilvientodelsur\/files\/2025\/03\/WhatsApp-Image-2025-02-19-at-12.26.37-1536x1152.jpg 1536w\" sizes=\"(max-width: 521px) 100vw, 521px\" \/>&nbsp;<\/strong><\/p>\n<p>&nbsp;<\/p>\n","protected":false},"excerpt":{"rendered":"<p>Los comedores escolares son un servicio complementario que resulta de gran utilidad a padres y madres para ayudarles a&nbsp;conciliar la vida laboral y familiar. Tienen una duraci\u00f3n de hasta dos horas desde que acaba&#46;&#46;&#46;<\/p>\n","protected":false},"author":1,"featured_media":0,"parent":0,"menu_order":0,"comment_status":"closed","ping_status":"open","template":"page-cs.php","meta":{"ngg_post_thumbnail":0,"footnotes":"","_mc_calendar":[]},"aioseo_notices":[],"_links":{"self":[{"href":"https:\/\/blogsaverroes.juntadeandalucia.es\/escuelainfantilvientodelsur\/wp-json\/wp\/v2\/pages\/99"}],"collection":[{"href":"https:\/\/blogsaverroes.juntadeandalucia.es\/escuelainfantilvientodelsur\/wp-json\/wp\/v2\/pages"}],"about":[{"href":"https:\/\/blogsaverroes.juntadeandalucia.es\/escuelainfantilvientodelsur\/wp-json\/wp\/v2\/types\/page"}],"author":[{"embeddable":true,"href":"https:\/\/blogsaverroes.juntadeandalucia.es\/escuelainfantilvientodelsur\/wp-json\/wp\/v2\/users\/1"}],"replies":[{"embeddable":true,"href":"https:\/\/blogsaverroes.juntadeandalucia.es\/escuelainfantilvientodelsur\/wp-json\/wp\/v2\/comments?post=99"}],"version-history":[{"count":11,"href":"https:\/\/blogsaverroes.juntadeandalucia.es\/escuelainfantilvientodelsur\/wp-json\/wp\/v2\/pages\/99\/revisions"}],"predecessor-version":[{"id":5203,"href":"https:\/\/blogsaverroes.juntadeandalucia.es\/escuelainfantilvientodelsur\/wp-json\/wp\/v2\/pages\/99\/revisions\/5203"}],"wp:attachment":[{"href":"https:\/\/blogsaverroes.juntadeandalucia.es\/escuelainfantilvientodelsur\/wp-json\/wp\/v2\/media?parent=99"}],"curies":[{"name":"wp","href":"https:\/\/api.w.org\/{rel}","templated":true}]}}

<p>Los comedores escolares son un servicio complementario que resulta de gran utilidad a padres y madres para ayudarles a&nbsp;conciliar la vida laboral y familiar. Tienen una duración de hasta dos horas desde que acaba la jornada escolar de la mañana (de <strong>14.00 a 16.00 horas)</strong>.</p>
<p>Los comedores son además una pieza importante&nbsp;en todas las medidas dirigidas a mejorar los hábitos alimenticios de los niños y niñas y prevenir problemas de salud como la obesidad.</p>
<p>Los comedores escolares de los centros públicos andaluces promueven una alimentación saludable que está supervisada por nutricionistas y que, entre otros aspectos, se caracteriza por:</p>
<p>Esta sección serviría para informar&nbsp; acerca de cuestiones como:</p>
<p>&nbsp;</p>
<p><strong>Empresa catering:&nbsp; &nbsp; COMERTEL ( GRUPO ARAMARK)<br />
</strong></p>
<p><strong><img loading="lazy" decoding="async" class="wp-image-5202 aligncenter" src="https://blogsaverroes.juntadeandalucia.es/escuelainfantilvientodelsur/files/2025/03/WhatsApp-Image-2025-02-19-at-12.26.37.jpg" alt="" width="521" height="391" srcset="https://blogsaverroes.juntadeandalucia.es/escuelainfantilvientodelsur/files/2025/03/WhatsApp-Image-2025-02-19-at-12.26.37.jpg 1600w, https://blogsaverroes.juntadeandalucia.es/escuelainfantilvientodelsur/files/2025/03/WhatsApp-Image-2025-02-19-at-12.26.37-300x225.jpg 300w, https://blogsaverroes.juntadeandalucia.es/escuelainfantilvientodelsur/files/2025/03/WhatsApp-Image-2025-02-19-at-12.26.37-1024x768.jpg 1024w, https://blogsaverroes.juntadeandalucia.es/escuelainfantilvientodelsur/files/2025/03/WhatsApp-Image-2025-02-19-at-12.26.37-768x576.jpg 768w, https://blogsaverroes.juntadeandalucia.es/escuelainfantilvientodelsur/files/2025/03/WhatsApp-Image-2025-02-19-at-12.26.37-1536x1152.jpg 1536w" sizes="(max-width: 521px) 100vw, 521px" />&nbsp;</strong></p>
<p>&nbsp;</p>

<p>Los comedores escolares son un servicio complementario que resulta de gran utilidad a padres y madres para ayudarles a&nbsp;conciliar la vida laboral y familiar. Tienen una duración de hasta dos horas desde que acaba&#46;&#46;&#46;</p>
