{"id":147,"date":"2025-05-22T11:58:24","date_gmt":"2025-05-22T09:58:24","guid":{"rendered":"https:\/\/blogsaverroes.juntadeandalucia.es\/etpgranada\/?page_id=147"},"modified":"2025-05-22T11:58:41","modified_gmt":"2025-05-22T09:58:41","slug":"taller-pintando-emociones","status":"publish","type":"page","link":"https:\/\/blogsaverroes.juntadeandalucia.es\/etpgranada\/taller-pintando-emociones\/","title":{"rendered":"Taller \u00abPintando Emociones\u00bb"},"content":{"rendered":"<p data-start=\"187\" data-end=\"253\"><img loading=\"lazy\" decoding=\"async\" class=\"alignnone size-medium wp-image-148\" src=\"https:\/\/blogsaverroes.juntadeandalucia.es\/etpgranada\/files\/2025\/05\/Pintando-emociones-300x153.jpg\" alt=\"\" width=\"300\" height=\"153\" srcset=\"https:\/\/blogsaverroes.juntadeandalucia.es\/etpgranada\/files\/2025\/05\/Pintando-emociones-300x153.jpg 300w, https:\/\/blogsaverroes.juntadeandalucia.es\/etpgranada\/files\/2025\/05\/Pintando-emociones-1024x522.jpg 1024w, https:\/\/blogsaverroes.juntadeandalucia.es\/etpgranada\/files\/2025\/05\/Pintando-emociones-768x392.jpg 768w, https:\/\/blogsaverroes.juntadeandalucia.es\/etpgranada\/files\/2025\/05\/Pintando-emociones-1536x784.jpg 1536w, https:\/\/blogsaverroes.juntadeandalucia.es\/etpgranada\/files\/2025\/05\/Pintando-emociones.jpg 1733w\" sizes=\"(max-width: 300px) 100vw, 300px\" \/><\/p>\n<p data-start=\"187\" data-end=\"253\">\ud83c\udfa8 <strong data-start=\"190\" data-end=\"221\">Taller \u00abPintando emociones\u00bb<\/strong><br data-start=\"221\" data-end=\"224\" \/>Darle color a lo que sentimos<\/p>\n<p data-start=\"255\" data-end=\"532\">Desde el equipo de Bienestar hemos creado el taller \u00abPintando emociones\u00bb, un espacio pensado especialmente para el alumnado de Primaria, donde a trav\u00e9s del juego, la creatividad y la imaginaci\u00f3n, aprender\u00e1n a reconocer lo que sienten, a expresarlo con palabras\u2026 \u00a1y con colores!<\/p>\n<p data-start=\"534\" data-end=\"804\">Durante el taller, realizamos actividades divertidas y significativas como el sem\u00e1foro emocional, el frasco de los buenos deseos o la exploraci\u00f3n del cuento \u00abEl monstruo de colores\u00bb, que nos ayudan a identificar las emociones, compartirlas y tratarnos mejor entre todos.<\/p>\n<p data-start=\"806\" data-end=\"1027\">A veces cuesta decir lo que sentimos o entender lo que le pasa al otro. Este taller invita a mirar con m\u00e1s atenci\u00f3n, a ponerse en el lugar de los dem\u00e1s, y a descubrir que cuidar el grupo tambi\u00e9n es parte de sentirse bien.<\/p>\n<p data-start=\"806\" data-end=\"1027\"><strong>\u00bfQu\u00e9 queremos lograr con este taller?<\/strong><\/p>\n<p data-start=\"1072\" data-end=\"1443\">\ud83d\udfe1 Que aprendan a ponerse en el lugar de los dem\u00e1s.<br data-start=\"1123\" data-end=\"1126\" \/>\ud83d\udfe2 Que piensen antes de juzgar y comprendan que todos sentimos cosas diferentes.<br data-start=\"1206\" data-end=\"1209\" \/>\ud83d\udd34 Que cuiden el grupo, fortaleciendo el respeto, la amabilidad y la empat\u00eda.<br data-start=\"1286\" data-end=\"1289\" \/>\ud83d\udd35 Que reflexionen sobre lo que sienten y aprendan a expresarlo de forma sana.<br data-start=\"1367\" data-end=\"1370\" \/>\ud83d\udfe3 Que compartan buenos deseos y generen un ambiente positivo en el aula.<\/p>\n<p data-start=\"1445\" data-end=\"1726\"><strong>\u00abPintando emociones\u00bb<\/strong> es una experiencia para colorear el aula de comprensi\u00f3n, de palabras bonitas, de abrazos sinceros y de emociones que se escuchan. Porque entender lo que sentimos \u2014y lo que sienten los dem\u00e1s\u2014 es el primer paso para construir un mundo m\u00e1s amable, desde peque\u00f1os.<\/p>\n","protected":false},"excerpt":{"rendered":"<p>\ud83c\udfa8 Taller \u00abPintando emociones\u00bbDarle color a lo que sentimos Desde el equipo de Bienestar hemos creado el taller \u00abPintando emociones\u00bb, un espacio pensado especialmente para el alumnado de Primaria, donde a trav\u00e9s del juego,&#46;&#46;&#46;<\/p>\n","protected":false},"author":21016,"featured_media":0,"parent":0,"menu_order":0,"comment_status":"closed","ping_status":"closed","template":"","meta":{"footnotes":""},"aioseo_notices":[],"_links":{"self":[{"href":"https:\/\/blogsaverroes.juntadeandalucia.es\/etpgranada\/wp-json\/wp\/v2\/pages\/147"}],"collection":[{"href":"https:\/\/blogsaverroes.juntadeandalucia.es\/etpgranada\/wp-json\/wp\/v2\/pages"}],"about":[{"href":"https:\/\/blogsaverroes.juntadeandalucia.es\/etpgranada\/wp-json\/wp\/v2\/types\/page"}],"author":[{"embeddable":true,"href":"https:\/\/blogsaverroes.juntadeandalucia.es\/etpgranada\/wp-json\/wp\/v2\/users\/21016"}],"replies":[{"embeddable":true,"href":"https:\/\/blogsaverroes.juntadeandalucia.es\/etpgranada\/wp-json\/wp\/v2\/comments?post=147"}],"version-history":[{"count":2,"href":"https:\/\/blogsaverroes.juntadeandalucia.es\/etpgranada\/wp-json\/wp\/v2\/pages\/147\/revisions"}],"predecessor-version":[{"id":150,"href":"https:\/\/blogsaverroes.juntadeandalucia.es\/etpgranada\/wp-json\/wp\/v2\/pages\/147\/revisions\/150"}],"wp:attachment":[{"href":"https:\/\/blogsaverroes.juntadeandalucia.es\/etpgranada\/wp-json\/wp\/v2\/media?parent=147"}],"curies":[{"name":"wp","href":"https:\/\/api.w.org\/{rel}","templated":true}]}}