{"id":9784,"date":"2026-01-21T13:37:16","date_gmt":"2026-01-21T12:37:16","guid":{"rendered":"https:\/\/blogsaverroes.juntadeandalucia.es\/etpoepcordoba\/?page_id=9784"},"modified":"2026-01-21T14:16:11","modified_gmt":"2026-01-21T13:16:11","slug":"rrtt-seneca","status":"publish","type":"page","link":"https:\/\/blogsaverroes.juntadeandalucia.es\/etpoepcordoba\/rrtt-seneca\/","title":{"rendered":"RRTT-Seneca"},"content":{"rendered":"<p>En esta p\u00e1gina est\u00e1n recogidos algunos de los manuales m\u00e1s relevantes de Seneca e Ipasen.&nbsp;<\/p>\n<p><a href=\"https:\/\/drive.google.com\/file\/d\/18sl93z9M6TV6WP_AVQHjPtNA2w8XA9Ey\/view?usp=sharing\">Manual del m\u00f3dulo de Gesti\u00f3n de la Orientaci\u00f3n (14\/01\/2025)<\/a><\/p>\n<p><a href=\"https:\/\/drive.google.com\/file\/d\/1wGZdn5wHxwwbHQMJZMpfOPLxT5IcM4P_\/view?usp=sharing\">M\u00f3dulo de detecci\u00f3n de indicios NEAE<\/a><\/p>\n<p><a href=\"https:\/\/drive.google.com\/file\/d\/1tFsbwukRTVEJr7VIqzsBhwOC8pEONWfs\/view\">Solicitud de intervenci\u00f3n de EOEE<\/a><\/p>\n<p><a href=\"https:\/\/drive.google.com\/file\/d\/1at_fz9kUjUW5FfgLYIveJMJG99hPpyQP\/view\">Solicitud de intervenci\u00f3n de EOEE (Atenci\u00f3n Temprana)<\/a><\/p>\n<p><a href=\"https:\/\/drive.google.com\/file\/d\/1wrYVgmAsqmO_0kB5Rd2rZaMDzXTNmWXJ\/view?usp=sharing\">Programa Espec\u00edfico (PE)<\/a><\/p>\n<p><a href=\"https:\/\/drive.google.com\/file\/d\/1_qqJZFKpTHK2g4iZh80CA9ijluoRNYEu\/view?usp=sharing\">Programa de Refuerzo de Aprendizaje (PRA)<\/a><\/p>\n<p><a href=\"https:\/\/drive.google.com\/file\/d\/1QysPxm3v6ShDQBdZqrmWlEmC5oPDEMIx\/view?usp=sharing\">Programa de Profundizaci\u00f3n de Aprendizaje (PPA)<\/a><\/p>\n<p><a href=\"https:\/\/drive.google.com\/file\/d\/1DpMFG9UxMhSXlS8i501Ymf8k0d4OmFVo\/view?usp=sharing\">Adaptaci\u00f3n&nbsp; curricular de altas capacidades intelectuales (ACACI)<\/a><\/p>\n<p><a href=\"https:\/\/drive.google.com\/file\/d\/1i3UJXaPjl3F_invjckKXwM2KZ24EZkvf\/view?usp=sharing\">Adaptaci\u00f3n curricular significativa (ACS)<\/a><\/p>\n<p><a href=\"https:\/\/drive.google.com\/file\/d\/1CLR3Q_JoZSILrPzRLWJGwf9R14EW8GLu\/view?usp=sharing\">Adaptaci\u00f3n currciular individualizada (ACI)<\/a><\/p>\n<p><a href=\"https:\/\/drive.google.com\/file\/d\/1TiiqxuF8NCSXbEnWUDFaGJfH0BiZKZem\/view?usp=sharing\">Procedimiento de firma de IEP \/ Dictamen<\/a><\/p>\n<p><a href=\"https:\/\/apl.ced.junta-andalucia.es\/educacion\/apl\/senfirma\/\">Tarjeta Matriz de claves (opci\u00f3n de firma con coordenadas para centros privados y personal laboral de EOE).<\/a><\/p>\n<p><a href=\"https:\/\/drive.google.com\/file\/d\/1dnfuYB-SGj1nMdCGD7c6zjwHkRX17zxe\/view\">Ventanilla Electr\u00f3nica<\/a><\/p>\n<p><a href=\"https:\/\/drive.google.com\/file\/d\/1ZF-p_8a7sHivPo-ED_i-sJloiIzimaWd\/view\">Inventariado Seneca<\/a><\/p>\n<p><a href=\"https:\/\/drive.google.com\/file\/d\/1d5u4LBxW_crtbp9-yLf2o5Aim9RYjWB4\/view?usp=sharing\">Manual becas (centros)<\/a><\/p>\n<p><a href=\"https:\/\/drive.google.com\/file\/d\/1C83bIo8B4posJ5PmaT311sftlBqZNUF9\/view?usp=sharing\">Manual becas (Orientaci\u00f3n)<\/a><\/p>\n<p>&nbsp;<\/p>\n<p>Cualquier duda, puede emplear el <a href=\"https:\/\/notebooklm.google.com\/notebook\/8dc0cc22-0829-491d-8b45-efbafb344e59\">chatbot del blog<img loading=\"lazy\" decoding=\"async\" class=\"alignnone size-full wp-image-9776\" src=\"https:\/\/blogsaverroes.juntadeandalucia.es\/etpoepcordoba\/files\/2026\/01\/chatbot.png\" alt=\"\" width=\"32\" height=\"32\"><\/a>&nbsp;o el correo del \u00e1rea de recursos t\u00e9cnicos carecursos.dpco.ced@juntadeandalucia.es<\/p>\n","protected":false},"excerpt":{"rendered":"<p>En esta p\u00e1gina est\u00e1n recogidos algunos de los manuales m\u00e1s relevantes de Seneca e Ipasen.&nbsp; Manual del m\u00f3dulo de Gesti\u00f3n de la Orientaci\u00f3n (14\/01\/2025) M\u00f3dulo de detecci\u00f3n de indicios NEAE Solicitud de intervenci\u00f3n de&#46;&#46;&#46;<\/p>\n","protected":false},"author":5183,"featured_media":0,"parent":0,"menu_order":0,"comment_status":"closed","ping_status":"closed","template":"","meta":{"ngg_post_thumbnail":0,"footnotes":"","_mc_calendar":[]},"aioseo_notices":[],"_links":{"self":[{"href":"https:\/\/blogsaverroes.juntadeandalucia.es\/etpoepcordoba\/wp-json\/wp\/v2\/pages\/9784"}],"collection":[{"href":"https:\/\/blogsaverroes.juntadeandalucia.es\/etpoepcordoba\/wp-json\/wp\/v2\/pages"}],"about":[{"href":"https:\/\/blogsaverroes.juntadeandalucia.es\/etpoepcordoba\/wp-json\/wp\/v2\/types\/page"}],"author":[{"embeddable":true,"href":"https:\/\/blogsaverroes.juntadeandalucia.es\/etpoepcordoba\/wp-json\/wp\/v2\/users\/5183"}],"replies":[{"embeddable":true,"href":"https:\/\/blogsaverroes.juntadeandalucia.es\/etpoepcordoba\/wp-json\/wp\/v2\/comments?post=9784"}],"version-history":[{"count":3,"href":"https:\/\/blogsaverroes.juntadeandalucia.es\/etpoepcordoba\/wp-json\/wp\/v2\/pages\/9784\/revisions"}],"predecessor-version":[{"id":9805,"href":"https:\/\/blogsaverroes.juntadeandalucia.es\/etpoepcordoba\/wp-json\/wp\/v2\/pages\/9784\/revisions\/9805"}],"wp:attachment":[{"href":"https:\/\/blogsaverroes.juntadeandalucia.es\/etpoepcordoba\/wp-json\/wp\/v2\/media?parent=9784"}],"curies":[{"name":"wp","href":"https:\/\/api.w.org\/{rel}","templated":true}]}}