{"id":1354,"date":"2022-10-20T16:37:51","date_gmt":"2022-10-20T15:37:51","guid":{"rendered":"https:\/\/blogsaverroes.juntadeandalucia.es\/etpoepsevilla\/?page_id=1354"},"modified":"2022-12-12T22:08:22","modified_gmt":"2022-12-12T21:08:22","slug":"departamento-de-orientacion","status":"publish","type":"page","link":"https:\/\/blogsaverroes.juntadeandalucia.es\/etpoepsevilla\/departamento-de-orientacion\/","title":{"rendered":"DEPARTAMENTO DE ORIENTACI\u00d3N"},"content":{"rendered":"<p>[et_pb_section fb_built=&#8221;1&#8243; _builder_version=&#8221;3.22&#8243; custom_padding=&#8221;7px|||||&#8221; hover_enabled=&#8221;0&#8243; global_colors_info=&#8221;{}&#8221; theme_builder_area=&#8221;post_content&#8221; sticky_enabled=&#8221;0&#8243;][et_pb_row _builder_version=&#8221;3.25&#8243; background_size=&#8221;initial&#8221; background_position=&#8221;top_left&#8221; background_repeat=&#8221;repeat&#8221; hover_enabled=&#8221;0&#8243; global_colors_info=&#8221;{}&#8221; theme_builder_area=&#8221;post_content&#8221; sticky_enabled=&#8221;0&#8243;][et_pb_column type=&#8221;4_4&#8243; _builder_version=&#8221;3.25&#8243; custom_padding=&#8221;|||&#8221; global_colors_info=&#8221;{}&#8221; custom_padding__hover=&#8221;|||&#8221; theme_builder_area=&#8221;post_content&#8221;][et_pb_image src=&#8221;https:\/\/blogsaverroes.juntadeandalucia.es\/etpoepsevilla\/files\/2020\/02\/closeup-of-compass-on-the-map-scaled.jpg&#8221; title_text=&#8221;Closeup of compass on the map&#8221; _builder_version=&#8221;4.14.5&#8243; _module_preset=&#8221;default&#8221; min_height=&#8221;360px&#8221; custom_margin=&#8221;-15px||2px|||&#8221; custom_padding=&#8221;||0px|||&#8221; hover_enabled=&#8221;0&#8243; global_colors_info=&#8221;{}&#8221; theme_builder_area=&#8221;post_content&#8221; sticky_enabled=&#8221;0&#8243;][\/et_pb_image][et_pb_text _builder_version=&#8221;4.14.5&#8243; background_size=&#8221;initial&#8221; background_position=&#8221;top_left&#8221; background_repeat=&#8221;repeat&#8221; min_height=&#8221;706px&#8221; hover_enabled=&#8221;0&#8243; global_colors_info=&#8221;{}&#8221; theme_builder_area=&#8221;post_content&#8221; sticky_enabled=&#8221;0&#8243;]<\/p>\n<p style=\"text-align: justify\"><span style=\"color: #993300\"><strong><span style=\"font-size: 14pt\">DEPARTAMENTO DE ORIENTACI\u00d3N<\/span><\/strong><\/span><\/p>\n<h4>Decreto 327\/2010, de 13 de julio, por el que se aprueba el Reglamento Org\u00e1nico de los Institutos de Educaci\u00f3n Secundaria<\/h4>\n<p style=\"text-align: justify\"><span style=\"color: #4eadad\"><strong><span style=\"font-size: 14pt\">\u00bfQUI\u00c9N LO COMPONE?<\/span><\/strong><\/span><\/p>\n<p>El departamento de orientaci\u00f3n estar\u00e1 compuesto por:<\/p>\n<p>a) El profesorado perteneciente a la especialidad de orientaci\u00f3n educativa.<\/p>\n<p>b) En su caso, los maestros y maestras especialistas en educaci\u00f3n especial y en audici\u00f3n y lenguaje.<\/p>\n<p>c) El profesorado responsable de los programas de atenci\u00f3n a la diversidad, incluido el que imparta los programas de diversificaci\u00f3n curricular y de cualificaci\u00f3n profesional inicial, en la forma que se establezca en el plan de orientaci\u00f3n y acci\u00f3n tutorial contemplado en el proyecto educativo.<\/p>\n<p>d) En su caso, los educadores y educadoras sociales y otros profesionales no docentes con competencias en la materia con que cuente el centro.<\/p>\n<p><span style=\"color: #4eadad\"><strong><span style=\"font-size: 14pt\">\u00bfCU\u00c1LES SON SUS FUNCIONES?&nbsp;<\/span><\/strong><\/span><\/p>\n<p>Ser\u00e1n funciones del departamento de orientaci\u00f3n:<\/p>\n<p>a) Colaborar con el equipo directivo en la elaboraci\u00f3n del plan de orientaci\u00f3n y acci\u00f3n tutorial y en la del plan de convivencia para su inclusi\u00f3n en el proyecto educativo y contribuir al desarrollo y a la aplicaci\u00f3n de los mismos, planificando y proponiendo actuaciones dirigidas a hacer efectiva la prevenci\u00f3n de la violencia, la mejora de la convivencia escolar, la mediaci\u00f3n y la resoluci\u00f3n pac\u00edfica de los conflictos.<\/p>\n<p>b) Colaborar y asesorar a los departamentos de coordinaci\u00f3n did\u00e1ctica y al profesorado, bajo la coordinaci\u00f3n de la jefatura de estudios, en el desarrollo de las medidas y programas de atenci\u00f3n a la diversidad del alumnado y en la prevenci\u00f3n y detecci\u00f3n temprana de problemas de aprendizaje.<\/p>\n<p>c) Elaborar la programaci\u00f3n did\u00e1ctica de los programas de diversificaci\u00f3n curricular, en sus aspectos generales, y coordinar la elaboraci\u00f3n de la programaci\u00f3n de los \u00e1mbitos, en cuya concreci\u00f3n deber\u00e1n participar los departamentos de coordinaci\u00f3n did\u00e1ctica de las materias que los integran.<\/p>\n<p>d) Elaborar la programaci\u00f3n did\u00e1ctica de los m\u00f3dulos obligatorios de los programas de cualificaci\u00f3n profesional inicial. En el caso de que el instituto cuente con departamento de la familia profesional a la que pertenece el programa, la programaci\u00f3n did\u00e1ctica de los m\u00f3dulos espec\u00edficos corresponder\u00e1 a este.<\/p>\n<p>e) Asesorar al alumnado sobre las opciones que le ofrece el sistema educativo, con la finalidad de inculcarle la importancia de proseguir estudios para su proyecci\u00f3n personal y profesional. Cuando optara por finalizar sus estudios, se garantizar\u00e1 la orientaci\u00f3n profesional sobre el tr\u00e1nsito al mundo laboral.<\/p>\n<p>f) Cualesquiera otras que le sean atribuidas en el proyecto educativo del instituto o por Orden de la persona titular de la Consejer\u00eda competente en materia de educaci\u00f3n.<\/p>\n<p>.<\/p>\n<p>&nbsp;<\/p>\n<p>&nbsp;<\/p>\n<p>[\/et_pb_text][\/et_pb_column][\/et_pb_row][\/et_pb_section]<\/p>\n","protected":false},"excerpt":{"rendered":"<p>DEPARTAMENTO DE ORIENTACI\u00d3N Decreto 327\/2010, de 13 de julio, por el que se aprueba el Reglamento Org\u00e1nico de los Institutos de Educaci\u00f3n Secundaria \u00bfQUI\u00c9N LO COMPONE? El departamento de orientaci\u00f3n estar\u00e1 compuesto por: a) El profesorado perteneciente a la especialidad de orientaci\u00f3n educativa. b) En su caso, los maestros y maestras especialistas en educaci\u00f3n especial [&hellip;]<\/p>\n","protected":false},"author":14835,"featured_media":0,"parent":0,"menu_order":0,"comment_status":"closed","ping_status":"closed","template":"","meta":{"_et_pb_use_builder":"on","_et_pb_old_content":"","_et_gb_content_width":"","ngg_post_thumbnail":0,"footnotes":""},"aioseo_notices":[],"_links":{"self":[{"href":"https:\/\/blogsaverroes.juntadeandalucia.es\/etpoepsevilla\/wp-json\/wp\/v2\/pages\/1354"}],"collection":[{"href":"https:\/\/blogsaverroes.juntadeandalucia.es\/etpoepsevilla\/wp-json\/wp\/v2\/pages"}],"about":[{"href":"https:\/\/blogsaverroes.juntadeandalucia.es\/etpoepsevilla\/wp-json\/wp\/v2\/types\/page"}],"author":[{"embeddable":true,"href":"https:\/\/blogsaverroes.juntadeandalucia.es\/etpoepsevilla\/wp-json\/wp\/v2\/users\/14835"}],"replies":[{"embeddable":true,"href":"https:\/\/blogsaverroes.juntadeandalucia.es\/etpoepsevilla\/wp-json\/wp\/v2\/comments?post=1354"}],"version-history":[{"count":3,"href":"https:\/\/blogsaverroes.juntadeandalucia.es\/etpoepsevilla\/wp-json\/wp\/v2\/pages\/1354\/revisions"}],"predecessor-version":[{"id":1454,"href":"https:\/\/blogsaverroes.juntadeandalucia.es\/etpoepsevilla\/wp-json\/wp\/v2\/pages\/1354\/revisions\/1454"}],"wp:attachment":[{"href":"https:\/\/blogsaverroes.juntadeandalucia.es\/etpoepsevilla\/wp-json\/wp\/v2\/media?parent=1354"}],"curies":[{"name":"wp","href":"https:\/\/api.w.org\/{rel}","templated":true}]}}

DEPARTAMENTO DE ORIENTACIÓN

<p>[et_pb_section fb_built=&#8221;1&#8243; _builder_version=&#8221;3.22&#8243; custom_padding=&#8221;7px|||||&#8221; hover_enabled=&#8221;0&#8243; global_colors_info=&#8221;{}&#8221; theme_builder_area=&#8221;post_content&#8221; sticky_enabled=&#8221;0&#8243;][et_pb_row _builder_version=&#8221;3.25&#8243; background_size=&#8221;initial&#8221; background_position=&#8221;top_left&#8221; background_repeat=&#8221;repeat&#8221; hover_enabled=&#8221;0&#8243; global_colors_info=&#8221;{}&#8221; theme_builder_area=&#8221;post_content&#8221; sticky_enabled=&#8221;0&#8243;][et_pb_column type=&#8221;4_4&#8243; _builder_version=&#8221;3.25&#8243; custom_padding=&#8221;|||&#8221; global_colors_info=&#8221;{}&#8221; custom_padding__hover=&#8221;|||&#8221; theme_builder_area=&#8221;post_content&#8221;][et_pb_image src=&#8221;https://blogsaverroes.juntadeandalucia.es/etpoepsevilla/files/2020/02/closeup-of-compass-on-the-map-scaled.jpg&#8221; title_text=&#8221;Closeup of compass on the map&#8221; _builder_version=&#8221;4.14.5&#8243; _module_preset=&#8221;default&#8221; min_height=&#8221;360px&#8221; custom_margin=&#8221;-15px||2px|||&#8221; custom_padding=&#8221;||0px|||&#8221; hover_enabled=&#8221;0&#8243; global_colors_info=&#8221;{}&#8221; theme_builder_area=&#8221;post_content&#8221; sticky_enabled=&#8221;0&#8243;][/et_pb_image][et_pb_text _builder_version=&#8221;4.14.5&#8243; background_size=&#8221;initial&#8221; background_position=&#8221;top_left&#8221; background_repeat=&#8221;repeat&#8221; min_height=&#8221;706px&#8221; hover_enabled=&#8221;0&#8243; global_colors_info=&#8221;{}&#8221; theme_builder_area=&#8221;post_content&#8221; sticky_enabled=&#8221;0&#8243;]</p>
<p style="text-align: justify"><span style="color: #993300"><strong><span style="font-size: 14pt">DEPARTAMENTO DE ORIENTACIÓN</span></strong></span></p>
<h4>Decreto 327/2010, de 13 de julio, por el que se aprueba el Reglamento Orgánico de los Institutos de Educación Secundaria</h4>
<p style="text-align: justify"><span style="color: #4eadad"><strong><span style="font-size: 14pt">¿QUIÉN LO COMPONE?</span></strong></span></p>
<p>El departamento de orientación estará compuesto por:</p>
<p>a) El profesorado perteneciente a la especialidad de orientación educativa.</p>
<p>b) En su caso, los maestros y maestras especialistas en educación especial y en audición y lenguaje.</p>
<p>c) El profesorado responsable de los programas de atención a la diversidad, incluido el que imparta los programas de diversificación curricular y de cualificación profesional inicial, en la forma que se establezca en el plan de orientación y acción tutorial contemplado en el proyecto educativo.</p>
<p>d) En su caso, los educadores y educadoras sociales y otros profesionales no docentes con competencias en la materia con que cuente el centro.</p>
<p><span style="color: #4eadad"><strong><span style="font-size: 14pt">¿CUÁLES SON SUS FUNCIONES?&nbsp;</span></strong></span></p>
<p>Serán funciones del departamento de orientación:</p>
<p>a) Colaborar con el equipo directivo en la elaboración del plan de orientación y acción tutorial y en la del plan de convivencia para su inclusión en el proyecto educativo y contribuir al desarrollo y a la aplicación de los mismos, planificando y proponiendo actuaciones dirigidas a hacer efectiva la prevención de la violencia, la mejora de la convivencia escolar, la mediación y la resolución pacífica de los conflictos.</p>
<p>b) Colaborar y asesorar a los departamentos de coordinación didáctica y al profesorado, bajo la coordinación de la jefatura de estudios, en el desarrollo de las medidas y programas de atención a la diversidad del alumnado y en la prevención y detección temprana de problemas de aprendizaje.</p>
<p>c) Elaborar la programación didáctica de los programas de diversificación curricular, en sus aspectos generales, y coordinar la elaboración de la programación de los ámbitos, en cuya concreción deberán participar los departamentos de coordinación didáctica de las materias que los integran.</p>
<p>d) Elaborar la programación didáctica de los módulos obligatorios de los programas de cualificación profesional inicial. En el caso de que el instituto cuente con departamento de la familia profesional a la que pertenece el programa, la programación didáctica de los módulos específicos corresponderá a este.</p>
<p>e) Asesorar al alumnado sobre las opciones que le ofrece el sistema educativo, con la finalidad de inculcarle la importancia de proseguir estudios para su proyección personal y profesional. Cuando optara por finalizar sus estudios, se garantizará la orientación profesional sobre el tránsito al mundo laboral.</p>
<p>f) Cualesquiera otras que le sean atribuidas en el proyecto educativo del instituto o por Orden de la persona titular de la Consejería competente en materia de educación.</p>
<p>.</p>
<p>&nbsp;</p>
<p>&nbsp;</p>
<p>[/et_pb_text][/et_pb_column][/et_pb_row][/et_pb_section]</p>

<p>DEPARTAMENTO DE ORIENTACIÓN Decreto 327/2010, de 13 de julio, por el que se aprueba el Reglamento Orgánico de los Institutos de Educación Secundaria ¿QUIÉN LO COMPONE? El departamento de orientación estará compuesto por: a) El profesorado perteneciente a la especialidad de orientación educativa. b) En su caso, los maestros y maestras especialistas en educación especial [&hellip;]</p>
