{"id":55,"date":"2020-01-10T09:42:57","date_gmt":"2020-01-10T08:42:57","guid":{"rendered":"http:\/\/blogsaverroes.juntadeandalucia.es\/pre\/nuevoies2v2\/?page_id=55"},"modified":"2022-04-13T09:39:03","modified_gmt":"2022-04-13T08:39:03","slug":"quienessomos","status":"publish","type":"page","link":"https:\/\/blogsaverroes.juntadeandalucia.es\/etpoepsevilla\/quienessomos\/","title":{"rendered":"\u00bfQui\u00e9nes somos?"},"content":{"rendered":"<p>[et_pb_section fb_built=&#8221;1&#8243; _builder_version=&#8221;3.22&#8243; custom_padding=&#8221;7px|||||&#8221; global_colors_info=&#8221;{}&#8221;][et_pb_row _builder_version=&#8221;3.25&#8243; background_size=&#8221;initial&#8221; background_position=&#8221;top_left&#8221; background_repeat=&#8221;repeat&#8221; global_colors_info=&#8221;{}&#8221;][et_pb_column type=&#8221;4_4&#8243; _builder_version=&#8221;3.25&#8243; custom_padding=&#8221;|||&#8221; global_colors_info=&#8221;{}&#8221; custom_padding__hover=&#8221;|||&#8221;][et_pb_image src=&#8221;https:\/\/blogsaverroes.juntadeandalucia.es\/etpoepsevilla\/files\/2022\/04\/logo-CORTADO-scaled.jpg&#8221; title_text=&#8221;logo CORTADO&#8221; _builder_version=&#8221;4.14.5&#8243; _module_preset=&#8221;default&#8221; min_height=&#8221;360px&#8221; custom_margin=&#8221;-15px||2px|||&#8221; custom_padding=&#8221;||0px|||&#8221; global_colors_info=&#8221;{}&#8221;][\/et_pb_image][et_pb_text _builder_version=&#8221;4.14.5&#8243; background_size=&#8221;initial&#8221; background_position=&#8221;top_left&#8221; background_repeat=&#8221;repeat&#8221; global_colors_info=&#8221;{}&#8221; min_height=&#8221;706px&#8221;]<\/p>\n<p style=\"text-align: justify\"><span style=\"color: #4eadad\"><strong><span style=\"font-size: 14pt\">\u00bfQU\u00c9 ES?<\/span><\/strong><\/span><br \/>El ETPOEP es un \u00f3rgano de planificaci\u00f3n y coordinaci\u00f3n, dependiente del Servicio de Ordenaci\u00f3n Educativa de la Delegaci\u00f3n Territorial de Educaci\u00f3n y Deporte de Sevilla.<\/p>\n<p style=\"text-align: justify\">De acuerdo con lo recogido en el art\u00edculo 16 del Decreto 213\/1995, de 12 de septiembre, en cada Delegaci\u00f3n Territorial de la Consejer\u00eda de Educaci\u00f3n existe un Equipo T\u00e9cnico Provincial que depende de la Jefa del Servicio de Ordenaci\u00f3n Educativa para la organizaci\u00f3n y desarrollo de las funciones que tiene encomendadas.<\/p>\n<p><span style=\"color: #4eadad\"><strong><span style=\"font-size: 14pt\">\u00bfQUI\u00c9N LO COMPONE?<\/span><\/strong><\/span><br \/>Este Equipo est\u00e1 compuesto por una persona que ejerce la coordinaci\u00f3n provincial, y por cinco coordinadores \/as que se ocupan, respectivamente, de las \u00e1reas de orientaci\u00f3n vocacional y profesional, atenci\u00f3n a las necesidades educativas especiales, compensaci\u00f3n educativa, apoyo a la funci\u00f3n tutorial del profesorado y de asesoramiento sobre convivencia escolar y recursos t\u00e9cnicos.<\/p>\n<p><span style=\"color: #4eadad\"><strong><span style=\"font-size: 14pt\">\u00bfCU\u00c1LES SON SUS FUNCIONES?<\/span><\/strong><\/span><br \/>Ser\u00e1n funciones de este Equipo las siguientes (Art\u00edculo 17 Decreto 213\/1995):<br \/>a) Colaborar con los servicios de la Consejer\u00eda de Educaci\u00f3n y Ciencia en la planificaci\u00f3n, desarrollo y evaluaci\u00f3n de las actuaciones de los Equipos de Orientaci\u00f3n Educativa y de los Departamentos de Orientaci\u00f3n.<br \/>b) Impulsar y coordinar las actuaciones de los Equipos de Orientaci\u00f3n Educativa de la provincia en las diferentes \u00e1reas de trabajo y de los Departamentos de Orientaci\u00f3n, posibilitando el intercambio de experiencias y la elaboraci\u00f3n de materiales y documentos de orientaci\u00f3n educativa e intervenci\u00f3n psicopedag\u00f3gica.<br \/>c) Proponer planes de formaci\u00f3n permanente para los profesionales de los Equipos de Orientaci\u00f3n Educativa y Departamentos de Orientaci\u00f3n, en el marco del plan provincial de formaci\u00f3n permanente del profesorado, y colaborar en su desarrollo y evaluaci\u00f3n.<br \/>d) Determinar las l\u00edneas de actuaci\u00f3n prioritarias de la provincia en lo relativo a la planificaci\u00f3n, desarrollo y evaluaci\u00f3n de actuaciones y programas relacionados con las distintas funciones de los Equipos de Orientaci\u00f3n Educativa, de acuerdo con las directrices de la Consejer\u00eda de Educaci\u00f3n y Ciencia.<br \/>e) Colaborar con los servicios de la Consejer\u00eda de Educaci\u00f3n y Ciencia en lo relativo a la planificaci\u00f3n, educativa de los medios y recursos necesarios para la atenci\u00f3n a la diversidad de los alumnos y alumnas, particularmente en el \u00e1rea de las necesidades educativas especiales y de la compensaci\u00f3n educativa.<\/p>\n<p><span style=\"color: #4eadad\"><strong><span style=\"font-size: 14pt\">UBICACI\u00d3N<\/span><\/strong><\/span><\/p>\n<p><span style=\"color: #4eadad\"><strong><span style=\"font-size: 14pt\"><\/span><\/strong><\/span><\/p>\n<p>[\/et_pb_text][et_pb_code _builder_version=&#8221;4.14.5&#8243; _module_preset=&#8221;default&#8221; hover_enabled=&#8221;0&#8243; sticky_enabled=&#8221;0&#8243; custom_padding=&#8221;0px|||||&#8221; custom_margin=&#8221;-39px|||||&#8221;]<iframe loading=\"lazy\" src=\"https:\/\/www.google.com\/maps\/embed?pb=!1m18!1m12!1m3!1d3170.62199493873!2d-5.965764284530975!3d37.37512024282459!2m3!1f0!2f0!3f0!3m2!1i1024!2i768!4f13.1!3m3!1m2!1s0xd126eea9a52dcd3%3A0xe332da7d6f560a75!2sDelegaci%C3%B3n%20Territorial%20de%20Educaci%C3%B3n%20y%20Deporte%20en%20Sevilla!5e0!3m2!1ses!2ses!4v1649839065272!5m2!1ses!2ses\" width=\"600\" height=\"450\"><\/iframe>[\/et_pb_code][\/et_pb_column][\/et_pb_row][\/et_pb_section]<\/p>\n","protected":false},"excerpt":{"rendered":"<p>\u00bfQU\u00c9 ES?El ETPOEP es un \u00f3rgano de planificaci\u00f3n y coordinaci\u00f3n, dependiente del Servicio de Ordenaci\u00f3n Educativa de la Delegaci\u00f3n Territorial de Educaci\u00f3n y Deporte de Sevilla. De acuerdo con lo recogido en el art\u00edculo 16 del Decreto 213\/1995, de 12 de septiembre, en cada Delegaci\u00f3n Territorial de la Consejer\u00eda de Educaci\u00f3n existe un Equipo T\u00e9cnico [&hellip;]<\/p>\n","protected":false},"author":14835,"featured_media":0,"parent":0,"menu_order":0,"comment_status":"closed","ping_status":"closed","template":"","meta":{"_et_pb_use_builder":"on","_et_pb_old_content":"<p>\u00a0<\/p><p><span style=\"color: #4eadad;\"><strong><span style=\"font-size: 14pt;\">\u00bfQU\u00c9 ES?<\/span><\/strong><\/span><br>El ETPOEP es un \u00f3rgano de planificaci\u00f3n y coordinaci\u00f3n, dependiente del Servicio de Ordenaci\u00f3n Educativa de la Delegaci\u00f3n Territorial de Educaci\u00f3n y Deporte de Sevilla.<\/p><p>De acuerdo con lo recogido en el art\u00edculo 16 del Decreto 213\/1995, de 12 de septiembre, en cada Delegaci\u00f3n Territorial de la Consejer\u00eda de Educaci\u00f3n existe un Equipo T\u00e9cnico Provincial que depende del Jefe del Servicio de Ordenaci\u00f3n Educativa para la organizaci\u00f3n y desarrollo de las funciones que tiene encomendadas.<\/p><p><span style=\"color: #4eadad;\"><strong><span style=\"font-size: 14pt;\">\u00bfQUI\u00c9N LO COMPONE?<\/span><\/strong><\/span><br>Este Equipo est\u00e1 compuesto por una persona que ejerce la coordinaci\u00f3n provincial, y por cinco coordinadores \/as que se ocupan, respectivamente, de las \u00e1reas de orientaci\u00f3n vocacional y profesional, atenci\u00f3n a las necesidades educativas especiales, compensaci\u00f3n educativa, apoyo a la funci\u00f3n tutorial del profesorado y de asesoramiento sobre convivencia escolar y recursos t\u00e9cnicos.<\/p><p><span style=\"color: #4eadad;\"><strong><span style=\"font-size: 14pt;\">\u00bfCU\u00c1LES SON SUS FUNCIONES?<\/span><\/strong><\/span><br>Ser\u00e1n funciones de este Equipo las siguientes (Art\u00edculo 17 Decreto 213\/1995):<br>a) Colaborar con los servicios de la Consejer\u00eda de Educaci\u00f3n y Ciencia en la planificaci\u00f3n, desarrollo y evaluaci\u00f3n de las actuaciones de los Equipos de Orientaci\u00f3n Educativa y de los Departamentos de Orientaci\u00f3n.<br>b) Impulsar y coordinar las actuaciones de los Equipos de Orientaci\u00f3n Educativa de la provincia en las diferentes \u00e1reas de trabajo y de los Departamentos de Orientaci\u00f3n, posibilitando el intercambio de experiencias y la elaboraci\u00f3n de materiales y documentos de orientaci\u00f3n educativa e intervenci\u00f3n psicopedag\u00f3gica.<br>c) Proponer planes de formaci\u00f3n permanente para los profesionales de los Equipos de Orientaci\u00f3n Educativa y Departamentos de Orientaci\u00f3n, en el marco del plan provincial de formaci\u00f3n permanente del profesorado, y colaborar en su desarrollo y evaluaci\u00f3n.<br>d) Determinar las l\u00edneas de actuaci\u00f3n prioritarias de la provincia en lo relativo a la planificaci\u00f3n, desarrollo y evaluaci\u00f3n de actuaciones y programas relacionados con las distintas funciones de los Equipos de Orientaci\u00f3n Educativa, de acuerdo con las directrices de la Consejer\u00eda de Educaci\u00f3n y Ciencia.<br>e) Colaborar con los servicios de la Consejer\u00eda de Educaci\u00f3n y Ciencia en lo relativo a la planificaci\u00f3n, educativa de los medios y recursos necesarios para la atenci\u00f3n a la diversidad de los alumnos y alumnas, particularmente en el \u00e1rea de las necesidades educativas especiales y de la compensaci\u00f3n educativa.<\/p>","_et_gb_content_width":"","ngg_post_thumbnail":0,"footnotes":""},"aioseo_notices":[],"_links":{"self":[{"href":"https:\/\/blogsaverroes.juntadeandalucia.es\/etpoepsevilla\/wp-json\/wp\/v2\/pages\/55"}],"collection":[{"href":"https:\/\/blogsaverroes.juntadeandalucia.es\/etpoepsevilla\/wp-json\/wp\/v2\/pages"}],"about":[{"href":"https:\/\/blogsaverroes.juntadeandalucia.es\/etpoepsevilla\/wp-json\/wp\/v2\/types\/page"}],"author":[{"embeddable":true,"href":"https:\/\/blogsaverroes.juntadeandalucia.es\/etpoepsevilla\/wp-json\/wp\/v2\/users\/14835"}],"replies":[{"embeddable":true,"href":"https:\/\/blogsaverroes.juntadeandalucia.es\/etpoepsevilla\/wp-json\/wp\/v2\/comments?post=55"}],"version-history":[{"count":20,"href":"https:\/\/blogsaverroes.juntadeandalucia.es\/etpoepsevilla\/wp-json\/wp\/v2\/pages\/55\/revisions"}],"predecessor-version":[{"id":2183,"href":"https:\/\/blogsaverroes.juntadeandalucia.es\/etpoepsevilla\/wp-json\/wp\/v2\/pages\/55\/revisions\/2183"}],"wp:attachment":[{"href":"https:\/\/blogsaverroes.juntadeandalucia.es\/etpoepsevilla\/wp-json\/wp\/v2\/media?parent=55"}],"curies":[{"name":"wp","href":"https:\/\/api.w.org\/{rel}","templated":true}]}}