{"id":46,"date":"2022-10-30T17:24:41","date_gmt":"2022-10-30T17:24:41","guid":{"rendered":"https:\/\/blogsaverroes.juntadeandalucia.es\/fabianguitarra\/?page_id=46"},"modified":"2022-10-31T16:49:22","modified_gmt":"2022-10-31T16:49:22","slug":"hola-guitarristas","status":"publish","type":"page","link":"https:\/\/blogsaverroes.juntadeandalucia.es\/fabianguitarra\/","title":{"rendered":"\u00a1Hola Guitarristas!"},"content":{"rendered":"<p style=\"text-align: center\"><span style=\"font-family: 'book antiqua', palatino, serif\">&nbsp;Mi nombre es Fabi\u00e1n Leyva Romero, soy profesor de guitarra en el Conservatorio Profesional de M\u00fasica \u00abCarlos Ros\u00bb de Guadix, tengo muchas aficiones, entre ellas (por eso he creado este blog) la de crear m\u00fasica para mi instrumento y hacerla llegar a toda persona interesada en conocer nuevas composiciones cl\u00e1sicas.<\/span><\/p>\n<p style=\"text-align: center\"><span style=\"font-family: 'book antiqua', palatino, serif\">Todas est\u00e1n registradas en la SGAE pero, como mi intenci\u00f3n no es lucrarme con ellas, se pueden descargar y escuchar desde aqu\u00ed de manera gratuita.&nbsp;<\/span><\/p>\n","protected":false},"excerpt":{"rendered":"<p>&nbsp;Mi nombre es Fabi\u00e1n Leyva Romero, soy profesor de guitarra en el Conservatorio Profesional de M\u00fasica \u00abCarlos Ros\u00bb de Guadix, tengo muchas aficiones, entre ellas (por eso he creado este blog) la de crear&#46;&#46;&#46;<\/p>\n","protected":false},"author":7277,"featured_media":0,"parent":0,"menu_order":0,"comment_status":"closed","ping_status":"closed","template":"","meta":{"ngg_post_thumbnail":0,"footnotes":""},"aioseo_notices":[],"_links":{"self":[{"href":"https:\/\/blogsaverroes.juntadeandalucia.es\/fabianguitarra\/wp-json\/wp\/v2\/pages\/46"}],"collection":[{"href":"https:\/\/blogsaverroes.juntadeandalucia.es\/fabianguitarra\/wp-json\/wp\/v2\/pages"}],"about":[{"href":"https:\/\/blogsaverroes.juntadeandalucia.es\/fabianguitarra\/wp-json\/wp\/v2\/types\/page"}],"author":[{"embeddable":true,"href":"https:\/\/blogsaverroes.juntadeandalucia.es\/fabianguitarra\/wp-json\/wp\/v2\/users\/7277"}],"replies":[{"embeddable":true,"href":"https:\/\/blogsaverroes.juntadeandalucia.es\/fabianguitarra\/wp-json\/wp\/v2\/comments?post=46"}],"version-history":[{"count":3,"href":"https:\/\/blogsaverroes.juntadeandalucia.es\/fabianguitarra\/wp-json\/wp\/v2\/pages\/46\/revisions"}],"predecessor-version":[{"id":136,"href":"https:\/\/blogsaverroes.juntadeandalucia.es\/fabianguitarra\/wp-json\/wp\/v2\/pages\/46\/revisions\/136"}],"wp:attachment":[{"href":"https:\/\/blogsaverroes.juntadeandalucia.es\/fabianguitarra\/wp-json\/wp\/v2\/media?parent=46"}],"curies":[{"name":"wp","href":"https:\/\/api.w.org\/{rel}","templated":true}]}}