{"id":123,"date":"2024-10-31T10:11:45","date_gmt":"2024-10-31T09:11:45","guid":{"rendered":"https:\/\/blogsaverroes.juntadeandalucia.es\/fadehorca\/?page_id=123"},"modified":"2026-02-04T12:40:36","modified_gmt":"2026-02-04T11:40:36","slug":"oboteando-3-audios-de-acompanamiento","status":"publish","type":"page","link":"https:\/\/blogsaverroes.juntadeandalucia.es\/fadehorca\/oboteando-3-audios-de-acompanamiento\/","title":{"rendered":"Oboteando, vol. 3. Audios de acompa\u00f1amiento."},"content":{"rendered":"<h1>Oboteando, volumen 3<\/h1>\n<p>Aqu\u00ed ten\u00e9is los enlaces a las pistas de acompa\u00f1amiento. No olvid\u00e9is que en la rueda dentada del reproductor de YouTube pod\u00e9is cambiar la velocidad.<\/p>\n<h3>Colecci\u00f3n 1<\/h3>\n<ul>\n<li><a title=\"Intriga\" href=\"https:\/\/blogsaverroes.juntadeandalucia.es\/fadehorca\/2025\/02\/06\/intriga-pista-de-acompanamiento\/\" target=\"_blank\" rel=\"noopener\">Intriga<\/a><\/li>\n<li><a title=\"Marmotte\" href=\"https:\/\/blogsaverroes.juntadeandalucia.es\/fadehorca\/?p=244&amp;preview=true\" target=\"_blank\" rel=\"noopener\">Marmotte<\/a><\/li>\n<li><a title=\"Menuet\" href=\"https:\/\/blogsaverroes.juntadeandalucia.es\/fadehorca\/2025\/01\/28\/menuet-pista-de-acompanamiento\/\" target=\"_blank\" rel=\"noopener\">Menuet<\/a><\/li>\n<\/ul>\n<h3>Colecci\u00f3n 2<\/h3>\n<ul>\n<li><a title=\"De Paso\" href=\"https:\/\/blogsaverroes.juntadeandalucia.es\/fadehorca\/2025\/03\/01\/de-paso-pista-de-acompanamiento\/\" target=\"_blank\" rel=\"noopener\">De Paso<\/a><\/li>\n<li><a title=\"Ich Liebe Dich\" href=\"https:\/\/blogsaverroes.juntadeandalucia.es\/fadehorca\/2025\/03\/01\/ich-liebe-dich-pista-de-ejemplo\/\" target=\"_blank\" rel=\"noopener\">Ich Liebe Dich<\/a><\/li>\n<\/ul>\n<h3>Colecci\u00f3n 3<\/h3>\n<ul>\n<li><a title=\"Grandes Pasos\" href=\"https:\/\/blogsaverroes.juntadeandalucia.es\/fadehorca\/2025\/04\/02\/grandes-pasos-pista-de-acompanamiento\/\" target=\"_blank\" rel=\"noopener\">Grandes Pasos<\/a><\/li>\n<li><a title=\"Locura Pentat\u00f3nica\" href=\"https:\/\/blogsaverroes.juntadeandalucia.es\/fadehorca\/2025\/04\/25\/locura-pentatonica-pista-de-acompanamiento\/\" target=\"_blank\" rel=\"noopener\">Locura Pentat\u00f3nica<\/a><\/li>\n<li><a title=\"Peque\u00f1o Emperador\" href=\"https:\/\/blogsaverroes.juntadeandalucia.es\/fadehorca\/2025\/04\/07\/pequeno-emperador-pista-de-acompanamiento\/\" target=\"_blank\" rel=\"noopener\">Peque\u00f1o Emperaror<\/a><\/li>\n<li><a title=\"Chulada\" href=\"https:\/\/blogsaverroes.juntadeandalucia.es\/fadehorca\/2025\/04\/25\/chulada-pista-de-acompanamiento\/\" target=\"_blank\" rel=\"noopener\">Chulada<\/a><\/li>\n<li><a title=\"Peque\u00f1o Negro\" href=\"https:\/\/blogsaverroes.juntadeandalucia.es\/fadehorca\/2025\/04\/25\/pequeno-negro-pista-de-acompanamiento\/\" target=\"_blank\" rel=\"noopener\">Peque\u00f1o Negro<\/a><\/li>\n<\/ul>\n<h3>Colecci\u00f3n 4<\/h3>\n<ul>\n<li><a title=\"Introducciones y Villancico MIsterioso\" href=\"https:\/\/blogsaverroes.juntadeandalucia.es\/fadehorca\/2024\/12\/13\/introduccion-1-2-y-3-y-villancico-misterioso-pista-de-acompanamiento\/\" target=\"_blank\" rel=\"noopener\">Introducciones y Villancico MIsterioso<\/a><\/li>\n<\/ul>\n<h3>Colecci\u00f3n 6<\/h3>\n<ul>\n<li><a title=\"Groove\" href=\"https:\/\/blogsaverroes.juntadeandalucia.es\/fadehorca\/2025\/09\/17\/groove-pista-de-acompanamiento\/\" target=\"_blank\" rel=\"noopener\">Groove<\/a><\/li>\n<li><a title=\"A Media Pata\" href=\"https:\/\/blogsaverroes.juntadeandalucia.es\/fadehorca\/2025\/09\/30\/a-media-pata-pista-de-acompanamiento\/\" target=\"_blank\" rel=\"noopener\">A Media Pata<\/a><\/li>\n<li><a title=\"Afortunado\" href=\"https:\/\/blogsaverroes.juntadeandalucia.es\/fadehorca\/2025\/09\/30\/afortunado-pista-de-acompanamiento\/\" target=\"_blank\" rel=\"noopener\">Afortunado<\/a><\/li>\n<li><a title=\"\u00bfCompleto o una Secci\u00f3n?\" href=\"https:\/\/blogsaverroes.juntadeandalucia.es\/fadehorca\/2025\/09\/30\/completo-o-una-seccion-pista-de-acompanamiento\/\" target=\"_blank\" rel=\"noopener\">\u00bfCompleto o una Secci\u00f3n?<\/a><\/li>\n<li><a title=\"Velos\" href=\"https:\/\/blogsaverroes.juntadeandalucia.es\/fadehorca\/2025\/10\/09\/velos-pista-de-acompanamiento\/\" target=\"_blank\" rel=\"noopener\">Velos<\/a><\/li>\n<\/ul>\n<h3>Colecci\u00f3n 7<\/h3>\n<ul>\n<li><a title=\"Un Tren Muy Serio\" href=\"https:\/\/blogsaverroes.juntadeandalucia.es\/fadehorca\/2025\/11\/11\/un-tren-muy-serio\/\" target=\"_blank\" rel=\"noopener\">Un Tren Muy Serio<\/a><\/li>\n<li><a title=\"\u00bfExcelente?\" href=\"https:\/\/blogsaverroes.juntadeandalucia.es\/fadehorca\/2026\/02\/04\/excelente-pista-de-acompanamiento\/\" target=\"_blank\" rel=\"noopener\">\u00bfExcelente?<\/a><\/li>\n<li><a title=\"Little Brown Jug\" href=\"https:\/\/blogsaverroes.juntadeandalucia.es\/fadehorca\/2026\/02\/04\/little-brown-jug-pista-de-acompanamiento\/\" target=\"_blank\" rel=\"noopener\">Little Brown Jug<\/a><\/li>\n<\/ul>\n<h3>Colecci\u00f3n 8<\/h3>\n<ul>\n<li><a title=\"Caravana\" href=\"https:\/\/blogsaverroes.juntadeandalucia.es\/fadehorca\/2026\/02\/04\/caravana-pista-de-acompanamiento\/\" target=\"_blank\" rel=\"noopener\">Caravana<\/a><\/li>\n<\/ul>\n","protected":false},"excerpt":{"rendered":"<p>Oboteando, volumen 3 Aqu\u00ed ten\u00e9is los enlaces a las pistas de acompa\u00f1amiento. No olvid\u00e9is que en la rueda dentada del reproductor de YouTube pod\u00e9is cambiar la velocidad. Colecci\u00f3n 1 Intriga Marmotte Menuet Colecci\u00f3n 2 De Paso Ich Liebe Dich Colecci\u00f3n 3 Grandes Pasos Locura Pentat\u00f3nica Peque\u00f1o Emperaror Chulada Peque\u00f1o Negro Colecci\u00f3n 4 Introducciones y Villancico [&hellip;]<\/p>\n","protected":false},"author":20013,"featured_media":0,"parent":0,"menu_order":0,"comment_status":"closed","ping_status":"closed","template":"","meta":{"_exactmetrics_skip_tracking":false,"_exactmetrics_sitenote_active":false,"_exactmetrics_sitenote_note":"","_exactmetrics_sitenote_category":0,"footnotes":""},"aioseo_notices":[],"post_mailing_queue_ids":[],"_links":{"self":[{"href":"https:\/\/blogsaverroes.juntadeandalucia.es\/fadehorca\/wp-json\/wp\/v2\/pages\/123"}],"collection":[{"href":"https:\/\/blogsaverroes.juntadeandalucia.es\/fadehorca\/wp-json\/wp\/v2\/pages"}],"about":[{"href":"https:\/\/blogsaverroes.juntadeandalucia.es\/fadehorca\/wp-json\/wp\/v2\/types\/page"}],"author":[{"embeddable":true,"href":"https:\/\/blogsaverroes.juntadeandalucia.es\/fadehorca\/wp-json\/wp\/v2\/users\/20013"}],"replies":[{"embeddable":true,"href":"https:\/\/blogsaverroes.juntadeandalucia.es\/fadehorca\/wp-json\/wp\/v2\/comments?post=123"}],"version-history":[{"count":29,"href":"https:\/\/blogsaverroes.juntadeandalucia.es\/fadehorca\/wp-json\/wp\/v2\/pages\/123\/revisions"}],"predecessor-version":[{"id":1078,"href":"https:\/\/blogsaverroes.juntadeandalucia.es\/fadehorca\/wp-json\/wp\/v2\/pages\/123\/revisions\/1078"}],"wp:attachment":[{"href":"https:\/\/blogsaverroes.juntadeandalucia.es\/fadehorca\/wp-json\/wp\/v2\/media?parent=123"}],"curies":[{"name":"wp","href":"https:\/\/api.w.org\/{rel}","templated":true}]}}