{"id":221,"date":"2024-11-29T00:04:49","date_gmt":"2024-11-28T23:04:49","guid":{"rendered":"https:\/\/blogsaverroes.juntadeandalucia.es\/fadehorca\/?page_id=221"},"modified":"2024-11-29T00:04:49","modified_gmt":"2024-11-28T23:04:49","slug":"respiracion-y-emision","status":"publish","type":"page","link":"https:\/\/blogsaverroes.juntadeandalucia.es\/fadehorca\/respiracion-y-emision\/","title":{"rendered":"Respiraci\u00f3n y Emisi\u00f3n"},"content":{"rendered":"<p>Peque\u00f1os v\u00eddeos de consulta relacionados con la respiraci\u00f3n y emisi\u00f3n en el oboe:<\/p>\n<ul>\n<li><a title=\"Oboe. La columna de aire por un tubo... \u00a1de pasta de dientes!\" href=\"https:\/\/blogsaverroes.juntadeandalucia.es\/fadehorca\/2024\/11\/29\/oboe-la-columna-de-aire-por-un-tubo-de-pasta-de-dientes\/\" target=\"_blank\" rel=\"noopener\">Oboe. La columna de aire por un tubo&#8230; \u00a1de pasta de dientes!<\/a><\/li>\n<\/ul>\n","protected":false},"excerpt":{"rendered":"<p>Peque\u00f1os v\u00eddeos de consulta relacionados con la respiraci\u00f3n y emisi\u00f3n en el oboe: Oboe. La columna de aire por un tubo&#8230; \u00a1de pasta de dientes!<\/p>\n","protected":false},"author":20013,"featured_media":0,"parent":0,"menu_order":0,"comment_status":"closed","ping_status":"closed","template":"","meta":{"_exactmetrics_skip_tracking":false,"_exactmetrics_sitenote_active":false,"_exactmetrics_sitenote_note":"","_exactmetrics_sitenote_category":0,"footnotes":""},"aioseo_notices":[],"post_mailing_queue_ids":[],"_links":{"self":[{"href":"https:\/\/blogsaverroes.juntadeandalucia.es\/fadehorca\/wp-json\/wp\/v2\/pages\/221"}],"collection":[{"href":"https:\/\/blogsaverroes.juntadeandalucia.es\/fadehorca\/wp-json\/wp\/v2\/pages"}],"about":[{"href":"https:\/\/blogsaverroes.juntadeandalucia.es\/fadehorca\/wp-json\/wp\/v2\/types\/page"}],"author":[{"embeddable":true,"href":"https:\/\/blogsaverroes.juntadeandalucia.es\/fadehorca\/wp-json\/wp\/v2\/users\/20013"}],"replies":[{"embeddable":true,"href":"https:\/\/blogsaverroes.juntadeandalucia.es\/fadehorca\/wp-json\/wp\/v2\/comments?post=221"}],"version-history":[{"count":1,"href":"https:\/\/blogsaverroes.juntadeandalucia.es\/fadehorca\/wp-json\/wp\/v2\/pages\/221\/revisions"}],"predecessor-version":[{"id":224,"href":"https:\/\/blogsaverroes.juntadeandalucia.es\/fadehorca\/wp-json\/wp\/v2\/pages\/221\/revisions\/224"}],"wp:attachment":[{"href":"https:\/\/blogsaverroes.juntadeandalucia.es\/fadehorca\/wp-json\/wp\/v2\/media?parent=221"}],"curies":[{"name":"wp","href":"https:\/\/api.w.org\/{rel}","templated":true}]}}