{"id":498,"date":"2025-05-06T12:35:38","date_gmt":"2025-05-06T10:35:38","guid":{"rendered":"https:\/\/blogsaverroes.juntadeandalucia.es\/fadehorca\/?page_id=498"},"modified":"2025-05-06T12:35:38","modified_gmt":"2025-05-06T10:35:38","slug":"calentamiento","status":"publish","type":"page","link":"https:\/\/blogsaverroes.juntadeandalucia.es\/fadehorca\/calentamiento\/","title":{"rendered":"Calentamiento"},"content":{"rendered":"<p>Peque\u00f1os v\u00eddeos de consulta relacionados con el calentamiento, o la revisi\u00f3n general de nuestra t\u00e9cnica:<\/p>\n<ul>\n<li><a title=\"Oboe, revisar (casi) \u201ctodo en uno\u201d con una peque\u00f1a pieza\" href=\"https:\/\/blogsaverroes.juntadeandalucia.es\/fadehorca\/2025\/05\/06\/oboe-revisar-casi-todo-en-uno-con-una-pequena-pieza\/\" target=\"_blank\" rel=\"noopener\">Oboe, revisar (casi) \u201ctodo en uno\u201d con una peque\u00f1a pieza<\/a><\/li>\n<\/ul>\n","protected":false},"excerpt":{"rendered":"<p>Peque\u00f1os v\u00eddeos de consulta relacionados con el calentamiento, o la revisi\u00f3n general de nuestra t\u00e9cnica: Oboe, revisar (casi) \u201ctodo en uno\u201d con una peque\u00f1a pieza<\/p>\n","protected":false},"author":20013,"featured_media":0,"parent":0,"menu_order":0,"comment_status":"closed","ping_status":"closed","template":"","meta":{"_exactmetrics_skip_tracking":false,"_exactmetrics_sitenote_active":false,"_exactmetrics_sitenote_note":"","_exactmetrics_sitenote_category":0,"footnotes":""},"aioseo_notices":[],"post_mailing_queue_ids":[],"_links":{"self":[{"href":"https:\/\/blogsaverroes.juntadeandalucia.es\/fadehorca\/wp-json\/wp\/v2\/pages\/498"}],"collection":[{"href":"https:\/\/blogsaverroes.juntadeandalucia.es\/fadehorca\/wp-json\/wp\/v2\/pages"}],"about":[{"href":"https:\/\/blogsaverroes.juntadeandalucia.es\/fadehorca\/wp-json\/wp\/v2\/types\/page"}],"author":[{"embeddable":true,"href":"https:\/\/blogsaverroes.juntadeandalucia.es\/fadehorca\/wp-json\/wp\/v2\/users\/20013"}],"replies":[{"embeddable":true,"href":"https:\/\/blogsaverroes.juntadeandalucia.es\/fadehorca\/wp-json\/wp\/v2\/comments?post=498"}],"version-history":[{"count":2,"href":"https:\/\/blogsaverroes.juntadeandalucia.es\/fadehorca\/wp-json\/wp\/v2\/pages\/498\/revisions"}],"predecessor-version":[{"id":500,"href":"https:\/\/blogsaverroes.juntadeandalucia.es\/fadehorca\/wp-json\/wp\/v2\/pages\/498\/revisions\/500"}],"wp:attachment":[{"href":"https:\/\/blogsaverroes.juntadeandalucia.es\/fadehorca\/wp-json\/wp\/v2\/media?parent=498"}],"curies":[{"name":"wp","href":"https:\/\/api.w.org\/{rel}","templated":true}]}}