{"id":502,"date":"2023-03-08T16:15:13","date_gmt":"2023-03-08T16:15:13","guid":{"rendered":"https:\/\/blogsaverroes.juntadeandalucia.es\/fallasiespdelaguila\/?page_id=502"},"modified":"2023-03-24T09:00:58","modified_gmt":"2023-03-24T09:00:58","slug":"ods-3-salud-y-bienestar","status":"publish","type":"page","link":"https:\/\/blogsaverroes.juntadeandalucia.es\/fallasiespdelaguila\/ods-3-salud-y-bienestar\/","title":{"rendered":"ODS 3.- Salud y Bienestar"},"content":{"rendered":"\t\t<div data-elementor-type=\"wp-page\" data-elementor-id=\"502\" class=\"elementor elementor-502\">\n\t\t\t\t\t\t<section class=\"elementor-section elementor-top-section elementor-element elementor-element-1e7057b elementor-section-boxed elementor-section-height-default elementor-section-height-default\" data-id=\"1e7057b\" data-element_type=\"section\">\n\t\t\t\t\t\t<div class=\"elementor-container elementor-column-gap-default\">\n\t\t\t\t\t<div class=\"elementor-column elementor-col-100 elementor-top-column elementor-element elementor-element-804c6ff\" data-id=\"804c6ff\" data-element_type=\"column\">\n\t\t\t<div class=\"elementor-widget-wrap elementor-element-populated\">\n\t\t\t\t\t\t<div class=\"elementor-element elementor-element-865516e elementor-widget elementor-widget-text-editor\" data-id=\"865516e\" data-element_type=\"widget\" data-widget_type=\"text-editor.default\">\n\t\t\t\t<div class=\"elementor-widget-container\">\n\t\t\t\t\t\t\t\t\t<p>Garantizar una vida sana y promover el bienestar en todas las edades es esencial para el desarrollo sostenible.<\/p><p>Actualmente, el mundo se enfrenta a una <a href=\"https:\/\/www.un.org\/coronavirus\">crisis sanitaria mundial<\/a> sin precedentes; la COVID-19 est\u00e1 propagando el sufrimiento humano, desestabilizando la econom\u00eda mundial y cambiando dr\u00e1sticamente las vidas de miles de millones de personas en todo el mundo.<\/p><p>Antes de la pandemia, se consiguieron grandes avances en <a href=\"https:\/\/unstats.un.org\/sdgs\/report\/2019\/goal-03\/\">la mejora de la salud de millones de personas<\/a>. En concreto, estos grandes avances se alcanzaron al aumentar la esperanza de vida y reducir algunas de las causas de muerte comunes asociadas con la mortalidad infantil y materna. Sin embargo, se necesitan m\u00e1s esfuerzos para erradicar por completo una gran variedad de enfermedades y abordar un gran n\u00famero de problemas de salud, tanto constantes como emergentes. A trav\u00e9s de una financiaci\u00f3n m\u00e1s eficiente de los sistemas sanitarios, un mayor saneamiento e higiene, y un mayor acceso al personal m\u00e9dico, se podr\u00e1n conseguir avances significativos a la hora de ayudar a salvar las vidas de millones de personas.<\/p><p>Las emergencias sanitarias, como la derivada de la COVID-19, suponen un riesgo mundial y han demostrado que la preparaci\u00f3n es vital. El Programa de las Naciones Unidas para el Desarrollo se\u00f1al\u00f3 las grandes diferencias relativas a las <a href=\"https:\/\/www.undp.org\/content\/undp\/en\/home\/news-centre\/news\/2020\/COVID19_UNDP_data_dashboards_reveal_disparities_among_countries_to_cope_and_recover.html\">capacidades de los pa\u00edses para lidiar con la crisis de la COVID-19 y recuperarse de ella<\/a>. La pandemia constituye un punto de inflexi\u00f3n en lo referente a la preparaci\u00f3n para las emergencias sanitarias y la inversi\u00f3n en servicios p\u00fablicos vitales del siglo XXI.<\/p>\t\t\t\t\t\t\t\t<\/div>\n\t\t\t\t<\/div>\n\t\t\t\t\t<\/div>\n\t\t<\/div>\n\t\t\t\t\t<\/div>\n\t\t<\/section>\n\t\t\t\t<section class=\"elementor-section elementor-top-section elementor-element elementor-element-2ac18a3 elementor-section-boxed elementor-section-height-default elementor-section-height-default\" data-id=\"2ac18a3\" data-element_type=\"section\">\n\t\t\t\t\t\t<div class=\"elementor-container elementor-column-gap-default\">\n\t\t\t\t\t<div class=\"elementor-column elementor-col-100 elementor-top-column elementor-element elementor-element-6d5b21d\" data-id=\"6d5b21d\" data-element_type=\"column\">\n\t\t\t<div class=\"elementor-widget-wrap elementor-element-populated\">\n\t\t\t\t\t\t<div class=\"elementor-element elementor-element-2acb51e elementor-widget elementor-widget-html\" data-id=\"2acb51e\" data-element_type=\"widget\" data-widget_type=\"html.default\">\n\t\t\t\t<div class=\"elementor-widget-container\">\n\t\t\t\t\t<div style=\"text-align: center;width: 100%;font-size:40px\"><a href=\"https:\/\/blogsaverroes.juntadeandalucia.es\/fallasiespdelaguila\/files\/2023\/03\/3_SALUD-Y-BIENESTAR.pdf\" target=\"_blank\">VER PDF<\/a><\/div>\t\t\t\t<\/div>\n\t\t\t\t<\/div>\n\t\t\t\t\t<\/div>\n\t\t<\/div>\n\t\t\t\t\t<\/div>\n\t\t<\/section>\n\t\t\t\t<\/div>\n\t\t","protected":false},"excerpt":{"rendered":"<p>Garantizar una vida sana y promover el bienestar en todas las edades es esencial para el desarrollo sostenible. Actualmente, el mundo se enfrenta a una crisis sanitaria mundial sin precedentes; la COVID-19 est\u00e1 propagando&#46;&#46;&#46;<\/p>\n","protected":false},"author":7916,"featured_media":0,"parent":0,"menu_order":0,"comment_status":"closed","ping_status":"closed","template":"","meta":{"ngg_post_thumbnail":0,"footnotes":""},"aioseo_notices":[],"_links":{"self":[{"href":"https:\/\/blogsaverroes.juntadeandalucia.es\/fallasiespdelaguila\/wp-json\/wp\/v2\/pages\/502"}],"collection":[{"href":"https:\/\/blogsaverroes.juntadeandalucia.es\/fallasiespdelaguila\/wp-json\/wp\/v2\/pages"}],"about":[{"href":"https:\/\/blogsaverroes.juntadeandalucia.es\/fallasiespdelaguila\/wp-json\/wp\/v2\/types\/page"}],"author":[{"embeddable":true,"href":"https:\/\/blogsaverroes.juntadeandalucia.es\/fallasiespdelaguila\/wp-json\/wp\/v2\/users\/7916"}],"replies":[{"embeddable":true,"href":"https:\/\/blogsaverroes.juntadeandalucia.es\/fallasiespdelaguila\/wp-json\/wp\/v2\/comments?post=502"}],"version-history":[{"count":43,"href":"https:\/\/blogsaverroes.juntadeandalucia.es\/fallasiespdelaguila\/wp-json\/wp\/v2\/pages\/502\/revisions"}],"predecessor-version":[{"id":795,"href":"https:\/\/blogsaverroes.juntadeandalucia.es\/fallasiespdelaguila\/wp-json\/wp\/v2\/pages\/502\/revisions\/795"}],"wp:attachment":[{"href":"https:\/\/blogsaverroes.juntadeandalucia.es\/fallasiespdelaguila\/wp-json\/wp\/v2\/media?parent=502"}],"curies":[{"name":"wp","href":"https:\/\/api.w.org\/{rel}","templated":true}]}}