{"id":225,"date":"2022-08-16T09:08:10","date_gmt":"2022-08-16T09:08:10","guid":{"rendered":"https:\/\/blogsaverroes.juntadeandalucia.es\/fantasyblog\/?page_id=225"},"modified":"2022-08-16T09:08:10","modified_gmt":"2022-08-16T09:08:10","slug":"webs-matematicas","status":"publish","type":"page","link":"https:\/\/blogsaverroes.juntadeandalucia.es\/fantasyblog\/webs-matematicas\/","title":{"rendered":"Webs matem\u00e1ticas"},"content":{"rendered":"<blockquote><p><strong>Algunas webs interactivas para trabajar, repasar y ampliar lo que vamos a dar en este TERCER CICLO.<\/strong><\/p><\/blockquote>\n<table>\n<tbody>\n<tr>\n<td>Numeraci\u00f3n<\/td>\n<td>\n<ul>\n<li><a href=\"http:\/\/www.polavide.es\/rec_polavide0708\/edilim\/numeracion_calculo_3ciclo\/Portada1.html\" target=\"_blank\" rel=\"noopener noreferrer\">Numeraci\u00f3n<\/a><\/li>\n<li><a href=\"https:\/\/www.youtube.com\/watch?v=MDTTSwkY79c\" target=\"_blank\" rel=\"noopener noreferrer\">Los n\u00fameros primos<\/a>&nbsp;(v\u00eddeo)<\/li>\n<li><a href=\"http:\/\/www.genmagic.net\/mates4\/sermat1c.swf\" target=\"_blank\" rel=\"noopener noreferrer\">Escribe los n\u00fameros naturales<\/a>.<\/li>\n<li><a href=\"http:\/\/www3.gobiernodecanarias.org\/medusa\/eltanquematematico\/todo_mate\/actividades5\/tema1_pr1_p.html\" target=\"_blank\" rel=\"noopener noreferrer\">Escribe la descomposici\u00f3n de cada n\u00famero<\/a>.<\/li>\n<li><a href=\"https:\/\/www.youtube.com\/watch?v=_ihVnbX2Xzo\" target=\"_blank\" rel=\"noopener noreferrer\">Los n\u00fameros romanos<\/a>&nbsp;(v\u00eddeo)<\/li>\n<li><a href=\"http:\/\/www.ceipjuanherreraalcausa.es\/Recursosdidacticos\/SEXTO\/Matematicas\/ud04\/0401.htm\" target=\"_blank\" rel=\"noopener noreferrer\">Representaci\u00f3n num\u00e9rica<\/a><\/li>\n<li><a href=\"http:\/\/www.joaquincarrion.com\/Recursosdidacticos\/SEXTO\/datos\/03_Mates\/datos\/05_rdi\/ud04\/2\/02.htm\" target=\"_blank\" rel=\"noopener noreferrer\">M\u00ednimo com\u00fan m\u00faltiplo.<\/a><\/li>\n<\/ul>\n<\/td>\n<\/tr>\n<tr>\n<td>N\u00fameros enteros<\/td>\n<td>\n<ul>\n<li><a href=\"http:\/\/www3.gobiernodecanarias.org\/medusa\/eltanquematematico\/todo_mate\/numenteros\/enteros_p.html\" target=\"_blank\" rel=\"noopener noreferrer\">Los n\u00fameros enteros.<\/a>&nbsp;(Muy completa)<\/li>\n<li><a href=\"http:\/\/www3.gobiernodecanarias.org\/medusa\/eltanquematematico\/todo_mate\/numenteros\/comparar\/comparar_p.html\" target=\"_blank\" rel=\"noopener noreferrer\">Comparaci\u00f3n de n\u00fameros enteros.&nbsp;<\/a><\/li>\n<li><a href=\"http:\/\/genmagic.net\/repositorio\/albums\/userpics\/granpe1c.swf\" target=\"_blank\" rel=\"noopener noreferrer\">Juego interactivo: mayor, menor o igual<\/a>&nbsp;(de n\u00fameros enteros)<\/li>\n<\/ul>\n<\/td>\n<\/tr>\n<tr>\n<td>N\u00fameros con varias cifras<\/td>\n<td>\n<ul>\n<li><a href=\"http:\/\/www.clarionweb.es\/4_curso\/matematicas\/mat_402.htm\" target=\"_blank\" rel=\"nofollow noopener noreferrer\">N\u00fameros con 6 y 7 cifras.&nbsp;<\/a><\/li>\n<li><a href=\"http:\/\/www.genmagic.net\/mates1\/animmat2c.swf\" target=\"_blank\" rel=\"nofollow noopener noreferrer\">Ordenar cantidades.<\/a><\/li>\n<li><a href=\"http:\/\/www.primaria.librosvivos.net\/archivosCMS\/3\/3\/16\/usuarios\/103294\/9\/ma4_u1_act1_bb\/frame_prim.swf\" target=\"_blank\" rel=\"nofollow noopener noreferrer\">Comparar n\u00fameros.<\/a>.&nbsp;<\/li>\n<\/ul>\n<\/td>\n<\/tr>\n<tr>\n<td>La multiplicaci\u00f3n<\/td>\n<td>\n<ul>\n<li><a href=\"http:\/\/clic.xtec.cat\/db\/jclicApplet.jsp?project=http:\/\/clic.xtec.cat\/projects\/mat2ciclo\/jclic\/mat2ciclo.jclic.zip&amp;lang=es&amp;title=Mat-2c\" target=\"_blank\" rel=\"noopener noreferrer\">Repasamos la multiplicaci\u00f3n<\/a>.<\/li>\n<li><a href=\"http:\/\/www.gobiernodecanarias.org\/educacion\/9\/usr\/eltanque\/Tablas\/TablasIE.html\" target=\"_blank\" rel=\"nofollow noopener noreferrer\">Aprendo las tablas de multiplicar<\/a>&nbsp;<\/li>\n<li><a href=\"http:\/\/www.gobiernodecanarias.org\/educacion\/9\/usr\/eltanque\/preguntatablas\/tablas_pp.html\" target=\"_blank\" rel=\"nofollow noopener noreferrer\">\u00bfTe pregunto las tablas?<\/a>.<\/li>\n<li><a href=\"http:\/\/www.vedoque.com\/juegos\/tablas.swf?idioma=es\" target=\"_blank\" rel=\"nofollow noopener noreferrer\">Juego y practico las tablas<\/a>.<\/li>\n<li><a href=\"https:\/\/www.youtube.com\/watch?v=YW_04Esg4QQ\" target=\"_blank\" rel=\"noopener noreferrer\">M\u00faltiplos y divisores de un n\u00famero.<\/a><\/li>\n<li><a href=\"http:\/\/www.eltanquematematico.es\/todo_mate\/usc\/multdeci\/mult_usc_ed_p.html\" target=\"_blank\" rel=\"noopener noreferrer\">Practico la multiplicaci\u00f3n por la unidad seguida de ceros.<\/a><\/li>\n<li><a href=\"http:\/\/www3.gobiernodecanarias.org\/medusa\/eltanquematematico\/todo_mate\/multiplosydivisores\/multiplosydivisores_p.html\" target=\"_blank\" rel=\"noopener noreferrer\">M\u00faltiplos y divisores<\/a><\/li>\n<li><a href=\"http:\/\/www.joaquincarrion.com\/Recursosdidacticos\/SEXTO\/datos\/03_Mates\/datos\/05_rdi\/ud04\/unidad04.htm\" target=\"_blank\" rel=\"noopener noreferrer\">La divisibilidad de un n\u00famero.<\/a><\/li>\n<li><a href=\"http:\/\/www.genmagic.org\/mates1\/md1c.swf\" target=\"_blank\" rel=\"noopener noreferrer\">M\u00faltiplos y divisores<\/a><\/li>\n<\/ul>\n<\/td>\n<\/tr>\n<tr>\n<td>La divisi\u00f3n<\/td>\n<td>\n<ul>\n<li><a href=\"http:\/\/calasanz.edu.gva.es\/7_ejercicios\/matematicas\/mate3pri\/11_division01.html\" target=\"_blank\" rel=\"noopener noreferrer\">Los t\u00e9rminos de la divisi\u00f3n<\/a>.<\/li>\n<li><a href=\"https:\/\/cplosangeles.educarex.es\/web\/edilim\/curso_3\/matematicas\/division02_3\/division02_3.html\" target=\"_blank\" rel=\"noopener noreferrer\">Practica la divisi\u00f3n.<\/a><\/li>\n<li><a href=\"http:\/\/www.eltanquematematico.es\/ladivision\/resuelve\/todas\/resuelve_t_p.html\" target=\"_blank\" rel=\"noopener noreferrer\">Resuelve las divisiones con cualquier divisor.&nbsp;<\/a><\/li>\n<li><em>Vamos a repasar las divisiones (en la UDI 1).<\/em>\n<ul>\n<li><a href=\"http:\/\/www.eltanquematematico.es\/ladivision\/resuelve\/dos\/resuelve_2_p.html\" target=\"_blank\" rel=\"noopener noreferrer\">Divisiones tabla del 2<\/a>.<\/li>\n<li><a href=\"http:\/\/www.eltanquematematico.es\/ladivision\/resuelve\/tres\/resuelve_3_p.html\" target=\"_blank\" rel=\"noopener noreferrer\">Divisiones tabla del 3<\/a>.<\/li>\n<li><a href=\"http:\/\/www.eltanquematematico.es\/ladivision\/resuelve\/tres\/resuelve_3_p.html\" target=\"_blank\" rel=\"noopener noreferrer\">Divisiones tabla del 4<\/a>.<\/li>\n<li><a href=\"http:\/\/www.eltanquematematico.es\/ladivision\/resuelve\/cinco\/resuelve_5_p.html\" target=\"_blank\" rel=\"noopener noreferrer\">Divisiones tabla del 5<\/a>.<\/li>\n<li><a href=\"http:\/\/www.eltanquematematico.es\/ladivision\/resuelve\/seis\/resuelve_6_p.html\" target=\"_blank\" rel=\"noopener noreferrer\">Divisiones tabla del 6<\/a>.<\/li>\n<li><a href=\"http:\/\/www.eltanquematematico.es\/ladivision\/resuelve\/siete\/resuelve_7_p.html\" target=\"_blank\" rel=\"noopener noreferrer\">Divisiones tabla del 7<\/a>.<\/li>\n<li><a href=\"http:\/\/www.eltanquematematico.es\/ladivision\/resuelve\/ocho\/resuelve_8_p.html\" target=\"_blank\" rel=\"noopener noreferrer\">Divisiones tabla del 8<\/a>.<\/li>\n<li><a href=\"http:\/\/www.eltanquematematico.es\/ladivision\/resuelve\/nueve\/resuelve_9_p.html\" target=\"_blank\" rel=\"noopener noreferrer\">Divisiones tabla del 9<\/a>.<\/li>\n<li><a href=\"http:\/\/www.eltanquematematico.es\/ladivision\/resuelve\/todas\/resuelve_t_p.html\" target=\"_blank\" rel=\"noopener noreferrer\">Divisiones con cualquier divisor<\/a>&nbsp;(1 cifra).<\/li>\n<li><a href=\"http:\/\/www.ceiploreto.es\/sugerencias\/averroes\/educativa\/division2_e.html\" target=\"_blank\" rel=\"noopener noreferrer\">Divisiones de dos cifras.<\/a><\/li>\n<\/ul>\n<\/li>\n<li><a href=\"http:\/\/agrega2.red.es\/repositorio\/25012010\/65\/es_2008050513_0230900\/mt09_oa04_es\/index.html\" target=\"_blank\" rel=\"noopener noreferrer\">Producto divisi\u00f3n n\u00fameros naturales.<\/a><\/li>\n<li><a href=\"http:\/\/ntic.educacion.es\/w3\/eos\/MaterialesEducativos\/mem2008\/matematicas_primaria\/numeracion\/operaciones\/algtradicdivi.swf\" target=\"_blank\" rel=\"noopener noreferrer\">Divisiones (4 niveles)<\/a><\/li>\n<\/ul>\n<\/td>\n<\/tr>\n<tr>\n<td>N\u00fameros decimales<\/td>\n<td>\n<ul>\n<li><em><a href=\"https:\/\/www.youtube.com\/watch?v=A5yXjDNkBYI\" target=\"_blank\" rel=\"noopener noreferrer\">Suma y resta n\u00fameros decimales&nbsp;<\/a>(v\u00eddeo)<\/em><\/li>\n<li><a href=\"https:\/\/www.youtube.com\/watch?v=q8NJK9ksVN4\" target=\"_blank\" rel=\"noopener noreferrer\">Multiplicaci\u00f3n n\u00fameros decimales<\/a>&nbsp;(v\u00eddeo).<\/li>\n<li><a href=\"https:\/\/www.youtube.com\/watch?v=tYdhIalCFFc\" target=\"_blank\" rel=\"noopener noreferrer\">Divisi\u00f3n n\u00fameros decimales&nbsp;<\/a>(v\u00eddeo)<\/li>\n<li><a href=\"http:\/\/www.eltanquematematico.es\/todo_mate\/mult_deci\/mult_deci_p.html\" target=\"_blank\" rel=\"noopener noreferrer\">La multiplicaci\u00f3n de un decimal por la unidad seguida de ceros<\/a>.<\/li>\n<li><a href=\"http:\/\/www.eltanquematematico.es\/todo_mate\/usc\/multdeci\/mult_usc_ed_p.html\" target=\"_blank\" rel=\"noopener noreferrer\">La multiplicaci\u00f3n de un decimal por la unidad seguida de ceros. Pr\u00e1ctica.<\/a><\/li>\n<li><a href=\"http:\/\/ntic.educacion.es\/w3\/\/eos\/MaterialesEducativos\/mem2008\/visualizador_decimales\/multiplicaciondecimales.html\" target=\"_blank\" rel=\"noopener noreferrer\">Multiplicaci\u00f3n de n\u00fameros decimales<\/a>.<\/li>\n<li><a href=\"http:\/\/www.ceiploreto.es\/sugerencias\/A_1\/Recursosdidacticos\/SEXTO\/datos\/03_Mates\/datos\/05_rdi\/ud06\/5\/05.htm\" target=\"_blank\" rel=\"noopener noreferrer\">Multiplicaci\u00f3n de decimales (te lo va explicando mientras vas haciendo las cuentas).<\/a><\/li>\n<li><a href=\"http:\/\/proyectodescartes.org\/PI\/materiales_didacticos\/M_B1_Multiplicacion_decimales-JS\/index.html\" target=\"_blank\" rel=\"noopener noreferrer\">Multiplicaci\u00f3n de decimales. Retos.<\/a><\/li>\n<li><a href=\"http:\/\/www.eltanquematematico.es\/todo_mate\/openumdec\/divi_dec\/divi_dec.html\" target=\"_blank\" rel=\"noopener noreferrer\">Divisi\u00f3n de un decimal por un n\u00famero natural (te lo explica mientras lo hace)<\/a><\/li>\n<li><a href=\"http:\/\/www.eltanquematematico.es\/todo_mate\/openumdec\/divi_dec_d\/divi_dec_d.html\" target=\"_blank\" rel=\"noopener noreferrer\">Divisi\u00f3n de un natural por un decimal (lo explica y despu\u00e9s ejemplos)<\/a><\/li>\n<li><a href=\"http:\/\/www.eltanquematematico.es\/todo_mate\/openumdec\/divi_dec_d2\/divi_dec_d2.html\" target=\"_blank\" rel=\"noopener noreferrer\">Divisi\u00f3n de un decimal por un decimal (igual que los otros dos casos, te lo va explicando)<\/a><\/li>\n<li><a href=\"http:\/\/www.eltanquematematico.es\/ladivision_cd\/division_cdw.html\" target=\"_blank\" rel=\"noopener noreferrer\">Divisi\u00f3n con decimales (tienes de los tres tipos).<\/a><\/li>\n<li><a href=\"http:\/\/www.testeando.es\/test.asp?idA=67&amp;idT=muwxtgnk\" target=\"_blank\" rel=\"noopener noreferrer\">Test de multiplicaci\u00f3n y divisi\u00f3n de n\u00fameros decimales<\/a>&nbsp;(formato se parece al Kahoot).<\/li>\n<li><a href=\"https:\/\/www.portaleducativo.net\/ejercicios\/html5\/decimales\/\" target=\"_blank\" rel=\"noopener noreferrer\">Repaso de n\u00fameros decimales.<\/a><\/li>\n<li><a href=\"http:\/\/www.eltanquematematico.es\/pizarradigital\/NumDec5\/inicio_m.html\" target=\"_blank\" rel=\"noopener noreferrer\">N\u00fameros decimales<\/a>.<\/li>\n<li><a href=\"http:\/\/www.ceiploreto.es\/sugerencias\/A_1\/Recursosdidacticos\/QUINTO\/datos\/03_Mates\/datos\/05_rdi\/ud04\/1\/01.htm\" target=\"_blank\" rel=\"noopener noreferrer\">Los n\u00fameros decimales. Lectura y escritura de n\u00fameros decimales.<\/a><\/li>\n<\/ul>\n<\/td>\n<\/tr>\n<tr>\n<td>&nbsp;Las fracciones<\/td>\n<td>\n<ul>\n<li><a href=\"https:\/\/www.youtube.com\/watch?v=UpP_TPytEFQ\" target=\"_blank\" rel=\"noopener noreferrer\">Las fracciones para 4\u00ba.<\/a>&nbsp;(v\u00eddeo)<\/li>\n<li>&nbsp;<a href=\"https:\/\/www.youtube.com\/watch?v=wtarlG2TM_w\" target=\"_blank\" rel=\"noopener noreferrer\">Las fracciones<\/a>&nbsp;(v\u00eddeo explicativo)<\/li>\n<li><a href=\"https:\/\/www.youtube.com\/watch?time_continue=1&amp;v=vB4uMRgSz-s\" target=\"_blank\" rel=\"noopener noreferrer\">Las fracciones II<\/a><\/li>\n<li><a href=\"https:\/\/www.youtube.com\/watch?v=FloUk-2Umss\" target=\"_blank\" rel=\"noopener noreferrer\">Fracciones equivalentes&nbsp;<\/a>(v\u00eddeo)<\/li>\n<li><a href=\"https:\/\/www.youtube.com\/watch?v=mBCBu4fpH20\" target=\"_blank\" rel=\"noopener noreferrer\">Fracciones equivalentes II<\/a>&nbsp;(v\u00eddeo)<\/li>\n<li><a href=\"https:\/\/www.youtube.com\/watch?v=UiJZwbqT06U\" target=\"_blank\" rel=\"noopener noreferrer\">Ubicaci\u00f3n de fracciones en una recta num\u00e9rica<\/a>&nbsp;(v\u00eddeo)<\/li>\n<li><a href=\"http:\/\/www.ceiploreto.es\/sugerencias\/cplosangeles.juntaextremadura.net\/web\/edilim\/tercer_ciclo\/matematicas5\/fracciones_decimales_5\/fracciones_decimales_5.html\" target=\"_blank\" rel=\"noopener noreferrer\">Las fracciones decimales<\/a>. Actividad LIM con explicaci\u00f3n y ejercicios para mejor comprensi\u00f3n.<\/li>\n<li><a href=\"https:\/\/www.youtube.com\/watch?v=xixL9r2qCWs\" target=\"_blank\" rel=\"noopener noreferrer\">Suma y resta fracciones diferente denominador<\/a>&nbsp;(v\u00eddeo)<\/li>\n<li><a href=\"https:\/\/www.youtube.com\/watch?v=POLr83Gxtao\" target=\"_blank\" rel=\"noopener noreferrer\">Fracci\u00f3n de un n\u00famero&nbsp;<\/a>(v\u00eddeo)<\/li>\n<li><a href=\"http:\/\/www.ceiploreto.es\/sugerencias\/cplosangeles.juntaextremadura.net\/web\/edilim\/tercer_ciclo\/matematicas6\/proporcionalidad_6\/proporcionalidad_6.html\" target=\"_blank\" rel=\"noopener noreferrer\">Web sobre los proporcionalidad y porcentajes<\/a>.<\/li>\n<li><a href=\"http:\/\/www3.gobiernodecanarias.org\/medusa\/eltanquematematico\/proporcionalidad\/proporc_p.html\" target=\"_blank\" rel=\"noopener noreferrer\">Para trabajar un poco los porcentajes y la proporcionalidad<\/a>.<\/li>\n<li><a href=\"http:\/\/www.harcourtschool.com\/activity_es\/probability_circus\/\" target=\"_blank\" rel=\"noopener noreferrer\">El circo de la probabilidad<\/a>.<\/li>\n<li><a href=\"http:\/\/www.primaria.librosvivos.net\/archivosCMS\/3\/3\/16\/usuarios\/103294\/9\/6EP_Mate_cas_ud4_problemas_222\/frame_prim.swf\" target=\"_blank\" rel=\"noopener noreferrer\">Algunos retos<\/a><\/li>\n<li><a href=\"http:\/\/www3.gobiernodecanarias.org\/medusa\/agrega\/visualizar\/es\/es-ic_2010051013_9135453\/false#\" target=\"_blank\" rel=\"noopener noreferrer\">Azar y probabilidad<\/a><\/li>\n<li><a href=\"http:\/\/ntic.educacion.es\/w3\/recursos\/primaria\/matematicas\/porcentajes\/menuu5.html\" target=\"_blank\" rel=\"noopener noreferrer\">Frecuencia y probabilidad<\/a><\/li>\n<li><a href=\"http:\/\/www.accedetic.es\/fracciones\/fracciones\/index.html\" target=\"_blank\" rel=\"noopener noreferrer\">Operaciones con fracciones<\/a><\/li>\n<\/ul>\n<\/td>\n<\/tr>\n<tr>\n<td>Operaciones combinadas<\/td>\n<td>\n<ul>\n<li><a href=\"https:\/\/www.youtube.com\/watch?v=RcIe7YojEMo\" target=\"_blank\" rel=\"noopener noreferrer\">V\u00eddeo Youtube explicando<\/a>&nbsp;c\u00f3mo se hace.<\/li>\n<li><a href=\"https:\/\/www.youtube.com\/watch?time_continue=123&amp;v=Ro4z1LK-8uY\" target=\"_blank\" rel=\"noopener noreferrer\">V\u00eddeo youtube explicando c\u00f3mo se hace&nbsp;<\/a>(II)<\/li>\n<li><a href=\"http:\/\/www.genmagic.net\/mates4\/jerarquia_opera_c.swf\" target=\"_blank\" rel=\"noopener noreferrer\">Operaciones combinadas I<\/a><\/li>\n<\/ul>\n<\/td>\n<\/tr>\n<tr>\n<td>Unidades de medida<\/td>\n<td>\n<ul>\n<li><a href=\"https:\/\/www.youtube.com\/watch?v=wk6WSiILWvU\" target=\"_blank\" rel=\"noopener noreferrer\">V\u00eddeo Youtube explicando<\/a><\/li>\n<li><a href=\"https:\/\/www.youtube.com\/watch?v=kXvimwd0uC0\" target=\"_blank\" rel=\"noopener noreferrer\">La medida del tiempo<\/a>&nbsp;(v\u00eddeo).<\/li>\n<li><a href=\"https:\/\/www.youtube.com\/watch?v=YwT-n_UnVmM\" target=\"_blank\" rel=\"noopener noreferrer\">La capacidad<\/a>&nbsp;(v\u00eddeo)<\/li>\n<li><a href=\"https:\/\/www.youtube.com\/watch?v=DG2-DP7GxNs\" target=\"_blank\" rel=\"noopener noreferrer\">Unidades de masa<\/a>&nbsp;(v\u00eddeo).<\/li>\n<li><a href=\"http:\/\/www.eltanquematematico.es\/todo_mate\/r_medidas\/longitud_p.html\" target=\"_blank\" rel=\"noopener noreferrer\">Relaciones entre unidades de longitud<\/a>.<\/li>\n<li><a href=\"http:\/\/www.juntadeandalucia.es\/averroes\/centros-tic\/41009470\/helvia\/aula\/archivos\/repositorio\/0\/193\/html\/recursos\/la\/U12\/pages\/recursos\/143304_P176_1\/es_carcasa.html\" target=\"_blank\" rel=\"noopener noreferrer\">Ponte a prueba con\u2026 las unidades de longitud<\/a>.<\/li>\n<li><a href=\"http:\/\/www3.gobiernodecanarias.org\/medusa\/eltanquematematico\/todo_mate\/medidas\/capacidad\/capacidad_p.html\" target=\"_blank\" rel=\"noopener noreferrer\">Test\u2026. sobre las unidades de capacidad<\/a>.<\/li>\n<li><a href=\"http:\/\/www.ceipjuanherreraalcausa.es\/Recursosdidacticos\/SEXTO\/datos\/03_Mates\/datos\/05_rdi\/ud11\/2\/02.htm\" target=\"_blank\" rel=\"noopener noreferrer\">Unidades de longitud y medida<\/a>.<\/li>\n<li><a href=\"https:\/\/www.youtube.com\/watch?v=ZqcJ1MEU9-Y\" target=\"_blank\" rel=\"noopener noreferrer\">Formas complejas e incomplejas<\/a>&nbsp;(v\u00eddeo)<\/li>\n<\/ul>\n<\/td>\n<\/tr>\n<tr>\n<td>Sistema sexagesimal<\/td>\n<td>\n<ul>\n<li><a href=\"http:\/\/www.eltanquematematico.es\/todo_mate\/reloj\/reloj_p.html\" target=\"_blank\" rel=\"noopener noreferrer\">Aprendemos el reloj<\/a>.<\/li>\n<li><a href=\"https:\/\/www.edu.xunta.es\/espazoAbalar\/sites\/espazoAbalar\/files\/datos\/1285579247\/contido\/index.html\" target=\"_blank\" rel=\"noopener noreferrer\">El sistema sexagesimal<\/a>&nbsp;(para toda la UDI en la parte de matem\u00e1ticas)<\/li>\n<li><a href=\"http:\/\/agrega.educacion.es\/repositorio\/17072012\/d9\/es_2012071713_9195752\/M_B2_MedicionDelTiempo\/index.html\" target=\"_blank\" rel=\"noopener noreferrer\">Medici\u00f3n del tiempo<\/a><\/li>\n<li><a href=\"http:\/\/www.ceiploreto.es\/sugerencias\/cplosangeles.juntaextremadura.net\/web\/edilim\/tercer_ciclo\/matematicas5\/tiempo_5\/tiempo_5.html\" target=\"_blank\" rel=\"noopener noreferrer\">Unidades de tiempo<\/a>&nbsp;(actividad LIM)<\/li>\n<\/ul>\n<\/td>\n<\/tr>\n<tr>\n<td>&nbsp;Geometr\u00eda<\/td>\n<td>\n<ul>\n<li><a href=\"https:\/\/www.youtube.com\/watch?v=VkxuoSsNnqQ\" target=\"_blank\" rel=\"noopener noreferrer\">Clasificaci\u00f3n de los pol\u00edgonos<\/a>&nbsp;(video).<\/li>\n<li><a href=\"https:\/\/www.youtube.com\/watch?v=a95Yy1YmXqE\" target=\"_blank\" rel=\"noopener noreferrer\">Los pol\u00edgonos (I)<\/a>&nbsp;(v\u00eddeo)<\/li>\n<li><a href=\"https:\/\/www.youtube.com\/watch?v=AwdOocKn6m0\" target=\"_blank\" rel=\"noopener noreferrer\">Los pol\u00edgonos&nbsp;<\/a>&nbsp;(II)(v\u00eddeo)<\/li>\n<li><a href=\"https:\/\/www.youtube.com\/watch?v=RGeOmrvRmFc\" target=\"_blank\" rel=\"noopener noreferrer\">Los tri\u00e1ngulos<\/a>&nbsp;(v\u00eddeo).<\/li>\n<li><a href=\"https:\/\/www.youtube.com\/watch?time_continue=1&amp;v=_KU3PthHWaU\" target=\"_blank\" rel=\"noopener noreferrer\">\u00bfC\u00f3mo se miden los \u00e1ngulos?&nbsp;<\/a>(v\u00eddeo).<\/li>\n<li><a href=\"https:\/\/www.youtube.com\/watch?v=BemjvOKSbyk\" target=\"_blank\" rel=\"noopener noreferrer\">Figuras planas: clasificaci\u00f3n&nbsp;<\/a>(v\u00eddeo)<\/li>\n<li><a href=\"https:\/\/www.youtube.com\/watch?v=tEeSvfvEUu4\" target=\"_blank\" rel=\"noopener noreferrer\">Figuras planas: clasificaci\u00f3n de los cuadril\u00e1teros&nbsp;<\/a>(v\u00eddeo).<\/li>\n<li><a href=\"http:\/\/www.polavide.es\/rec_polavide0708\/edilim\/FIGURAS%20PLANAS\/POLIGONOSTIPOS.html\" target=\"_blank\" rel=\"noopener noreferrer\">Pol\u00edgonos. Clasificaci\u00f3n<\/a>.<\/li>\n<li><a href=\"http:\/\/ww2.educarchile.cl\/UserFiles\/P0024\/File\/skoool\/matematica%20y%20geometria\/tipo%20triangulos\/triangle_types\/index.html\" target=\"_blank\" rel=\"noopener noreferrer\">Tipos de tri\u00e1ngulos. Explicaci\u00f3n.<\/a><\/li>\n<li><a href=\"http:\/\/www.ceiploreto.es\/sugerencias\/cplosangeles.juntaextremadura.net\/web\/edilim\/tercer_ciclo\/matematicas5\/areas_5\/areas_5.html\" target=\"_blank\" rel=\"noopener noreferrer\">\u00c1reas de las figuras planas.<\/a><\/li>\n<li><a href=\"http:\/\/www.ceiploreto.es\/sugerencias\/hdt.gob.mx\/area_triangulo\/index.html\" target=\"_blank\" rel=\"noopener noreferrer\">F\u00f3rmula para calcular el \u00e1rea de un tri\u00e1ngulo.<\/a><\/li>\n<li><a href=\"https:\/\/www.youtube.com\/watch?v=wYNvY_bOGdc\" target=\"_blank\" rel=\"noopener noreferrer\">\u00c1reas y per\u00edmetros<\/a>&nbsp;(video).<\/li>\n<li><a href=\"https:\/\/www.youtube.com\/watch?v=TZDgCnfDrIE\" target=\"_blank\" rel=\"noopener noreferrer\">\u00c1reas de todas las figuras&nbsp;<\/a>(v\u00eddeo)<\/li>\n<\/ul>\n<\/td>\n<\/tr>\n<tr>\n<td>Tablas y gr\u00e1ficos<\/td>\n<td>\n<ul>\n<li><a href=\"http:\/\/agrega.juntadeandalucia.es\/repositorio\/24032010\/dd\/es-an_2010032413_9100758\/\" target=\"_blank\" rel=\"noopener noreferrer\">Tablas y gr\u00e1ficos.<\/a><\/li>\n<li><a href=\"http:\/\/www.educaplus.org\/geografia\/mun_piramides.html\" target=\"_blank\" rel=\"noopener noreferrer\">Pir\u00e1mides de la poblaci\u00f3n<\/a><\/li>\n<li><a href=\"http:\/\/conteni2.educarex.es\/mats\/14468\/contenido\/interfaz.swf\" target=\"_blank\" rel=\"noopener noreferrer\">Elaboraci\u00f3n de una pir\u00e1mide de la poblaci\u00f3n<\/a>.<\/li>\n<\/ul>\n<\/td>\n<\/tr>\n<tr>\n<td>Potencia y raiz cuadrada<\/td>\n<td>\n<ul>\n<li><a href=\"http:\/\/www.ceipjuanherreraalcausa.es\/Recursosdidacticos\/SEXTO\/datos\/03_Mates\/datos\/05_rdi\/ud03\/unidad03.htm\" target=\"_blank\" rel=\"noopener noreferrer\">Potencias y ra\u00edz cuadradas.&nbsp;<\/a><\/li>\n<li><a href=\"http:\/\/www.genmagic.net\/mates4\/ser7c.swf\" target=\"_blank\" rel=\"noopener noreferrer\">Las potencias.<\/a><\/li>\n<li><a href=\"http:\/\/www3.gobiernodecanarias.org\/medusa\/eltanquematematico\/laspotencias\/cuadrado\/cuadrados_p.html\" target=\"_blank\" rel=\"noopener noreferrer\">N\u00fameros al cuadrado.<\/a><\/li>\n<li><a href=\"http:\/\/www3.gobiernodecanarias.org\/medusa\/eltanquematematico\/laspotencias\/cubo\/cubos_p.html\" target=\"_blank\" rel=\"noopener noreferrer\">N\u00fameros al cubo.<\/a><\/li>\n<li><a href=\"http:\/\/genmagic.net\/repositorio\/displayimage.php?pos=-431\" target=\"_blank\" rel=\"noopener noreferrer\">Cuadrados y cubos.<\/a><\/li>\n<\/ul>\n<\/td>\n<\/tr>\n<tr>\n<td>Varios<\/td>\n<td>\n<ul>\n<li><a href=\"http:\/\/octavio.wikispaces.com\/file\/view\/El%20Desafio%20de%20Primaria%204_0\/31380373\/El%20Desafio%20de%20Primaria%204_0\" target=\"_blank\" rel=\"noopener noreferrer\">El desaf\u00edo de primaria<\/a>&nbsp;(por equipos).<\/li>\n<\/ul>\n<\/td>\n<\/tr>\n<\/tbody>\n<\/table>\n<p>&nbsp;<\/p>\n","protected":false},"excerpt":{"rendered":"<p>Algunas webs interactivas para trabajar, repasar y ampliar lo que vamos a dar en este TERCER CICLO. Numeraci\u00f3n Numeraci\u00f3n Los n\u00fameros primos&nbsp;(v\u00eddeo) Escribe los n\u00fameros naturales. Escribe la descomposici\u00f3n de cada n\u00famero. Los n\u00fameros&#46;&#46;&#46;<\/p>\n","protected":false},"author":1445,"featured_media":0,"parent":0,"menu_order":0,"comment_status":"closed","ping_status":"closed","template":"","meta":{"ngg_post_thumbnail":0,"footnotes":""},"aioseo_notices":[],"_links":{"self":[{"href":"https:\/\/blogsaverroes.juntadeandalucia.es\/fantasyblog\/wp-json\/wp\/v2\/pages\/225"}],"collection":[{"href":"https:\/\/blogsaverroes.juntadeandalucia.es\/fantasyblog\/wp-json\/wp\/v2\/pages"}],"about":[{"href":"https:\/\/blogsaverroes.juntadeandalucia.es\/fantasyblog\/wp-json\/wp\/v2\/types\/page"}],"author":[{"embeddable":true,"href":"https:\/\/blogsaverroes.juntadeandalucia.es\/fantasyblog\/wp-json\/wp\/v2\/users\/1445"}],"replies":[{"embeddable":true,"href":"https:\/\/blogsaverroes.juntadeandalucia.es\/fantasyblog\/wp-json\/wp\/v2\/comments?post=225"}],"version-history":[{"count":1,"href":"https:\/\/blogsaverroes.juntadeandalucia.es\/fantasyblog\/wp-json\/wp\/v2\/pages\/225\/revisions"}],"predecessor-version":[{"id":226,"href":"https:\/\/blogsaverroes.juntadeandalucia.es\/fantasyblog\/wp-json\/wp\/v2\/pages\/225\/revisions\/226"}],"wp:attachment":[{"href":"https:\/\/blogsaverroes.juntadeandalucia.es\/fantasyblog\/wp-json\/wp\/v2\/media?parent=225"}],"curies":[{"name":"wp","href":"https:\/\/api.w.org\/{rel}","templated":true}]}}