{"id":227,"date":"2022-08-16T09:09:07","date_gmt":"2022-08-16T09:09:07","guid":{"rendered":"https:\/\/blogsaverroes.juntadeandalucia.es\/fantasyblog\/?page_id=227"},"modified":"2022-08-16T09:09:07","modified_gmt":"2022-08-16T09:09:07","slug":"webs-de-lengua","status":"publish","type":"page","link":"https:\/\/blogsaverroes.juntadeandalucia.es\/fantasyblog\/webs-de-lengua\/","title":{"rendered":"Webs de lengua"},"content":{"rendered":"<blockquote><p><strong>Webs y v\u00eddeos que nos ayudan a comprender mejor diversos aspectos de lengua.<\/strong><\/p><\/blockquote>\n<ul>\n<li><a href=\"http:\/\/www.xtec.cat\/~jgenover\/relsinon1.htm\" target=\"_blank\" rel=\"noopener noreferrer\">Relacionar sin\u00f3nimos<\/a>.<\/li>\n<li><a href=\"http:\/\/www.polavide.es\/rec_polavide0708\/edilim\/sinonimo_antonimo\/sinonimia_antonimia.html\" target=\"_blank\" rel=\"noopener noreferrer\">Sin\u00f3nimos y ant\u00f3nimos.<\/a><\/li>\n<li><a href=\"http:\/\/www.ceiploreto.es\/sugerencias\/averroes\/educativa\/tilde1.html\" target=\"_blank\" rel=\"noopener noreferrer\">Agudas, llanas y esdr\u00fajulas.<\/a><\/li>\n<li><a href=\"http:\/\/www.escueladeverano.net\/lengua\/todo\/ejercicios_interactivos\/unidad_1\/agudas\/ortografia_adudas_llanas.html\" target=\"_blank\" rel=\"noopener noreferrer\">Las palabras agudas, llanas y esdr\u00fajulas.<\/a><\/li>\n<li><a href=\"http:\/\/www.xtec.cat\/~jgenover\/morfo.htm\" target=\"_blank\" rel=\"noopener noreferrer\">Lengua: Morfolog\u00eda<\/a><\/li>\n<li><a href=\"http:\/\/repositorio.educa.jccm.es\/portal\/odes\/lengua_castellana\/la_oracion_castellana\/contenido\/lcgs_oa01_es\/index.html\" target=\"_blank\" rel=\"noopener noreferrer\">Explicaci\u00f3n interactiva del sujeto<\/a><\/li>\n<li><a href=\"http:\/\/repositorio.educa.jccm.es\/portal\/odes\/lengua_castellana\/la_oracion_castellana\/contenido\/lcgs_oa04_es\/index.html\" target=\"_blank\" rel=\"noopener noreferrer\">Explicaci\u00f3n interactiva: el predicado<\/a>.<\/li>\n<li><a href=\"http:\/\/www.primaria.librosvivos.net\/archivosCMS\/3\/3\/16\/usuarios\/103294\/9\/lengua5EP_ud3_sujeto_predicado\/frame_prim.swf\" target=\"_blank\" rel=\"noopener noreferrer\">Juego para trabajar el sujeto y el predicado<\/a>.<\/li>\n<li><a href=\"http:\/\/www.educa2.madrid.org\/binary\/488\/files97\/flash.htm?numrecurso=4\" target=\"_blank\" rel=\"noopener noreferrer\">Analizamos las palabras.<\/a>&nbsp; Actividad interactiva sobre las palabras que forman una oraci\u00f3n.<\/li>\n<li><a href=\"http:\/\/www.edu365.cat\/primaria\/muds\/castella\/sujeto\/index.htm\" target=\"_blank\" rel=\"noopener noreferrer\">El sujeto y el predicado I.<\/a><\/li>\n<li><a href=\"http:\/\/www.xtec.cat\/~jgenover\/sujeto1.htm\" target=\"_blank\" rel=\"noopener noreferrer\">Forma oraciones.<\/a><\/li>\n<li><a href=\"http:\/\/www.ceiploreto.es\/sugerencias\/cplosangeles.juntaextremadura.net\/web\/curso_4\/lengua4\/oracion_4\/oracion_4.html\" target=\"_blank\" rel=\"noopener noreferrer\">La oraci\u00f3n: sujeto y predicado.<\/a><\/li>\n<li><a href=\"http:\/\/www.ceiploreto.es\/sugerencias\/cplosangeles.juntaextremadura.net\/web\/curso_4\/lengua4\/adjetivo_4\/adjetivo_4.html\" target=\"_blank\" rel=\"noopener noreferrer\">Los adjetivos.<\/a><\/li>\n<li><a href=\"https:\/\/www.youtube.com\/watch?time_continue=1&amp;v=w8wgFd2uJVQ\" target=\"_blank\" rel=\"noopener noreferrer\">El verbo&nbsp;<\/a>(v\u00eddeo).<\/li>\n<li><a href=\"http:\/\/www.xtec.cat\/~jgenover\/usoverbo1.htm\" target=\"_blank\" rel=\"noopener noreferrer\">Conjugar los verbos.<\/a><\/li>\n<li><a href=\"http:\/\/agrega2.red.es\/repositorio\/01022010\/5c\/es_2009091713_2966965\/index.html\" target=\"_blank\" rel=\"noopener noreferrer\">Clases de palabras: El verbo<\/a><\/li>\n<li><a href=\"http:\/\/www.reglasdeortografia.com\/\" target=\"_blank\" rel=\"noopener noreferrer\">Reglas de ortograf\u00eda.<\/a><\/li>\n<li><a href=\"http:\/\/www.edu365.cat\/primaria\/muds\/castella\/ortografiate\/ortografiate3\/contenido\/index.html\" target=\"_blank\" rel=\"noopener noreferrer\">La ortograf\u00eda pirata<\/a><\/li>\n<li><a href=\"https:\/\/www.youtube.com\/watch?time_continue=3&amp;v=k09wDsp7rHk\" target=\"_blank\" rel=\"noopener noreferrer\">Palabras hom\u00f3nimas y par\u00f3nimas&nbsp;<\/a>(v\u00eddeo)<\/li>\n<li><a href=\"https:\/\/bromera.com\/tl_files\/activitatsdigitals\/Tilde_5_PA\/Tilde5_p021_act2\/index.html\" target=\"_blank\" rel=\"noopener noreferrer\">Coloca las palabras donde corresponda<\/a>&nbsp;(sustantivos)<\/li>\n<li><a href=\"http:\/\/www.ceiploreto.es\/sugerencias\/cplosangeles.juntaextremadura.net\/web\/lengua_tercer_ciclo\/vocabulario\/individuales_colectivas\/individuales02.htm\" target=\"_blank\" rel=\"noopener noreferrer\">Palabras individuales y colectivas.<\/a><\/li>\n<li><a href=\"https:\/\/www.youtube.com\/watch?time_continue=1&amp;v=tgmXlYaDP5M\" target=\"_blank\" rel=\"noopener noreferrer\">Palabras simples y palabras compuestas<\/a>&nbsp;(v\u00eddeo)<\/li>\n<li><a href=\"http:\/\/proyectodescartes.org\/PI\/materiales_didacticos\/L_B1_Sustantivos-JS\/index.html\" target=\"_blank\" rel=\"noopener noreferrer\">Los sustantivos<\/a>&nbsp;(explicaciones y ejercicios interactivos)<\/li>\n<li><a href=\"https:\/\/www.youtube.com\/watch?v=4fyDdhUcJgU\" target=\"_blank\" rel=\"noopener noreferrer\">Los sustantivos<\/a>&nbsp;(v\u00eddeo)<\/li>\n<li><a href=\"http:\/\/bromera.com\/tl_files\/activitatsdigitals\/Tilde_5_PA\/Tilde5_p045_act1_13b\/index.html\" target=\"_blank\" rel=\"noopener noreferrer\">Si a\u00fan no tengo muy claro los sustantivos<\/a>.<\/li>\n<li><a href=\"http:\/\/www.ceiploreto.es\/sugerencias\/A_2\/repositorio\/0\/58\/html\/datos\/01_Lengua\/actividades\/U04\/0404_01.htm\" target=\"_blank\" rel=\"noopener noreferrer\">Los sustantivos I<\/a>&nbsp;y&nbsp;<a href=\"http:\/\/www.ceiploreto.es\/sugerencias\/A_2\/repositorio\/0\/58\/html\/datos\/01_Lengua\/actividades\/U04\/0404_02.htm\" target=\"_blank\" rel=\"noopener noreferrer\">los sustantivos II<\/a><\/li>\n<li><a href=\"http:\/\/clic.xtec.cat\/db\/jclicApplet.jsp?project=http:\/\/clic.xtec.cat\/projects\/sustanti\/jclic\/sustanti.jclic.zip&amp;lang=es&amp;title=Clases+de+sustantivos\" target=\"_blank\" rel=\"noopener noreferrer\">Actividad JClic sobre clases de sustantivos<\/a><\/li>\n<li><a href=\"https:\/\/www.youtube.com\/watch?time_continue=25&amp;v=YjXfGweU2AI\" target=\"_blank\" rel=\"noopener noreferrer\">Por si a\u00fan no entiendes bien qu\u00e9 es un sustantivo<\/a>&nbsp;(v\u00eddeo Youtube)<\/li>\n<li><a href=\"http:\/\/www.slideshare.net\/nuriapedraza\/el-sustantivo-2084270\" target=\"_blank\" rel=\"noopener noreferrer\">El nombre o sustantivo<\/a>.<\/li>\n<li><a href=\"http:\/\/www.ceiploreto.es\/sugerencias\/A_2\/repositorio\/0\/58\/html\/datos\/01_Lengua\/actividades\/U06\/0603_01.htm\" target=\"_blank\" rel=\"noopener noreferrer\">Los determinantes&nbsp;<\/a><\/li>\n<li><a href=\"http:\/\/www.ceiploreto.es\/sugerencias\/A_2\/repositorio\/0\/58\/html\/datos\/01_Lengua\/actividades\/U06\/0603_02.htm\" target=\"_blank\" rel=\"noopener noreferrer\">Los determinantes<\/a>&nbsp;(II)<\/li>\n<li><a href=\"http:\/\/www.xtec.cat\/~jgenover\/usodet1.htm\" target=\"_blank\" rel=\"noopener noreferrer\">Los determinantes<\/a>&nbsp;(III).<\/li>\n<li><a href=\"https:\/\/www.youtube.com\/watch?v=CarUDWAbDPc\" target=\"_blank\" rel=\"noopener noreferrer\">El art\u00edculo&nbsp;<\/a>(v\u00eddeo)<\/li>\n<li><a href=\"http:\/\/roble.pntic.mec.es\/~msanto1\/lengua\/1determi.htm\" target=\"_blank\" rel=\"noopener noreferrer\">El art\u00edculo y los determinantes<\/a>&nbsp;(primero explica de forma muy clara y despu\u00e9s propone actividades)<\/li>\n<li><a href=\"https:\/\/www.youtube.com\/watch?v=ZsHvRg5qP-0\" target=\"_blank\" rel=\"noopener noreferrer\">Los demostrativos<\/a>&nbsp;(v\u00eddeo).<\/li>\n<li><a href=\"https:\/\/www.youtube.com\/watch?v=E2S58cj1r6Y\" target=\"_blank\" rel=\"noopener noreferrer\">Los posesivos<\/a>&nbsp;(v\u00eddeo)<\/li>\n<li><a href=\"https:\/\/www.youtube.com\/watch?v=xSEuP3GUQYg\" target=\"_blank\" rel=\"noopener noreferrer\">Los numerales&nbsp;<\/a>(v\u00eddeo).<\/li>\n<li><a href=\"https:\/\/www.youtube.com\/watch?v=0PMSpLPAqfo\" target=\"_blank\" rel=\"noopener noreferrer\">Los indefinidos<\/a>&nbsp;(v\u00eddeo)<\/li>\n<li><a href=\"http:\/\/clic.xtec.cat\/db\/jclicApplet.jsp?project=http:\/\/clic.xtec.cat\/projects\/gramat\/jclic\/gramat.jclic.zip&amp;lang=es&amp;title=Actividades+de+Gram%C3%A1tica\" target=\"_blank\" rel=\"noopener noreferrer\">Actividades de gram\u00e1tica<\/a><\/li>\n<li><a href=\"http:\/\/ntic.educacion.es\/w3\/eos\/MaterialesEducativos\/mem2002\/selva_lengua\/campo.htm\" target=\"_blank\" rel=\"noopener noreferrer\">El campo sem\u00e1ntico<\/a><\/li>\n<li><a href=\"https:\/\/bromera.com\/tl_files\/activitatsdigitals\/Tilde_5_PA\/Tilde5_p119_act213\/index.html\" target=\"_blank\" rel=\"noopener noreferrer\">Actividades sobre el campo sem\u00e1ntico<\/a>.<\/li>\n<li><a href=\"https:\/\/bromera.com\/tl_files\/activitatsdigitals\/Tilde_5_PA\/Tilde5_p125_act424\/index.html\" target=\"_blank\" rel=\"noopener noreferrer\">Relaciona cada palabra.<\/a><\/li>\n<li><a href=\"https:\/\/www.youtube.com\/watch?v=HbV-3YUcjk8\" target=\"_blank\" rel=\"noopener noreferrer\">Los diptongos e hiatos<\/a>&nbsp;(v\u00eddeo).<\/li>\n<\/ul>\n","protected":false},"excerpt":{"rendered":"<p>Webs y v\u00eddeos que nos ayudan a comprender mejor diversos aspectos de lengua. Relacionar sin\u00f3nimos. Sin\u00f3nimos y ant\u00f3nimos. Agudas, llanas y esdr\u00fajulas. Las palabras agudas, llanas y esdr\u00fajulas. Lengua: Morfolog\u00eda Explicaci\u00f3n interactiva del sujeto&#46;&#46;&#46;<\/p>\n","protected":false},"author":1445,"featured_media":0,"parent":0,"menu_order":0,"comment_status":"closed","ping_status":"closed","template":"","meta":{"ngg_post_thumbnail":0,"footnotes":""},"aioseo_notices":[],"_links":{"self":[{"href":"https:\/\/blogsaverroes.juntadeandalucia.es\/fantasyblog\/wp-json\/wp\/v2\/pages\/227"}],"collection":[{"href":"https:\/\/blogsaverroes.juntadeandalucia.es\/fantasyblog\/wp-json\/wp\/v2\/pages"}],"about":[{"href":"https:\/\/blogsaverroes.juntadeandalucia.es\/fantasyblog\/wp-json\/wp\/v2\/types\/page"}],"author":[{"embeddable":true,"href":"https:\/\/blogsaverroes.juntadeandalucia.es\/fantasyblog\/wp-json\/wp\/v2\/users\/1445"}],"replies":[{"embeddable":true,"href":"https:\/\/blogsaverroes.juntadeandalucia.es\/fantasyblog\/wp-json\/wp\/v2\/comments?post=227"}],"version-history":[{"count":1,"href":"https:\/\/blogsaverroes.juntadeandalucia.es\/fantasyblog\/wp-json\/wp\/v2\/pages\/227\/revisions"}],"predecessor-version":[{"id":228,"href":"https:\/\/blogsaverroes.juntadeandalucia.es\/fantasyblog\/wp-json\/wp\/v2\/pages\/227\/revisions\/228"}],"wp:attachment":[{"href":"https:\/\/blogsaverroes.juntadeandalucia.es\/fantasyblog\/wp-json\/wp\/v2\/media?parent=227"}],"curies":[{"name":"wp","href":"https:\/\/api.w.org\/{rel}","templated":true}]}}