{"id":229,"date":"2022-08-16T09:09:38","date_gmt":"2022-08-16T09:09:38","guid":{"rendered":"https:\/\/blogsaverroes.juntadeandalucia.es\/fantasyblog\/?page_id=229"},"modified":"2022-08-16T09:09:38","modified_gmt":"2022-08-16T09:09:38","slug":"apps","status":"publish","type":"page","link":"https:\/\/blogsaverroes.juntadeandalucia.es\/fantasyblog\/apps\/","title":{"rendered":"Apps"},"content":{"rendered":"<p>Algunas Apps que hemos visto interesantes y\/o que las han recomendado (sigue siendo necesaria la supervisi\u00f3n de un adulto):<\/p>\n<table>\n<tbody>\n<tr>\n<td><img fetchpriority=\"high\" decoding=\"async\" class=\"alignleft wp-image-182 size-full\" src=\"https:\/\/blogsaverroes.juntadeandalucia.es\/sportclass\/files\/2017\/10\/duolingo.png\" alt=\"\" width=\"300\" height=\"300\"><\/td>\n<td><a href=\"https:\/\/es.duolingo.com\/\" target=\"_blank\" rel=\"noopener noreferrer\">Duolingo<\/a>&nbsp;es una aplicaci\u00f3n que sirve para aprender o practicar el ingl\u00e9s. Cuando entras, te dicen que te tienes que poner una meta diaria (5 minutos al d\u00eda, 10 minutos al d\u00eda, 15 minutos al d\u00eda, etc) y despu\u00e9s, te pregunta si tu nivel de ingl\u00e9s es alto o bajo. Si le das a alto te hacen un test que dura 5 minutos (aproximadamente) y despu\u00e9s empiezas con tus \u201cclases\u201d. La verdad es que la aplicaci\u00f3n est\u00e1 muy bien porque te ense\u00f1a muchas cosas.<\/td>\n<\/tr>\n<tr>\n<td><img decoding=\"async\" class=\"alignnone size-full wp-image-184\" src=\"https:\/\/blogsaverroes.juntadeandalucia.es\/sportclass\/files\/2017\/10\/cambiadordeVOZ.jpg\" alt=\"\" width=\"704\" height=\"261\"><\/td>\n<td>**<a href=\"https:\/\/play.google.com\/store\/apps\/details?id=com.baviux.voicechanger&amp;hl=es\" target=\"_blank\" rel=\"noopener noreferrer\">&nbsp;El mejor cambiador de voz,&nbsp;<\/a>\u00a1con m\u00e1s de 50 millones de descargas! **\u00a1Cambia tu voz y divi\u00e9rtete escuchando como suena tu voz modificada!.&nbsp;<br \/>\nGraba tu voz, apl\u00edcale los efectos que desees, y comp\u00e1rtelos con tus amigos.<br \/>\nAdem\u00e1s, \u00a1puedes enviar tu voz cambiada directamente desde Whatsapp!<\/td>\n<\/tr>\n<tr>\n<td><img decoding=\"async\" class=\"alignnone size-full wp-image-185\" src=\"https:\/\/blogsaverroes.juntadeandalucia.es\/sportclass\/files\/2017\/10\/mates5.jpg\" alt=\"\" width=\"157\" height=\"208\"><\/td>\n<td><a href=\"https:\/\/play.google.com\/store\/apps\/details?id=com.app.city.test.quintoPrimariaMatematicas\" target=\"_blank\" rel=\"noopener noreferrer\">Repasa el temario de MATEM\u00c1TICAS<\/a>&nbsp;para ni\u00f1os de 10 a\u00f1os con nuestra divertida aplicaci\u00f3n, completando el mapa de temas hasta llegar a realizar el examen final.&nbsp;Tambi\u00e9n tienes aplicaciones para repasar los contenidos de 4\u00ba, 3\u00ba y, si ves que est\u00e1s suelto\/a en 5\u00ba, pues te puedes descargar el de 6\u00ba.<\/td>\n<\/tr>\n<tr>\n<td>&nbsp;<img loading=\"lazy\" decoding=\"async\" class=\"alignnone wp-image-187 size-thumbnail\" src=\"https:\/\/blogsaverroes.juntadeandalucia.es\/sportclass\/files\/2017\/10\/Screen-Shot-10-08-17-at-06.40-PM-150x150.png\" alt=\"\" width=\"150\" height=\"150\"><\/td>\n<td>&nbsp;<a href=\"https:\/\/play.google.com\/store\/apps\/details?id=com.base.testEducaAprende.cuartoPrimariaLenguaje\" target=\"_blank\" rel=\"noopener noreferrer\">Repasa el temario de LENGUA<\/a>&nbsp;para ni\u00f1os de 10 a\u00f1os con nuestra divertida aplicaci\u00f3n, completando el mapa de temas hasta llegar a realizar el examen final.Tambi\u00e9n tienes aplicaciones para repasar los contenidos de 4\u00ba, 3\u00ba y, si ves que est\u00e1s suelto\/a en 5\u00ba, pues te puedes descargar el de 6\u00ba.<\/td>\n<\/tr>\n<\/tbody>\n<\/table>\n","protected":false},"excerpt":{"rendered":"<p>Algunas Apps que hemos visto interesantes y\/o que las han recomendado (sigue siendo necesaria la supervisi\u00f3n de un adulto): Duolingo&nbsp;es una aplicaci\u00f3n que sirve para aprender o practicar el ingl\u00e9s. Cuando entras, te dicen&#46;&#46;&#46;<\/p>\n","protected":false},"author":1445,"featured_media":0,"parent":0,"menu_order":0,"comment_status":"closed","ping_status":"closed","template":"","meta":{"ngg_post_thumbnail":0,"footnotes":""},"aioseo_notices":[],"_links":{"self":[{"href":"https:\/\/blogsaverroes.juntadeandalucia.es\/fantasyblog\/wp-json\/wp\/v2\/pages\/229"}],"collection":[{"href":"https:\/\/blogsaverroes.juntadeandalucia.es\/fantasyblog\/wp-json\/wp\/v2\/pages"}],"about":[{"href":"https:\/\/blogsaverroes.juntadeandalucia.es\/fantasyblog\/wp-json\/wp\/v2\/types\/page"}],"author":[{"embeddable":true,"href":"https:\/\/blogsaverroes.juntadeandalucia.es\/fantasyblog\/wp-json\/wp\/v2\/users\/1445"}],"replies":[{"embeddable":true,"href":"https:\/\/blogsaverroes.juntadeandalucia.es\/fantasyblog\/wp-json\/wp\/v2\/comments?post=229"}],"version-history":[{"count":1,"href":"https:\/\/blogsaverroes.juntadeandalucia.es\/fantasyblog\/wp-json\/wp\/v2\/pages\/229\/revisions"}],"predecessor-version":[{"id":230,"href":"https:\/\/blogsaverroes.juntadeandalucia.es\/fantasyblog\/wp-json\/wp\/v2\/pages\/229\/revisions\/230"}],"wp:attachment":[{"href":"https:\/\/blogsaverroes.juntadeandalucia.es\/fantasyblog\/wp-json\/wp\/v2\/media?parent=229"}],"curies":[{"name":"wp","href":"https:\/\/api.w.org\/{rel}","templated":true}]}}