{"id":61,"date":"2021-07-05T22:48:02","date_gmt":"2021-07-05T22:48:02","guid":{"rendered":"https:\/\/blogsaverroes.juntadeandalucia.es\/feielucussolis\/?page_id=61"},"modified":"2022-11-22T08:56:34","modified_gmt":"2022-11-22T08:56:34","slug":"tde","status":"publish","type":"page","link":"https:\/\/blogsaverroes.juntadeandalucia.es\/feielucussolis\/tde\/","title":{"rendered":""},"content":{"rendered":"<h3>MARCOS DE REFERENCIA PARA LA COMPETENCIA DIGITAL de centros (DigCompOrg), docentes (DigCompEdu) y alumnado (DigComp)<\/h3>\n<p><a href=\"https:\/\/www.juntadeandalucia.es\/educacion\/portals\/delegate\/content\/50599994-ac98-4feb-870f-a0b04081aa75\">Orden<\/a> de 29 de marzo de 2021, por la que se establecen los marcos de la Competencia Digital en el sistema educativo no universitario de la Comunidad Aut\u00f3noma de Andaluc\u00eda. (Publicada en&nbsp; BOJA 12 de abril de 2021). <strong>De obligado cumplimiento.<\/strong><\/p>\n<p><a href=\"https:\/\/www.juntadeandalucia.es\/export\/drupaljda\/otras_disposiciones\/20\/08\/Instruccion%2031_07_2020_transformacion_digital_centros.pdf\"><span dir=\"ltr\" role=\"presentation\">INSTRUCCI\u00d3N DE 31 DE JULIO, DE LA DIRECCI\u00d3N GENERAL DE <\/span><span dir=\"ltr\" role=\"presentation\">FORMACI\u00d3N DEL PROFESORADO E INNOVACI\u00d3N EDUCATIVA, SOBRE <\/span><span dir=\"ltr\" role=\"presentation\">MEDIDAS DE TRANSFORMACI\u00d3N DIGITAL EDUCATIVA EN LOS CENTROS <\/span><\/a><span dir=\"ltr\" role=\"presentation\">DOCENTES P\u00daBLICOS PARA EL CURSO 2020\/21. <\/span><\/p>\n<p style=\"padding-left: 40px\"><strong>Noticias<\/strong>: <a href=\"https:\/\/www.juntadeandalucia.es\/presidencia\/portavoz\/educacion\/163745\/educacionydeporte\/ordenadoresportatiles\/centroseducativos\/curso20212022\/gobiernodeandalucia?s=03\">Andaluc\u00eda completa el reparto de casi 100.000 port\u00e1tiles en m\u00e1s de 3.800 centros educativos&nbsp;<\/a><\/p>\n<p style=\"padding-left: 80px\"><em>&#8230; Esta acci\u00f3n se enmarca dentro de la <strong>estrategia de transformaci\u00f3n digital educativa<\/strong> de la Junta de Andaluc\u00eda que ser\u00e1 clave no solo para <strong>reducir la brecha digital<\/strong>, sino para que <strong>el alumnado andaluz adquiera las competencias digitales necesarias para aprovechar al m\u00e1ximo el uso de las tecnolog\u00edas en su proceso de ense\u00f1anza-aprendizaje&#8230;.<\/strong><\/em><\/p>\n<p style=\"padding-left: 40px\"><a href=\"https:\/\/sede.educacion.gob.es\/publiventa\/promocion-de-un-aprendizaje-eficaz-en-la-era-digital-un-marco-europeo-para-organizaciones-educativas-digitalmente-competentes\/ensenanza-recursos-digitales\/21199\">Promoci\u00f3n de un aprendizaje eficaz en la era digital. Un marco europeo para organizaciones educativas digitalmente competentes<\/a><\/p>\n<p style=\"padding-left: 40px\"><a href=\"https:\/\/sede.educacion.gob.es\/publiventa\/marco-europeo-para-la-competencia-digital-de-los-educadores-digcompedu\/competencia-digital\/24685\">(Marco europeo para la competencia digital de los educadores. DigCompEdu )<\/a><\/p>\n<p>&nbsp;<\/p>\n<h3>RECOPILACIONES DE HERRAMIENTAS DIGITALES PARA LAS CLASES<\/h3>\n<p>Todos los recursos importantes de #TDE Andalucia (moodle, seneca, pasen, blogsaverroes&#8230;) <a href=\"https:\/\/recursostde.notion.site\/\">https:\/\/recursostde.notion.site\/<\/a><\/p>\n<p><a href=\"https:\/\/kevinmelgarejo.com\/100-herramientas-para-clases-virtuales\/\" target=\"_blank\" rel=\"noopener noreferrer\">https:\/\/kevinmelgarejo.com\/100-herramientas-para-clases-virtuales\/<\/a><\/p>\n<p><a href=\"https:\/\/coggle.it\/diagram\/VDbGKqm5DvdXAKnS\/t\/mas-de-200-recursos-en-el-aula-compilado-por-ra%C3%BAl-santiago\" target=\"_blank\" rel=\"noopener noreferrer\">M\u00e1s de 200 herramientas para el aula compilado por Ra\u00fal Santiago<\/a><\/p>\n<p><a href=\"https:\/\/www.rauldiego.es\/herramientas-20\/\" target=\"_blank\" rel=\"noopener noreferrer\">https:\/\/www.rauldiego.es\/herramientas-20\/<\/a><\/p>\n<p><a href=\"https:\/\/www.rauldiego.es\/aplicaciones-educativas\/\">https:\/\/www.rauldiego.es\/aplicaciones-educativas\/<\/a><\/p>\n<p><a href=\"https:\/\/www.rauldiego.es\/aplicaciones-alumnos\/\" target=\"_blank\" rel=\"noopener noreferrer\">https:\/\/www.rauldiego.es\/aplicaciones-alumnos\/<\/a><\/p>\n<p><a href=\"https:\/\/twitter.com\/Malnutridos\/status\/1422250820066742272?s=03\">herramientas online y apps gratuitas para vuestras presentaciones (<\/a><a href=\"https:\/\/twitter.com\/Malnutridos\/status\/1422250820066742272?s=03\">&nbsp;Javier S. Perona (@Malnutridos)<\/a><a href=\"https:\/\/twitter.com\/Malnutridos\/status\/1422250820066742272?s=03\">) <\/a><\/p>\n","protected":false},"excerpt":{"rendered":"<p>MARCOS DE REFERENCIA PARA LA COMPETENCIA DIGITAL de centros (DigCompOrg), docentes (DigCompEdu) y alumnado (DigComp) Orden de 29 de marzo de 2021, por la que&hellip;<\/p>\n","protected":false},"author":3732,"featured_media":0,"parent":0,"menu_order":0,"comment_status":"closed","ping_status":"closed","template":"","meta":{"ngg_post_thumbnail":0,"footnotes":""},"aioseo_notices":[],"_links":{"self":[{"href":"https:\/\/blogsaverroes.juntadeandalucia.es\/feielucussolis\/wp-json\/wp\/v2\/pages\/61"}],"collection":[{"href":"https:\/\/blogsaverroes.juntadeandalucia.es\/feielucussolis\/wp-json\/wp\/v2\/pages"}],"about":[{"href":"https:\/\/blogsaverroes.juntadeandalucia.es\/feielucussolis\/wp-json\/wp\/v2\/types\/page"}],"author":[{"embeddable":true,"href":"https:\/\/blogsaverroes.juntadeandalucia.es\/feielucussolis\/wp-json\/wp\/v2\/users\/3732"}],"replies":[{"embeddable":true,"href":"https:\/\/blogsaverroes.juntadeandalucia.es\/feielucussolis\/wp-json\/wp\/v2\/comments?post=61"}],"version-history":[{"count":10,"href":"https:\/\/blogsaverroes.juntadeandalucia.es\/feielucussolis\/wp-json\/wp\/v2\/pages\/61\/revisions"}],"predecessor-version":[{"id":273,"href":"https:\/\/blogsaverroes.juntadeandalucia.es\/feielucussolis\/wp-json\/wp\/v2\/pages\/61\/revisions\/273"}],"wp:attachment":[{"href":"https:\/\/blogsaverroes.juntadeandalucia.es\/feielucussolis\/wp-json\/wp\/v2\/media?parent=61"}],"curies":[{"name":"wp","href":"https:\/\/api.w.org\/{rel}","templated":true}]}}