{"id":41,"date":"2018-08-08T11:30:05","date_gmt":"2018-08-08T11:30:05","guid":{"rendered":"https:\/\/themify.me\/demo\/themes\/ultra-education\/?page_id=34"},"modified":"2022-10-05T01:25:36","modified_gmt":"2022-10-04T23:25:36","slug":"contact","status":"publish","type":"page","link":"https:\/\/blogsaverroes.juntadeandalucia.es\/feieramonycajal\/contact\/","title":{"rendered":"Contact"},"content":{"rendered":"<!--themify_builder_content-->\n<div id=\"themify_builder_content-41\" data-postid=\"41\" class=\"themify_builder_content themify_builder_content-41 themify_builder tf_clear\">\n                    <div  data-lazy=\"1\" class=\"module_row themify_builder_row tb_jtuz815 tb_first tf_w\">\n            <span class=\"builder_row_cover tf_abs\"><\/span>            <div class=\"row_inner col_align_top tb_col_count_1 tf_box tf_rel\">\n                        <div  data-lazy=\"1\" class=\"module_column tb-column col-full tb_fyuv830 first\">\n                    <!-- module text -->\n<div  class=\"module module-text tb_dhdm832  repeat \" data-lazy=\"1\">\n        <div  class=\"tb_text_wrap\">\n        <h1>Contact Us<\/h1>    <\/div>\n<\/div>\n<!-- \/module text -->        <\/div>\n                        <\/div>\n        <\/div>\n                        <div  data-css_id=\"j9br816\" data-lazy=\"1\" class=\"module_row themify_builder_row fullwidth tb_j9br816 tf_w\">\n                        <div class=\"row_inner gutter-none col_align_top tb_col_count_2 tf_box tf_rel\">\n                        <div  data-lazy=\"1\" class=\"module_column tb-column col4-2 tb_z1zo836 first\">\n                    <!-- module text -->\n<div  class=\"module module-text tb_4ur5837  repeat \" data-lazy=\"1\">\n        <div  class=\"tb_text_wrap\">\n        <p>FEIE &#8211; IES Santiago Ram\u00f3n y Cajal<\/p>    <\/div>\n<\/div>\n<!-- \/module text -->        <div  data-lazy=\"1\" class=\"module_subrow themify_builder_sub_row tf_w col_align_top tb_col_count_2 tb_a7uo842\">\n                <div  data-lazy=\"1\" class=\"module_column sub_column col2-1 tb_04zz843 first\">\n                    <!-- module icon -->\n<div  class=\"module module-icon tb_gtx5844  normal circle icon_horizontal \" data-lazy=\"1\">\n            <div class=\"module-icon-item\">\n                                                                <em class=\"tf_boxtransparent\"><svg  class=\"tf_fa tf-far-map-marker\" aria-hidden=\"true\"><use href=\"#tf-far-map-marker\"><\/use><\/svg><\/em>\n                                                                            <span>Calle Doctor Garc\u00eda Verdugo, 1. 29640. Fuengirola. M\u00e1laga<\/span>\n                                                            <\/div>\n    <\/div>\n<!-- \/module icon -->\n<!-- module icon -->\n<div  class=\"module module-icon tb_jajl845  normal circle icon_horizontal \" data-lazy=\"1\">\n            <div class=\"module-icon-item\">\n                            <a href=\"mailto:info@yourdomain.com\">\n                                                                    <em class=\"tf_boxtransparent\"><svg  class=\"tf_fa tf-far-envelope\" aria-hidden=\"true\"><use href=\"#tf-far-envelope\"><\/use><\/svg><\/em>\n                                                                            <span>@IESSRamonyCajal<\/span>\n                                                                    <\/a>\n                    <\/div>\n    <\/div>\n<!-- \/module icon -->\n        <\/div>\n                    <div  data-lazy=\"1\" class=\"module_column sub_column col2-1 tb_lyzm846 last\">\n                    <!-- module icon -->\n<div  class=\"module module-icon tb_2afl847  normal circle icon_horizontal \" data-lazy=\"1\">\n            <div class=\"module-icon-item\">\n                            <a href=\"tel:6102490000201\">\n                                                                    <em class=\"tf_boxtransparent\"><svg  class=\"tf_fa tf-fas-phone\" aria-hidden=\"true\"><use href=\"#tf-fas-phone\"><\/use><\/svg><\/em>\n                                                                            <span>951269821<\/span>\n                                                                    <\/a>\n                    <\/div>\n    <\/div>\n<!-- \/module icon -->\n        <\/div>\n                    <\/div>\n                <\/div>\n                    <div  data-lazy=\"1\" class=\"module_column tb-column col4-2 tb_3e55850 last\">\n                    <!-- module text -->\n<div  class=\"module module-text tb_407k851  repeat \" data-lazy=\"1\">\n        <div  class=\"tb_text_wrap\">\n        <h3>Contact Form<\/h3>    <\/div>\n<\/div>\n<!-- \/module text -->        <\/div>\n                        <\/div>\n        <\/div>\n                        <div  data-css_id=\"2hkx817\" data-lazy=\"1\" class=\"module_row themify_builder_row fullwidth tb_2hkx817 tf_w\">\n                        <div class=\"row_inner col_align_top tb_col_count_1 tf_box tf_rel\">\n                        <div  data-lazy=\"1\" class=\"module_column tb-column col-full tb_hejn863 first\">\n                            <\/div>\n                        <\/div>\n        <\/div>\n        <\/div>\n<!--\/themify_builder_content-->","protected":false},"excerpt":{"rendered":"<p>Contact Us FEIE &#8211; IES Santiago Ram\u00f3n y Cajal Calle Doctor Garc\u00eda Verdugo, 1. 29640. Fuengirola. M\u00e1laga @IESSRamonyCajal 951269821 Contact Form<\/p>\n","protected":false},"author":2391,"featured_media":0,"parent":0,"menu_order":0,"comment_status":"closed","ping_status":"closed","template":"","meta":{"ngg_post_thumbnail":0,"footnotes":""},"aioseo_notices":[],"_links":{"self":[{"href":"https:\/\/blogsaverroes.juntadeandalucia.es\/feieramonycajal\/wp-json\/wp\/v2\/pages\/41"}],"collection":[{"href":"https:\/\/blogsaverroes.juntadeandalucia.es\/feieramonycajal\/wp-json\/wp\/v2\/pages"}],"about":[{"href":"https:\/\/blogsaverroes.juntadeandalucia.es\/feieramonycajal\/wp-json\/wp\/v2\/types\/page"}],"author":[{"embeddable":true,"href":"https:\/\/blogsaverroes.juntadeandalucia.es\/feieramonycajal\/wp-json\/wp\/v2\/users\/2391"}],"replies":[{"embeddable":true,"href":"https:\/\/blogsaverroes.juntadeandalucia.es\/feieramonycajal\/wp-json\/wp\/v2\/comments?post=41"}],"version-history":[{"count":2,"href":"https:\/\/blogsaverroes.juntadeandalucia.es\/feieramonycajal\/wp-json\/wp\/v2\/pages\/41\/revisions"}],"predecessor-version":[{"id":298,"href":"https:\/\/blogsaverroes.juntadeandalucia.es\/feieramonycajal\/wp-json\/wp\/v2\/pages\/41\/revisions\/298"}],"wp:attachment":[{"href":"https:\/\/blogsaverroes.juntadeandalucia.es\/feieramonycajal\/wp-json\/wp\/v2\/media?parent=41"}],"curies":[{"name":"wp","href":"https:\/\/api.w.org\/{rel}","templated":true}]}}

<!--themify_builder_content-->
<div id="themify_builder_content-41" data-postid="41" class="themify_builder_content themify_builder_content-41 themify_builder tf_clear">
                    <div  data-lazy="1" class="module_row themify_builder_row tb_jtuz815 tb_first tf_w">
            <span class="builder_row_cover tf_abs"></span>            <div class="row_inner col_align_top tb_col_count_1 tf_box tf_rel">
                        <div  data-lazy="1" class="module_column tb-column col-full tb_fyuv830 first">
                    <!-- module text -->
<div  class="module module-text tb_dhdm832  repeat " data-lazy="1">
        <div  class="tb_text_wrap">
        <h1>Contact Us</h1>    </div>
</div>
<!-- /module text -->        </div>
                        </div>
        </div>
                        <div  data-css_id="j9br816" data-lazy="1" class="module_row themify_builder_row fullwidth tb_j9br816 tf_w">
                        <div class="row_inner gutter-none col_align_top tb_col_count_2 tf_box tf_rel">
                        <div  data-lazy="1" class="module_column tb-column col4-2 tb_z1zo836 first">
                    <!-- module text -->
<div  class="module module-text tb_4ur5837  repeat " data-lazy="1">
        <div  class="tb_text_wrap">
        <p>FEIE &#8211; IES Santiago Ramón y Cajal</p>    </div>
</div>
<!-- /module text -->        <div  data-lazy="1" class="module_subrow themify_builder_sub_row tf_w col_align_top tb_col_count_2 tb_a7uo842">
                <div  data-lazy="1" class="module_column sub_column col2-1 tb_04zz843 first">
                    <!-- module icon -->
<div  class="module module-icon tb_gtx5844  normal circle icon_horizontal " data-lazy="1">
            <div class="module-icon-item">
                                                                <em class="tf_boxtransparent"><svg  class="tf_fa tf-far-map-marker" aria-hidden="true"><use href="#tf-far-map-marker"></use></svg></em>
                                                                            <span>Calle Doctor García Verdugo, 1. 29640. Fuengirola. Málaga</span>
                                                            </div>
    </div>
<!-- /module icon -->
<!-- module icon -->
<div  class="module module-icon tb_jajl845  normal circle icon_horizontal " data-lazy="1">
            <div class="module-icon-item">
                            <a href="mailto:info@yourdomain.com">
                                                                    <em class="tf_boxtransparent"><svg  class="tf_fa tf-far-envelope" aria-hidden="true"><use href="#tf-far-envelope"></use></svg></em>
                                                                            <span>@IESSRamonyCajal</span>
                                                                    </a>
                    </div>
    </div>
<!-- /module icon -->
        </div>
                    <div  data-lazy="1" class="module_column sub_column col2-1 tb_lyzm846 last">
                    <!-- module icon -->
<div  class="module module-icon tb_2afl847  normal circle icon_horizontal " data-lazy="1">
            <div class="module-icon-item">
                            <a href="tel:6102490000201">
                                                                    <em class="tf_boxtransparent"><svg  class="tf_fa tf-fas-phone" aria-hidden="true"><use href="#tf-fas-phone"></use></svg></em>
                                                                            <span>951269821</span>
                                                                    </a>
                    </div>
    </div>
<!-- /module icon -->
        </div>
                    </div>
                </div>
                    <div  data-lazy="1" class="module_column tb-column col4-2 tb_3e55850 last">
                    <!-- module text -->
<div  class="module module-text tb_407k851  repeat " data-lazy="1">
        <div  class="tb_text_wrap">
        <h3>Contact Form</h3>    </div>
</div>
<!-- /module text -->        </div>
                        </div>
        </div>
                        <div  data-css_id="2hkx817" data-lazy="1" class="module_row themify_builder_row fullwidth tb_2hkx817 tf_w">
                        <div class="row_inner col_align_top tb_col_count_1 tf_box tf_rel">
                        <div  data-lazy="1" class="module_column tb-column col-full tb_hejn863 first">
                            </div>
                        </div>
        </div>
        </div>
<!--/themify_builder_content-->

<p>Contact Us FEIE &#8211; IES Santiago Ramón y Cajal Calle Doctor García Verdugo, 1. 29640. Fuengirola. Málaga @IESSRamonyCajal 951269821 Contact Form</p>
