{"id":2351,"date":"2024-08-24T08:49:23","date_gmt":"2024-08-24T07:49:23","guid":{"rendered":"https:\/\/blogsaverroes.juntadeandalucia.es\/fgarcialorca\/?page_id=2351"},"modified":"2024-08-24T08:49:23","modified_gmt":"2024-08-24T07:49:23","slug":"servicios-escolares","status":"publish","type":"page","link":"https:\/\/blogsaverroes.juntadeandalucia.es\/fgarcialorca\/servicios-escolares\/","title":{"rendered":"Servicios Escolares"},"content":{"rendered":"<div data-reader-unique-id=\"1\">\n<div data-reader-unique-id=\"2\">\n<div data-reader-unique-id=\"6\">\n<div data-reader-unique-id=\"7\">\n<p data-reader-unique-id=\"8\"><span style=\"font-size: 18pt\" data-reader-unique-id=\"9\">SERVICIOS ESCOLARES CURSO 2024 &#8211; 2025<\/span><\/p>\n<\/div>\n<\/div>\n<\/div>\n<\/div>\n<div data-reader-unique-id=\"65\">\n<div data-reader-unique-id=\"67\">\n<div data-reader-unique-id=\"68\">\n<div data-reader-unique-id=\"69\">\n<h2 data-reader-unique-id=\"70\"><span style=\"font-size: 12pt\"><span style=\"font-size: 18pt\">PLAN DE ATENCI\u00d3N A LAS FAMILIAS PARA EL CURSO 2024 2025.<\/span><\/span><\/h2>\n<\/div>\n<p><a href=\"https:\/\/www.juntadeandalucia.es\/organismos\/economiahaciendayfondoseuropeos\/areas\/tributos-juego\/tributos\/paginas\/mat-com-extraesc-24-25.html\"><span style=\"font-size: 14pt\">Enlace a la p\u00e1gina de la Consejer\u00eda sobre estos servicios escolares.<\/span><\/a><\/p>\n<div data-reader-unique-id=\"69\">\n<h3 data-reader-unique-id=\"70\"><span style=\"font-size: 12pt\">SERVICIOS OFERTADOS EN LA MATRICULACI\u00d3N:<\/span><\/h3>\n<p data-reader-unique-id=\"74\"><span style=\"font-size: 12pt\"><strong>Aula Matinal<\/strong> (de Lunes a Viernes de 7:30 a 9:00)<\/span><\/p>\n<p data-reader-unique-id=\"74\"><span style=\"font-size: 12pt\"><strong>Comedor Escolar<\/strong> (De Lunes a Viernes 14:00 a 16:00)<\/span><\/p>\n<p data-reader-unique-id=\"18\"><span style=\"font-size: 12pt\"><strong>Actividades Extraescolares<\/strong>: <span style=\"color: #000000\"><a style=\"color: #000000\" href=\"https:\/\/blogsaverroes.juntadeandalucia.es\/fgarcialorca\/files\/2024\/05\/cuadro-actividades-extraescolares-2024-2025.pdf\">De Lunes a Jueves de 16:00 en adelante, seg\u00fan la actividad. Consultar cuadro informativo.<\/a><\/span><\/span><\/p>\n<p data-reader-unique-id=\"18\"><a href=\"https:\/\/blogsaverroes.juntadeandalucia.es\/fgarcialorca\/files\/2024\/05\/actividades-extraescolares-centro-24-25.png\"><img loading=\"lazy\" decoding=\"async\" class=\"aligncenter wp-image-2308 size-large\" src=\"https:\/\/blogsaverroes.juntadeandalucia.es\/fgarcialorca\/files\/2024\/05\/actividades-extraescolares-centro-24-25-1024x715.png\" alt=\"Matriculaci\u00f3n 2024 2025. Actividades Ofertadas\" width=\"1024\" height=\"715\" srcset=\"https:\/\/blogsaverroes.juntadeandalucia.es\/fgarcialorca\/files\/2024\/05\/actividades-extraescolares-centro-24-25-1024x715.png 1024w, https:\/\/blogsaverroes.juntadeandalucia.es\/fgarcialorca\/files\/2024\/05\/actividades-extraescolares-centro-24-25-980x684.png 980w, https:\/\/blogsaverroes.juntadeandalucia.es\/fgarcialorca\/files\/2024\/05\/actividades-extraescolares-centro-24-25-480x335.png 480w\" sizes=\"(min-width: 0px) and (max-width: 480px) 480px, (min-width: 481px) and (max-width: 980px) 980px, (min-width: 981px) 1024px, 100vw\" \/><\/a><\/p>\n<p data-reader-unique-id=\"18\"><a href=\"https:\/\/blogsaverroes.juntadeandalucia.es\/fgarcialorca\/files\/2024\/05\/cuadro-actividades-extraescolars-CENTRO-2024-2025.pdf\"><span style=\"font-size: 12pt;color: #0000ff\">Cuadro de Actividades Extraescolares (PDF)<\/span><\/a><\/p>\n<p data-reader-unique-id=\"19\"><span style=\"font-size: 12pt;color: #0000ff\"><a style=\"color: #0000ff\" title=\"Dossier Actividades Extraescolares 24-25\" href=\"https:\/\/blogsaverroes.juntadeandalucia.es\/fgarcialorca\/files\/2024\/05\/dossier-actividades-extraescolares-2024-2025-cl.pdf\" target=\"_blank\" rel=\"noopener\">Documento Informativo de las Actividades Extraescolares (Dossier)<\/a><\/span><\/p>\n<h2 data-reader-unique-id=\"19\">OTROS SERVICIOS:<\/h2>\n<\/div>\n<p data-reader-unique-id=\"19\"><span style=\"font-size: 12pt\">Durante el inicio de curso 2024 2025 se podr\u00e1n solicitar <strong>servicios adicionale<\/strong>s:<\/span><\/p>\n<p data-reader-unique-id=\"19\"><span style=\"font-size: 12pt\">El <a href=\"https:\/\/blogsaverroes.juntadeandalucia.es\/fgarcialorca\/ampa\/\">AFA Mirasierra<\/a>, oferta Actividades Extraescolares a principio de curso.<\/span><\/p>\n<p data-reader-unique-id=\"19\"><a href=\"https:\/\/blogsaverroes.juntadeandalucia.es\/fgarcialorca\/files\/2024\/08\/ACTIVIDADES-OFERTADAS-AFA-MIRASIERRA.png\"><img loading=\"lazy\" decoding=\"async\" class=\"aligncenter size-large wp-image-2356\" src=\"https:\/\/blogsaverroes.juntadeandalucia.es\/fgarcialorca\/files\/2024\/08\/ACTIVIDADES-OFERTADAS-AFA-MIRASIERRA-1024x665.png\" alt=\"\" width=\"1024\" height=\"665\" srcset=\"https:\/\/blogsaverroes.juntadeandalucia.es\/fgarcialorca\/files\/2024\/08\/ACTIVIDADES-OFERTADAS-AFA-MIRASIERRA-980x636.png 980w, https:\/\/blogsaverroes.juntadeandalucia.es\/fgarcialorca\/files\/2024\/08\/ACTIVIDADES-OFERTADAS-AFA-MIRASIERRA-480x312.png 480w\" sizes=\"(min-width: 0px) and (max-width: 480px) 480px, (min-width: 481px) and (max-width: 980px) 980px, (min-width: 981px) 1024px, 100vw\" \/><\/a><\/p>\n<p data-reader-unique-id=\"19\"><span style=\"font-size: 12pt\">La empresa CL gestiona algunas de estas actividades, as\u00ed como el Aula de Espera (a la salida de clase, (de 14:00 a 15:00 &nbsp;sin comedor escolar). Por eso, estos servicios se ofertar\u00e1 y dar\u00e1n a conocer a principio de curso a todas las familias del alumnado.<\/span><\/p>\n<div data-reader-unique-id=\"69\">\n<p data-reader-unique-id=\"75\"><span style=\"font-size: 12pt\">Puede presentar la solicitud en cualquier momento, dentro del plazo establecido, en la secretar\u00eda del centro. <span style=\"color: #0000ff\"><a style=\"color: #0000ff\" href=\"https:\/\/calendar.app.google\/8Fv7TNt85HPvFbKF7\">Se recomienda pedir cita previa.<\/a><\/span><\/span><\/p>\n<\/div>\n<\/div>\n<\/div>\n<\/div>\n","protected":false},"excerpt":{"rendered":"<p>SERVICIOS ESCOLARES CURSO 2024 &#8211; 2025 PLAN DE ATENCI\u00d3N A LAS FAMILIAS PARA EL CURSO 2024 2025. Enlace a la p\u00e1gina de la Consejer\u00eda sobre estos servicios escolares. SERVICIOS OFERTADOS EN LA MATRICULACI\u00d3N: Aula Matinal (de Lunes a Viernes de 7:30 a 9:00) Comedor Escolar (De Lunes a Viernes 14:00 a 16:00) Actividades Extraescolares: De [&hellip;]<\/p>\n","protected":false},"author":17518,"featured_media":0,"parent":0,"menu_order":0,"comment_status":"closed","ping_status":"closed","template":"","meta":{"_et_pb_use_builder":"","_et_pb_old_content":"","_et_gb_content_width":"","ngg_post_thumbnail":0,"footnotes":""},"aioseo_notices":[],"_links":{"self":[{"href":"https:\/\/blogsaverroes.juntadeandalucia.es\/fgarcialorca\/wp-json\/wp\/v2\/pages\/2351"}],"collection":[{"href":"https:\/\/blogsaverroes.juntadeandalucia.es\/fgarcialorca\/wp-json\/wp\/v2\/pages"}],"about":[{"href":"https:\/\/blogsaverroes.juntadeandalucia.es\/fgarcialorca\/wp-json\/wp\/v2\/types\/page"}],"author":[{"embeddable":true,"href":"https:\/\/blogsaverroes.juntadeandalucia.es\/fgarcialorca\/wp-json\/wp\/v2\/users\/17518"}],"replies":[{"embeddable":true,"href":"https:\/\/blogsaverroes.juntadeandalucia.es\/fgarcialorca\/wp-json\/wp\/v2\/comments?post=2351"}],"version-history":[{"count":1,"href":"https:\/\/blogsaverroes.juntadeandalucia.es\/fgarcialorca\/wp-json\/wp\/v2\/pages\/2351\/revisions"}],"predecessor-version":[{"id":2357,"href":"https:\/\/blogsaverroes.juntadeandalucia.es\/fgarcialorca\/wp-json\/wp\/v2\/pages\/2351\/revisions\/2357"}],"wp:attachment":[{"href":"https:\/\/blogsaverroes.juntadeandalucia.es\/fgarcialorca\/wp-json\/wp\/v2\/media?parent=2351"}],"curies":[{"name":"wp","href":"https:\/\/api.w.org\/{rel}","templated":true}]}}