{"id":20437,"date":"2025-07-17T18:02:13","date_gmt":"2025-07-17T17:02:13","guid":{"rendered":"https:\/\/blogsaverroes.juntadeandalucia.es\/fglorca\/?page_id=20437"},"modified":"2025-07-17T18:05:03","modified_gmt":"2025-07-17T17:05:03","slug":"nuestro-centro","status":"publish","type":"page","link":"https:\/\/blogsaverroes.juntadeandalucia.es\/fglorca\/nuestro-centro\/","title":{"rendered":"NUESTRO CENTRO"},"content":{"rendered":"\t\t<div data-elementor-type=\"wp-page\" data-elementor-id=\"20437\" class=\"elementor elementor-20437\">\n\t\t\t\t\t\t<section class=\"elementor-section elementor-top-section elementor-element elementor-element-b09ed06 elementor-section-boxed elementor-section-height-default elementor-section-height-default\" data-id=\"b09ed06\" data-element_type=\"section\">\n\t\t\t\t\t\t<div class=\"elementor-container elementor-column-gap-default\">\n\t\t\t\t\t<div class=\"elementor-column elementor-col-100 elementor-top-column elementor-element elementor-element-5f8d83c\" data-id=\"5f8d83c\" data-element_type=\"column\">\n\t\t\t<div class=\"elementor-widget-wrap elementor-element-populated\">\n\t\t\t\t\t\t<div class=\"elementor-element elementor-element-7eb3d4a elementor-widget elementor-widget-text-editor\" data-id=\"7eb3d4a\" data-element_type=\"widget\" data-widget_type=\"text-editor.default\">\n\t\t\t\t<div class=\"elementor-widget-container\">\n\t\t\t\t\t\t\t\t\t<p>\u00a1Bienvenidos al CEIP Federico Garc\u00eda Lorca!<\/p><p><a href=\"https:\/\/blogsaverroes.juntadeandalucia.es\/fglorca\/files\/2025\/05\/Federico-acabado.jpeg\"><img fetchpriority=\"high\" decoding=\"async\" class=\"aligncenter size-medium wp-image-19710\" src=\"https:\/\/blogsaverroes.juntadeandalucia.es\/fglorca\/files\/2025\/05\/Federico-acabado-300x169.jpeg\" alt=\"\" width=\"300\" height=\"169\" srcset=\"https:\/\/blogsaverroes.juntadeandalucia.es\/fglorca\/files\/2025\/05\/Federico-acabado-300x169.jpeg 300w, https:\/\/blogsaverroes.juntadeandalucia.es\/fglorca\/files\/2025\/05\/Federico-acabado-1024x576.jpeg 1024w, https:\/\/blogsaverroes.juntadeandalucia.es\/fglorca\/files\/2025\/05\/Federico-acabado-768x432.jpeg 768w, https:\/\/blogsaverroes.juntadeandalucia.es\/fglorca\/files\/2025\/05\/Federico-acabado-1536x864.jpeg 1536w, https:\/\/blogsaverroes.juntadeandalucia.es\/fglorca\/files\/2025\/05\/Federico-acabado.jpeg 1600w\" sizes=\"(max-width: 300px) 100vw, 300px\" \/><\/a><br \/>El CEIP Federico Garc\u00eda Lorca, situado en Las Caba\u00f1uelas (V\u00edcar), es un centro p\u00fablico comprometido con una educaci\u00f3n de calidad, inclusiva y abierta al mundo.<br \/>Nuestro colegio es biling\u00fce, lo que significa que parte de las materias se imparten tambi\u00e9n en ingl\u00e9s, permitiendo al alumnado desarrollar sus competencias ling\u00fc\u00edsticas desde edades tempranas en un entorno din\u00e1mico y participativo.<br \/>El Colegio consta de 4 edificios y patio, todo ello vallado y con acceso del exterior por cinco puertas. El edificio principal data del a\u00f1o 1987 y consta de dos plantas; planta baja, donde se encuentran las aulas de primero y segundo, Secretar\u00eda, Jefatura de Estudios, Sala de Profesores, Direcci\u00f3n y aseos. En la primera planta se reparten las aulas de tercero y cuarto, biblioteca y aseos. Este edificio est\u00e1 ocupado por el ciclo 1\u00ba y ciclo 2\u00ba de Educaci\u00f3n Primaria. El segundo edificio construido consta de las aulas de quinto y sexto, comedor y aula matinal en 2 plantas y est\u00e1 ocupado por el tercer ciclo de primaria. En el tercer edificio se ubican las aulas de la ESO, y aseos para el 1er Ciclo de Educaci\u00f3n Secundaria Obligatoria y Biblioteca (en la antigua aula de tecnolog\u00eda) todo ello en una \u00fanica planta baja. En el 4\u00ba edificio se ubican las aulas de Educaci\u00f3n Infantil, en planta baja.<br \/>Contamos con un equipo docente implicado, que trabaja cada d\u00eda para fomentar el respeto, la creatividad, el pensamiento cr\u00edtico y la convivencia entre todos los miembros de la comunidad educativa, todo ello a trav\u00e9s de proyectos educativos innovadores y atractivos como la radio, la reforestaci\u00f3n de la sierra de G\u00e1dor, la construcci\u00f3n de casas nidos para p\u00e1ridos y murci\u00e9lagos, colaboraci\u00f3n con el Hospital de Poniente \u2026<br \/>Como parte de nuestro proyecto biling\u00fce, el alumnado ha elaborado un v\u00eddeo de presentaci\u00f3n del centro en ingl\u00e9s, donde muestran algunas de las actividades que realizamos y rincones del colegio.<br \/>\u00a1Esperamos que os guste tanto como a nosotros grabarlo!<\/p>\t\t\t\t\t\t\t\t<\/div>\n\t\t\t\t<\/div>\n\t\t\t\t\t<\/div>\n\t\t<\/div>\n\t\t\t\t\t<\/div>\n\t\t<\/section>\n\t\t\t\t<section class=\"elementor-section elementor-top-section elementor-element elementor-element-0d8ccde elementor-section-boxed elementor-section-height-default elementor-section-height-default\" data-id=\"0d8ccde\" data-element_type=\"section\">\n\t\t\t\t\t\t<div class=\"elementor-container elementor-column-gap-default\">\n\t\t\t\t\t<div class=\"elementor-column elementor-col-100 elementor-top-column elementor-element elementor-element-b4aa077\" data-id=\"b4aa077\" data-element_type=\"column\">\n\t\t\t<div class=\"elementor-widget-wrap elementor-element-populated\">\n\t\t\t\t\t\t<div class=\"elementor-element elementor-element-4414c7a elementor-widget elementor-widget-video\" data-id=\"4414c7a\" data-element_type=\"widget\" data-settings=\"{&quot;youtube_url&quot;:&quot;https:\\\/\\\/youtu.be\\\/qmb1XJQIbbM?si=I7ui4sNIoEEF6sLa&quot;,&quot;video_type&quot;:&quot;youtube&quot;,&quot;controls&quot;:&quot;yes&quot;}\" data-widget_type=\"video.default\">\n\t\t\t\t<div class=\"elementor-widget-container\">\n\t\t\t\t\t\t\t<div class=\"elementor-wrapper elementor-open-inline\">\n\t\t\t<div class=\"elementor-video\"><\/div>\t\t<\/div>\n\t\t\t\t\t\t<\/div>\n\t\t\t\t<\/div>\n\t\t\t\t\t<\/div>\n\t\t<\/div>\n\t\t\t\t\t<\/div>\n\t\t<\/section>\n\t\t\t\t<\/div>\n\t\t","protected":false},"excerpt":{"rendered":"<p>\u00a1Bienvenidos al CEIP Federico Garc\u00eda Lorca! El CEIP Federico Garc\u00eda Lorca, situado en Las Caba\u00f1uelas (V\u00edcar), es un centro p\u00fablico comprometido con una educaci\u00f3n de calidad, inclusiva y abierta al mundo. Nuestro colegio es&#46;&#46;&#46;<\/p>\n","protected":false},"author":2224,"featured_media":19712,"parent":0,"menu_order":0,"comment_status":"closed","ping_status":"closed","template":"","meta":{"ngg_post_thumbnail":0,"footnotes":"","_mc_calendar":[]},"aioseo_notices":[],"_links":{"self":[{"href":"https:\/\/blogsaverroes.juntadeandalucia.es\/fglorca\/wp-json\/wp\/v2\/pages\/20437"}],"collection":[{"href":"https:\/\/blogsaverroes.juntadeandalucia.es\/fglorca\/wp-json\/wp\/v2\/pages"}],"about":[{"href":"https:\/\/blogsaverroes.juntadeandalucia.es\/fglorca\/wp-json\/wp\/v2\/types\/page"}],"author":[{"embeddable":true,"href":"https:\/\/blogsaverroes.juntadeandalucia.es\/fglorca\/wp-json\/wp\/v2\/users\/2224"}],"replies":[{"embeddable":true,"href":"https:\/\/blogsaverroes.juntadeandalucia.es\/fglorca\/wp-json\/wp\/v2\/comments?post=20437"}],"version-history":[{"count":4,"href":"https:\/\/blogsaverroes.juntadeandalucia.es\/fglorca\/wp-json\/wp\/v2\/pages\/20437\/revisions"}],"predecessor-version":[{"id":20443,"href":"https:\/\/blogsaverroes.juntadeandalucia.es\/fglorca\/wp-json\/wp\/v2\/pages\/20437\/revisions\/20443"}],"wp:featuredmedia":[{"embeddable":true,"href":"https:\/\/blogsaverroes.juntadeandalucia.es\/fglorca\/wp-json\/wp\/v2\/media\/19712"}],"wp:attachment":[{"href":"https:\/\/blogsaverroes.juntadeandalucia.es\/fglorca\/wp-json\/wp\/v2\/media?parent=20437"}],"curies":[{"name":"wp","href":"https:\/\/api.w.org\/{rel}","templated":true}]}}

<div data-elementor-type="wp-page" data-elementor-id="20437" class="elementor elementor-20437">
						<section class="elementor-section elementor-top-section elementor-element elementor-element-b09ed06 elementor-section-boxed elementor-section-height-default elementor-section-height-default" data-id="b09ed06" data-element_type="section">
						<div class="elementor-container elementor-column-gap-default">
					<div class="elementor-column elementor-col-100 elementor-top-column elementor-element elementor-element-5f8d83c" data-id="5f8d83c" data-element_type="column">
			<div class="elementor-widget-wrap elementor-element-populated">
						<div class="elementor-element elementor-element-7eb3d4a elementor-widget elementor-widget-text-editor" data-id="7eb3d4a" data-element_type="widget" data-widget_type="text-editor.default">
				<div class="elementor-widget-container">
									<p>¡Bienvenidos al CEIP Federico García Lorca!</p><p><a href="https://blogsaverroes.juntadeandalucia.es/fglorca/files/2025/05/Federico-acabado.jpeg"><img fetchpriority="high" decoding="async" class="aligncenter size-medium wp-image-19710" src="https://blogsaverroes.juntadeandalucia.es/fglorca/files/2025/05/Federico-acabado-300x169.jpeg" alt="" width="300" height="169" srcset="https://blogsaverroes.juntadeandalucia.es/fglorca/files/2025/05/Federico-acabado-300x169.jpeg 300w, https://blogsaverroes.juntadeandalucia.es/fglorca/files/2025/05/Federico-acabado-1024x576.jpeg 1024w, https://blogsaverroes.juntadeandalucia.es/fglorca/files/2025/05/Federico-acabado-768x432.jpeg 768w, https://blogsaverroes.juntadeandalucia.es/fglorca/files/2025/05/Federico-acabado-1536x864.jpeg 1536w, https://blogsaverroes.juntadeandalucia.es/fglorca/files/2025/05/Federico-acabado.jpeg 1600w" sizes="(max-width: 300px) 100vw, 300px" /></a><br />El CEIP Federico García Lorca, situado en Las Cabañuelas (Vícar), es un centro público comprometido con una educación de calidad, inclusiva y abierta al mundo.<br />Nuestro colegio es bilingüe, lo que significa que parte de las materias se imparten también en inglés, permitiendo al alumnado desarrollar sus competencias lingüísticas desde edades tempranas en un entorno dinámico y participativo.<br />El Colegio consta de 4 edificios y patio, todo ello vallado y con acceso del exterior por cinco puertas. El edificio principal data del año 1987 y consta de dos plantas; planta baja, donde se encuentran las aulas de primero y segundo, Secretaría, Jefatura de Estudios, Sala de Profesores, Dirección y aseos. En la primera planta se reparten las aulas de tercero y cuarto, biblioteca y aseos. Este edificio está ocupado por el ciclo 1º y ciclo 2º de Educación Primaria. El segundo edificio construido consta de las aulas de quinto y sexto, comedor y aula matinal en 2 plantas y está ocupado por el tercer ciclo de primaria. En el tercer edificio se ubican las aulas de la ESO, y aseos para el 1er Ciclo de Educación Secundaria Obligatoria y Biblioteca (en la antigua aula de tecnología) todo ello en una única planta baja. En el 4º edificio se ubican las aulas de Educación Infantil, en planta baja.<br />Contamos con un equipo docente implicado, que trabaja cada día para fomentar el respeto, la creatividad, el pensamiento crítico y la convivencia entre todos los miembros de la comunidad educativa, todo ello a través de proyectos educativos innovadores y atractivos como la radio, la reforestación de la sierra de Gádor, la construcción de casas nidos para páridos y murciélagos, colaboración con el Hospital de Poniente …<br />Como parte de nuestro proyecto bilingüe, el alumnado ha elaborado un vídeo de presentación del centro en inglés, donde muestran algunas de las actividades que realizamos y rincones del colegio.<br />¡Esperamos que os guste tanto como a nosotros grabarlo!</p>								</div>
				</div>
					</div>
		</div>
					</div>
		</section>
				<section class="elementor-section elementor-top-section elementor-element elementor-element-0d8ccde elementor-section-boxed elementor-section-height-default elementor-section-height-default" data-id="0d8ccde" data-element_type="section">
						<div class="elementor-container elementor-column-gap-default">
					<div class="elementor-column elementor-col-100 elementor-top-column elementor-element elementor-element-b4aa077" data-id="b4aa077" data-element_type="column">
			<div class="elementor-widget-wrap elementor-element-populated">
						<div class="elementor-element elementor-element-4414c7a elementor-widget elementor-widget-video" data-id="4414c7a" data-element_type="widget" data-settings="{&quot;youtube_url&quot;:&quot;https:\/\/youtu.be\/qmb1XJQIbbM?si=I7ui4sNIoEEF6sLa&quot;,&quot;video_type&quot;:&quot;youtube&quot;,&quot;controls&quot;:&quot;yes&quot;}" data-widget_type="video.default">
				<div class="elementor-widget-container">
							<div class="elementor-wrapper elementor-open-inline">
			<div class="elementor-video"></div>		</div>
						</div>
				</div>
					</div>
		</div>
					</div>
		</section>
				</div>

<p>¡Bienvenidos al CEIP Federico García Lorca! El CEIP Federico García Lorca, situado en Las Cabañuelas (Vícar), es un centro público comprometido con una educación de calidad, inclusiva y abierta al mundo. Nuestro colegio es&#46;&#46;&#46;</p>
