{"id":49,"date":"2015-03-13T08:47:05","date_gmt":"2015-03-13T08:47:05","guid":{"rendered":"http:\/\/blogsaverroes.juntadeandalucia.es\/pre\/ceip\/?page_id=49"},"modified":"2026-02-24T13:12:50","modified_gmt":"2026-02-24T12:12:50","slug":"proyecto-educativo","status":"publish","type":"page","link":"https:\/\/blogsaverroes.juntadeandalucia.es\/fglorca\/proyecto-educativo\/","title":{"rendered":"Plan de Centro"},"content":{"rendered":"\t\t<div data-elementor-type=\"wp-page\" data-elementor-id=\"49\" class=\"elementor elementor-49\">\n\t\t\t\t\t\t<section class=\"elementor-section elementor-top-section elementor-element elementor-element-3bff610 elementor-section-boxed elementor-section-height-default elementor-section-height-default\" data-id=\"3bff610\" data-element_type=\"section\">\n\t\t\t\t\t\t<div class=\"elementor-container elementor-column-gap-default\">\n\t\t\t\t\t<div class=\"elementor-column elementor-col-100 elementor-top-column elementor-element elementor-element-a23258b\" data-id=\"a23258b\" data-element_type=\"column\">\n\t\t\t<div class=\"elementor-widget-wrap elementor-element-populated\">\n\t\t\t\t\t\t<div class=\"elementor-element elementor-element-70a885d elementor-widget elementor-widget-image\" data-id=\"70a885d\" data-element_type=\"widget\" data-widget_type=\"image.default\">\n\t\t\t\t<div class=\"elementor-widget-container\">\n\t\t\t\t\t\t\t\t\t\t\t\t\t\t\t\t<a href=\"https:\/\/zcovrubblfoh2zuwrlqxow.on.drv.tw\/exeweb\/PLAN_DE_CENTRO_22V2\/\" target=\"_blank\">\n\t\t\t\t\t\t\t<img fetchpriority=\"high\" decoding=\"async\" width=\"300\" height=\"241\" src=\"https:\/\/blogsaverroes.juntadeandalucia.es\/fglorca\/files\/2020\/10\/Plan-de-centro-300x241.png\" class=\"attachment-medium size-medium wp-image-6081\" alt=\"\" srcset=\"https:\/\/blogsaverroes.juntadeandalucia.es\/fglorca\/files\/2020\/10\/Plan-de-centro-300x241.png 300w, https:\/\/blogsaverroes.juntadeandalucia.es\/fglorca\/files\/2020\/10\/Plan-de-centro-24x19.png 24w, https:\/\/blogsaverroes.juntadeandalucia.es\/fglorca\/files\/2020\/10\/Plan-de-centro-36x29.png 36w, https:\/\/blogsaverroes.juntadeandalucia.es\/fglorca\/files\/2020\/10\/Plan-de-centro-48x39.png 48w, https:\/\/blogsaverroes.juntadeandalucia.es\/fglorca\/files\/2020\/10\/Plan-de-centro.png 640w\" sizes=\"(max-width: 300px) 100vw, 300px\" \/>\t\t\t\t\t\t\t\t<\/a>\n\t\t\t\t\t\t\t\t\t\t\t\t\t\t\t<\/div>\n\t\t\t\t<\/div>\n\t\t\t\t<div class=\"elementor-element elementor-element-6fd114d elementor-widget elementor-widget-text-editor\" data-id=\"6fd114d\" data-element_type=\"widget\" data-widget_type=\"text-editor.default\">\n\t\t\t\t<div class=\"elementor-widget-container\">\n\t\t\t\t\t\t\t\t\t<p data-path-to-node=\"4\">Bienvenidos al apartado de transparencia y organizaci\u00f3n de nuestro centro. Para que nuestra comunidad escolar funcione con armon\u00eda y eficacia, nos guiamos por el <b data-path-to-node=\"4\" data-index-in-node=\"162\">Plan de Centro<\/b>, un documento vivo que define qui\u00e9nes somos, qu\u00e9 queremos conseguir y c\u00f3mo nos organizamos siguiendo la normativa de la Junta de Andaluc\u00eda.<\/p><p data-path-to-node=\"5\">El Plan de Centro se divide en tres pilares fundamentales:<\/p><h3 data-path-to-node=\"6\">1. Proyecto Educativo (El \u00abQu\u00e9\u00bb y el \u00abPara qu\u00e9\u00bb)<\/h3><p data-path-to-node=\"7\">Es nuestra se\u00f1a de identidad. Aqu\u00ed se recogen nuestros valores, los objetivos acad\u00e9micos y c\u00f3mo vamos a ense\u00f1ar a nuestro alumnado.<\/p><ul data-path-to-node=\"8\"><li><p data-path-to-node=\"8,0,0\"><b data-path-to-node=\"8,0,0\" data-index-in-node=\"0\">\u00bfQu\u00e9 incluye?<\/b> Las l\u00edneas pedag\u00f3gicas, los criterios de evaluaci\u00f3n, el plan de atenci\u00f3n a la diversidad y c\u00f3mo fomentamos la convivencia y la igualdad. Es el compromiso que adquirimos para garantizar una formaci\u00f3n integral.<\/p><\/li><\/ul><h3 data-path-to-node=\"9\">2. Reglamento de Organizaci\u00f3n y Funcionamiento (ROF) (El \u00abC\u00f3mo\u00bb)<\/h3><p data-path-to-node=\"10\">Es el marco que garantiza la convivencia diaria. Si el Proyecto Educativo es el alma, el ROF es el esqueleto que sostiene la estructura.<\/p><ul data-path-to-node=\"11\"><li><p data-path-to-node=\"11,0,0\"><b data-path-to-node=\"11,0,0\" data-index-in-node=\"0\">\u00bfQu\u00e9 incluye?<\/b> Las normas de comportamiento, los cauces de participaci\u00f3n de las familias, el uso de los espacios y las funciones de cada miembro de la comunidad educativa. Su objetivo es asegurar un clima de respeto y trabajo positivo.<\/p><\/li><\/ul><h3 data-path-to-node=\"12\">3. Proyecto de Gesti\u00f3n (Los Recursos)<\/h3><p data-path-to-node=\"13\">Un centro educativo tambi\u00e9n necesita una administraci\u00f3n eficiente. Este documento detalla c\u00f3mo gestionamos los recursos econ\u00f3micos y materiales que la Consejer\u00eda pone a nuestra disposici\u00f3n.<\/p><ul data-path-to-node=\"14\"><li><p data-path-to-node=\"14,0,0\"><b data-path-to-node=\"14,0,0\" data-index-in-node=\"0\">\u00bfQu\u00e9 incluye?<\/b> El presupuesto anual, el inventario del centro y las medidas para conservar y renovar nuestras instalaciones (aulas, biblioteca, laboratorios, etc.).<\/p><\/li><\/ul><hr data-path-to-node=\"15\" \/><blockquote data-path-to-node=\"16\"><p data-path-to-node=\"16,0\"><b data-path-to-node=\"16,0\" data-index-in-node=\"0\">Nota para la comunidad:<\/b> Todos estos documentos son p\u00fablicos y est\u00e1n a disposici\u00f3n de cualquier persona interesada en conocer a fondo el funcionamiento de nuestro centro. Juntos, construimos una educaci\u00f3n de calidad.<\/p><p data-path-to-node=\"16,0\">A continuaci\u00f3n podr\u00e1 consultar cada uno de los documentos.<\/p><\/blockquote>\t\t\t\t\t\t\t\t<\/div>\n\t\t\t\t<\/div>\n\t\t\t\t<div class=\"elementor-element elementor-element-2d7948e elementor-tabs-view-horizontal elementor-widget elementor-widget-tabs\" data-id=\"2d7948e\" data-element_type=\"widget\" data-widget_type=\"tabs.default\">\n\t\t\t\t<div class=\"elementor-widget-container\">\n\t\t\t\t\t\t\t<div class=\"elementor-tabs\">\n\t\t\t<div class=\"elementor-tabs-wrapper\" role=\"tablist\" >\n\t\t\t\t\t\t\t\t\t<div id=\"elementor-tab-title-4761\" class=\"elementor-tab-title elementor-tab-desktop-title\" aria-selected=\"true\" data-tab=\"1\" role=\"tab\" tabindex=\"0\" aria-controls=\"elementor-tab-content-4761\" aria-expanded=\"false\">PLAN DE CENTRO COMPLETO<\/div>\n\t\t\t\t\t\t\t\t\t<div id=\"elementor-tab-title-4762\" class=\"elementor-tab-title elementor-tab-desktop-title\" aria-selected=\"false\" data-tab=\"2\" role=\"tab\" tabindex=\"-1\" aria-controls=\"elementor-tab-content-4762\" aria-expanded=\"false\">PROYECTO EDUCATIVO<\/div>\n\t\t\t\t\t\t\t\t\t<div id=\"elementor-tab-title-4763\" class=\"elementor-tab-title elementor-tab-desktop-title\" aria-selected=\"false\" data-tab=\"3\" role=\"tab\" tabindex=\"-1\" aria-controls=\"elementor-tab-content-4763\" aria-expanded=\"false\">ROF<\/div>\n\t\t\t\t\t\t\t\t\t<div id=\"elementor-tab-title-4764\" class=\"elementor-tab-title elementor-tab-desktop-title\" aria-selected=\"false\" data-tab=\"4\" role=\"tab\" tabindex=\"-1\" aria-controls=\"elementor-tab-content-4764\" aria-expanded=\"false\">PROYECTO DE GESTI\u00d3N<\/div>\n\t\t\t\t\t\t\t<\/div>\n\t\t\t<div class=\"elementor-tabs-content-wrapper\" role=\"tablist\" aria-orientation=\"vertical\">\n\t\t\t\t\t\t\t\t\t<div class=\"elementor-tab-title elementor-tab-mobile-title\" aria-selected=\"true\" data-tab=\"1\" role=\"tab\" tabindex=\"0\" aria-controls=\"elementor-tab-content-4761\" aria-expanded=\"false\">PLAN DE CENTRO COMPLETO<\/div>\n\t\t\t\t\t<div id=\"elementor-tab-content-4761\" class=\"elementor-tab-content elementor-clearfix\" data-tab=\"1\" role=\"tabpanel\" aria-labelledby=\"elementor-tab-title-4761\" tabindex=\"0\" hidden=\"false\"><p>\u00a0<\/p><p>\u00a0<\/p><p>\u00a0<\/p><p>\u00a0<\/p><p>\u00a0<\/p><p style=\"text-align: center\"><a href=\"https:\/\/plandecentro.fglorca.es\/\" target=\"_blank\" rel=\"noopener\">Pulsa aqu\u00ed para ver el Plan de Centro completo<\/a><\/p><\/div>\n\t\t\t\t\t\t\t\t\t<div class=\"elementor-tab-title elementor-tab-mobile-title\" aria-selected=\"false\" data-tab=\"2\" role=\"tab\" tabindex=\"-1\" aria-controls=\"elementor-tab-content-4762\" aria-expanded=\"false\">PROYECTO EDUCATIVO<\/div>\n\t\t\t\t\t<div id=\"elementor-tab-content-4762\" class=\"elementor-tab-content elementor-clearfix\" data-tab=\"2\" role=\"tabpanel\" aria-labelledby=\"elementor-tab-title-4762\" tabindex=\"0\" hidden=\"hidden\"><p><a href=\"https:\/\/plandecentro.fglorca.es\/html\/proyecto-educativo.html\" target=\"_blank\" rel=\"noopener\">VER PROYECTO EDUCATIVO<\/a><\/p><\/div>\n\t\t\t\t\t\t\t\t\t<div class=\"elementor-tab-title elementor-tab-mobile-title\" aria-selected=\"false\" data-tab=\"3\" role=\"tab\" tabindex=\"-1\" aria-controls=\"elementor-tab-content-4763\" aria-expanded=\"false\">ROF<\/div>\n\t\t\t\t\t<div id=\"elementor-tab-content-4763\" class=\"elementor-tab-content elementor-clearfix\" data-tab=\"3\" role=\"tabpanel\" aria-labelledby=\"elementor-tab-title-4763\" tabindex=\"0\" hidden=\"hidden\"><p><a href=\"https:\/\/plandecentro.fglorca.es\/html\/reglamento-de-organizaci%C3%93n-y-funcionamiento-rof.html\" target=\"_blank\" rel=\"noopener\">Pulsa aqu\u00ed para ver el Reglamento de Organizaci\u00f3n y Funcionamiento<\/a><\/p><\/div>\n\t\t\t\t\t\t\t\t\t<div class=\"elementor-tab-title elementor-tab-mobile-title\" aria-selected=\"false\" data-tab=\"4\" role=\"tab\" tabindex=\"-1\" aria-controls=\"elementor-tab-content-4764\" aria-expanded=\"false\">PROYECTO DE GESTI\u00d3N<\/div>\n\t\t\t\t\t<div id=\"elementor-tab-content-4764\" class=\"elementor-tab-content elementor-clearfix\" data-tab=\"4\" role=\"tabpanel\" aria-labelledby=\"elementor-tab-title-4764\" tabindex=\"0\" hidden=\"hidden\"><p><a href=\"https:\/\/zcovrubblfoh2zuwrlqxow.on.drv.tw\/exeweb\/PLAN_DE_CENTRO_22V2\/reglamento_de_organizacin_y_funcionamiento_rof.html\" target=\"_blank\" rel=\"noopener\">Pulsa aqu\u00ed para ver el Proyecto de Gesti\u00f3n.<\/a><\/p><\/div>\n\t\t\t\t\t\t\t<\/div>\n\t\t<\/div>\n\t\t\t\t\t\t<\/div>\n\t\t\t\t<\/div>\n\t\t\t\t\t<\/div>\n\t\t<\/div>\n\t\t\t\t\t<\/div>\n\t\t<\/section>\n\t\t\t\t<\/div>\n\t\t","protected":false},"excerpt":{"rendered":"<p>Bienvenidos al apartado de transparencia y organizaci\u00f3n de nuestro centro. Para que nuestra comunidad escolar funcione con armon\u00eda y eficacia, nos guiamos por el Plan de Centro, un documento vivo que define qui\u00e9nes somos,&#46;&#46;&#46;<\/p>\n","protected":false},"author":1,"featured_media":6081,"parent":0,"menu_order":0,"comment_status":"open","ping_status":"open","template":"","meta":{"ngg_post_thumbnail":0,"footnotes":"","_mc_calendar":[]},"aioseo_notices":[],"_links":{"self":[{"href":"https:\/\/blogsaverroes.juntadeandalucia.es\/fglorca\/wp-json\/wp\/v2\/pages\/49"}],"collection":[{"href":"https:\/\/blogsaverroes.juntadeandalucia.es\/fglorca\/wp-json\/wp\/v2\/pages"}],"about":[{"href":"https:\/\/blogsaverroes.juntadeandalucia.es\/fglorca\/wp-json\/wp\/v2\/types\/page"}],"author":[{"embeddable":true,"href":"https:\/\/blogsaverroes.juntadeandalucia.es\/fglorca\/wp-json\/wp\/v2\/users\/1"}],"replies":[{"embeddable":true,"href":"https:\/\/blogsaverroes.juntadeandalucia.es\/fglorca\/wp-json\/wp\/v2\/comments?post=49"}],"version-history":[{"count":4,"href":"https:\/\/blogsaverroes.juntadeandalucia.es\/fglorca\/wp-json\/wp\/v2\/pages\/49\/revisions"}],"predecessor-version":[{"id":21366,"href":"https:\/\/blogsaverroes.juntadeandalucia.es\/fglorca\/wp-json\/wp\/v2\/pages\/49\/revisions\/21366"}],"wp:featuredmedia":[{"embeddable":true,"href":"https:\/\/blogsaverroes.juntadeandalucia.es\/fglorca\/wp-json\/wp\/v2\/media\/6081"}],"wp:attachment":[{"href":"https:\/\/blogsaverroes.juntadeandalucia.es\/fglorca\/wp-json\/wp\/v2\/media?parent=49"}],"curies":[{"name":"wp","href":"https:\/\/api.w.org\/{rel}","templated":true}]}}