{"id":77,"date":"2015-03-16T06:54:56","date_gmt":"2015-03-16T06:54:56","guid":{"rendered":"http:\/\/blogsaverroes.juntadeandalucia.es\/pre\/ceip\/?page_id=77"},"modified":"2016-09-12T19:44:56","modified_gmt":"2016-09-12T19:44:56","slug":"secretaria","status":"publish","type":"page","link":"https:\/\/blogsaverroes.juntadeandalucia.es\/fglorca\/secretaria\/","title":{"rendered":"Secretar\u00eda"},"content":{"rendered":"<p>&nbsp;<\/p>\n<div class=\"post-entry\">\n<h2>Horario de Secretar\u00eda:<\/h2>\n<p>De 10 a 11:15 de la ma\u00f1ana de lunes a viernes. Fuera de este horario no se pueden realizar tr\u00e1mites administrativos.<\/p>\n<\/div>\n<h2>Tr\u00e1mites Disponibles:<\/h2>\n<h2>Documentaci\u00f3n:<\/h2>\n<div class=\"post-entry\">\n<h2>Contacto:<\/h2>\n<ul>\n<li>Por tel\u00e9fono: 950156895<\/li>\n<li>Fax: 950156897<\/li>\n<li>Cuestiones generales: <a href=\"mailto:biblioteca@fglorca.es\" target=\"_parent\">04601701.edu@juntadeandalucia.es<\/a><\/li>\n<li>Director: <a href=\"mailto:direccion@fglorca.es\" target=\"_blank\">direccion@fglorca.es<\/a><\/li>\n<li>Jefa de Estudios: <a href=\"mailto:jefaturadeestudios@fglorca.es\" target=\"_blank\">jefaturadeestudios@fglorca.es<\/a><\/li>\n<li>Secretario: <a href=\"mailto:secretaria@fglorca.es\" target=\"_blank\">secretaria@fglorca.es<\/a><\/li>\n<li>Coordinador TIC: <a href=\"mailto:agustin@fglorca.es\" target=\"_blank\">agustin@fglorca.es<\/a><\/li>\n<li>Coordinadora de Biblioteca: <a href=\"mailto:biblioteca@fglorca.es\" target=\"_blank\">biblioteca@fglorca.es<\/a><\/li>\n<\/ul>\n<h1><a href=\"http:\/\/blogsaverroes.juntadeandalucia.es\/fglorca\/files\/2016\/03\/ipasen.png\"><img decoding=\"async\" class=\"  wp-image-3374 alignleft\" src=\"http:\/\/blogsaverroes.juntadeandalucia.es\/fglorca\/files\/2016\/03\/ipasen.png\" alt=\"ipasen\" width=\"60\" height=\"60\" srcset=\"https:\/\/blogsaverroes.juntadeandalucia.es\/fglorca\/files\/2016\/03\/ipasen.png 1024w, https:\/\/blogsaverroes.juntadeandalucia.es\/fglorca\/files\/2016\/03\/ipasen-150x150.png 150w, https:\/\/blogsaverroes.juntadeandalucia.es\/fglorca\/files\/2016\/03\/ipasen-300x300.png 300w, https:\/\/blogsaverroes.juntadeandalucia.es\/fglorca\/files\/2016\/03\/ipasen-100x100.png 100w, https:\/\/blogsaverroes.juntadeandalucia.es\/fglorca\/files\/2016\/03\/ipasen-160x160.png 160w, https:\/\/blogsaverroes.juntadeandalucia.es\/fglorca\/files\/2016\/03\/ipasen-50x50.png 50w\" sizes=\"(max-width: 60px) 100vw, 60px\" \/><\/a>Pasen:<\/h1>\n<p>Si eres padre\/madre de Centro, puedes tener mucha informaci\u00f3n mediante el programa <a title=\"Pasen\" href=\"http:\/\/www.juntadeandalucia.es\/educacion\/portalseneca\/web\/pasen\/inicio\" target=\"_blank\">PASEN. (Pulsa aqu\u00ed para saber m\u00e1s)<\/a><\/p>\n<h1>Correo:<\/h1>\n<p>CEIP Federico Garc\u00eda Lorca. Avd. Federico Garc\u00eda Lorca n\u00ba 110. 04738. Las Caba\u00f1uelas. V\u00edcar. Almer\u00eda.<\/p>\n<\/div>\n<p>&nbsp;<\/p>\n","protected":false},"excerpt":{"rendered":"<p>&nbsp; Horario de Secretar\u00eda: De 10 a 11:15 de la ma\u00f1ana de lunes a viernes. Fuera de este horario no se pueden realizar tr\u00e1mites administrativos. Tr\u00e1mites Disponibles: Documentaci\u00f3n: Contacto: Por tel\u00e9fono: 950156895 Fax: 950156897&#46;&#46;&#46;<\/p>\n","protected":false},"author":1,"featured_media":0,"parent":0,"menu_order":0,"comment_status":"open","ping_status":"open","template":"page-templates\/child-menu.php","meta":{"ngg_post_thumbnail":0,"footnotes":"","_mc_calendar":[]},"aioseo_notices":[],"_links":{"self":[{"href":"https:\/\/blogsaverroes.juntadeandalucia.es\/fglorca\/wp-json\/wp\/v2\/pages\/77"}],"collection":[{"href":"https:\/\/blogsaverroes.juntadeandalucia.es\/fglorca\/wp-json\/wp\/v2\/pages"}],"about":[{"href":"https:\/\/blogsaverroes.juntadeandalucia.es\/fglorca\/wp-json\/wp\/v2\/types\/page"}],"author":[{"embeddable":true,"href":"https:\/\/blogsaverroes.juntadeandalucia.es\/fglorca\/wp-json\/wp\/v2\/users\/1"}],"replies":[{"embeddable":true,"href":"https:\/\/blogsaverroes.juntadeandalucia.es\/fglorca\/wp-json\/wp\/v2\/comments?post=77"}],"version-history":[{"count":8,"href":"https:\/\/blogsaverroes.juntadeandalucia.es\/fglorca\/wp-json\/wp\/v2\/pages\/77\/revisions"}],"predecessor-version":[{"id":3506,"href":"https:\/\/blogsaverroes.juntadeandalucia.es\/fglorca\/wp-json\/wp\/v2\/pages\/77\/revisions\/3506"}],"wp:attachment":[{"href":"https:\/\/blogsaverroes.juntadeandalucia.es\/fglorca\/wp-json\/wp\/v2\/media?parent=77"}],"curies":[{"name":"wp","href":"https:\/\/api.w.org\/{rel}","templated":true}]}}