{"id":410,"date":"2019-01-22T23:47:28","date_gmt":"2019-01-22T23:47:28","guid":{"rendered":"https:\/\/fjalvarezjimenez.wordpress.com\/?page_id=410"},"modified":"2019-01-22T23:47:28","modified_gmt":"2019-01-22T23:47:28","slug":"feria-de-la-ciencia","status":"publish","type":"page","link":"https:\/\/blogsaverroes.juntadeandalucia.es\/fjavieralvarezjimenez\/feria-de-la-ciencia\/","title":{"rendered":"Feria de la Ciencia"},"content":{"rendered":"<p>La Feria de la Ciencia es un proyecto educativo y cultural organizado por la Sociedad Andaluza para la Divulgaci\u00f3n de la Ciencia , la Fundaci\u00f3n Descubre y el Centro del Profesorado de Sevilla.<\/p>\n\n<p>Su finalidad es crear un espacio que permita el intercambio, la divulgaci\u00f3n y la comunicaci\u00f3n de conocimientos cient\u00edficos, en la que los actores-divulgadores son los alumnos y alumnas de los centros educativos, el profesorado de las universidades y el personal de los centros de investigaci\u00f3n y de las empresas innovadoras. El desarrollo de esta idea pretende alcanzar los siguientes objetivos:<\/p>\n\n<ul><li>Potenciar la divulgaci\u00f3n y la comunicaci\u00f3n social de la ciencia.<\/li><li>Dinamizar la ense\u00f1anza de las ciencias, incorporando metodolog\u00edas activas e investigativas en las programaciones de aula.<\/li><li>Contribuir al desarrollo de vocaciones cient\u00edficas mediante un planteamiento activo y pr\u00e1ctico de la ense\u00f1anza de las ciencias y el contacto con investigadores\/as en activo.<\/li><li>Fomentar el esp\u00edritu innovador y emprendedor entre el alumnado participante.<\/li><\/ul>\n\n<p class=\"has-small-font-size\">Fuente: http:\/\/www.feriadelaciencia.org\/objetivos\/<\/p>\n\n<hr class=\"wp-block-separator\" \/>\n\n<p>Participaci\u00f3n de nuestro colegio en el Curso 2018\/19:<\/p>\n\n<figure class=\"wp-block-embed-youtube wp-block-embed is-type-video is-provider-youtube wp-embed-aspect-16-9 wp-has-aspect-ratio\"><div class=\"wp-block-embed__wrapper\">https:\/\/www.youtube.com\/watch?v=VQEIwrAn0PU<\/div><figcaption>Prepaci\u00f3n Feria de la Ciencia 2018 &#8211; CEIP Carlos V<br \/><br \/><a href=\"https:\/\/docs.google.com\/presentation\/d\/1r0X_oJO-KIuIkJT26eCFK27vwS7k5SsIXVeUxqh6-g8\/edit?usp=sharing\">Reuni\u00f3n inicial padres y madres 2019.<\/a><\/figcaption><\/figure>","protected":false},"excerpt":{"rendered":"<p>La Feria de la Ciencia es un proyecto educativo y cultural organizado por la Sociedad Andaluza para la Divulgaci\u00f3n de la Ciencia , la Fundaci\u00f3n Descubre y el Centro del Profesorado de Sevilla. Su finalidad es crear un espacio que permita el intercambio, la divulgaci\u00f3n y la comunicaci\u00f3n de conocimientos cient\u00edficos, en la que los [&hellip;]<\/p>\n","protected":false},"author":6095,"featured_media":0,"parent":0,"menu_order":0,"comment_status":"closed","ping_status":"closed","template":"","meta":{"ngg_post_thumbnail":0,"footnotes":""},"aioseo_notices":[],"_links":{"self":[{"href":"https:\/\/blogsaverroes.juntadeandalucia.es\/fjavieralvarezjimenez\/wp-json\/wp\/v2\/pages\/410"}],"collection":[{"href":"https:\/\/blogsaverroes.juntadeandalucia.es\/fjavieralvarezjimenez\/wp-json\/wp\/v2\/pages"}],"about":[{"href":"https:\/\/blogsaverroes.juntadeandalucia.es\/fjavieralvarezjimenez\/wp-json\/wp\/v2\/types\/page"}],"author":[{"embeddable":true,"href":"https:\/\/blogsaverroes.juntadeandalucia.es\/fjavieralvarezjimenez\/wp-json\/wp\/v2\/users\/6095"}],"replies":[{"embeddable":true,"href":"https:\/\/blogsaverroes.juntadeandalucia.es\/fjavieralvarezjimenez\/wp-json\/wp\/v2\/comments?post=410"}],"version-history":[{"count":0,"href":"https:\/\/blogsaverroes.juntadeandalucia.es\/fjavieralvarezjimenez\/wp-json\/wp\/v2\/pages\/410\/revisions"}],"wp:attachment":[{"href":"https:\/\/blogsaverroes.juntadeandalucia.es\/fjavieralvarezjimenez\/wp-json\/wp\/v2\/media?parent=410"}],"curies":[{"name":"wp","href":"https:\/\/api.w.org\/{rel}","templated":true}]}}

<p>La Feria de la Ciencia es un proyecto educativo y cultural organizado por la Sociedad Andaluza para la Divulgación de la Ciencia , la Fundación Descubre y el Centro del Profesorado de Sevilla.</p>

<p>Su finalidad es crear un espacio que permita el intercambio, la divulgación y la comunicación de conocimientos científicos, en la que los actores-divulgadores son los alumnos y alumnas de los centros educativos, el profesorado de las universidades y el personal de los centros de investigación y de las empresas innovadoras. El desarrollo de esta idea pretende alcanzar los siguientes objetivos:</p>

<ul><li>Potenciar la divulgación y la comunicación social de la ciencia.</li><li>Dinamizar la enseñanza de las ciencias, incorporando metodologías activas e investigativas en las programaciones de aula.</li><li>Contribuir al desarrollo de vocaciones científicas mediante un planteamiento activo y práctico de la enseñanza de las ciencias y el contacto con investigadores/as en activo.</li><li>Fomentar el espíritu innovador y emprendedor entre el alumnado participante.</li></ul>

<p class="has-small-font-size">Fuente: http://www.feriadelaciencia.org/objetivos/</p>

<hr class="wp-block-separator" />

<p>Participación de nuestro colegio en el Curso 2018/19:</p>

<figure class="wp-block-embed-youtube wp-block-embed is-type-video is-provider-youtube wp-embed-aspect-16-9 wp-has-aspect-ratio"><div class="wp-block-embed__wrapper">https://www.youtube.com/watch?v=VQEIwrAn0PU</div><figcaption>Prepación Feria de la Ciencia 2018 &#8211; CEIP Carlos V<br /><br /><a href="https://docs.google.com/presentation/d/1r0X_oJO-KIuIkJT26eCFK27vwS7k5SsIXVeUxqh6-g8/edit?usp=sharing">Reunión inicial padres y madres 2019.</a></figcaption></figure>

<p>La Feria de la Ciencia es un proyecto educativo y cultural organizado por la Sociedad Andaluza para la Divulgación de la Ciencia , la Fundación Descubre y el Centro del Profesorado de Sevilla. Su finalidad es crear un espacio que permita el intercambio, la divulgación y la comunicación de conocimientos científicos, en la que los [&hellip;]</p>
