{"id":473,"date":"2019-01-23T06:58:18","date_gmt":"2019-01-23T06:58:18","guid":{"rendered":"https:\/\/fjalvarezjimenez.wordpress.com\/?page_id=473"},"modified":"2019-01-23T06:58:18","modified_gmt":"2019-01-23T06:58:18","slug":"webs-ludicas","status":"publish","type":"page","link":"https:\/\/blogsaverroes.juntadeandalucia.es\/fjavieralvarezjimenez\/webs-ludicas\/","title":{"rendered":"Webs l\u00fadicas"},"content":{"rendered":"\n<h1 class=\"wp-block-heading\"><a href=\"https:\/\/www.blog.andaluciaesdigital.es\/plataformas-educativas-online-ninos\/\">10 PLATAFORMAS EDUCATIVAS ONLINE PARA APRENDER JUGANDO\t<\/a><\/h1>\n\n\n\n<figure class=\"wp-block-image\"><img decoding=\"async\" src=\"https:\/\/www.blog.andaluciaesdigital.es\/wp-content\/uploads\/2018\/02\/aprenderjugando1024x512px-800x400.png\" alt=\"10 plataformas educativas online para aprender jugando\" \/><\/figure>\n\n\n\n<p>\u00bfBuscas recursos educativos para dinamizar tus clases o ense\u00f1ar a tu hijo matem\u00e1ticas, lengua, ingl\u00e9s o cualquier otra materia de una forma divertida e interactiva? La respuesta est\u00e1 en Internet y en estas 10 plataformas educativas online para aprender jugando \u00bfest\u00e1s preparado?<\/p>\n\n\n\n<p>Art\u00edculos relacionados:<\/p>\n\n\n\n<ul><li><a href=\"https:\/\/www.blog.andaluciaesdigital.es\/mejores-videojuegos-educativos\/\" target=\"_blank\" rel=\"noreferrer noopener\">Top de videojuegos educativos para ni\u00f1os<\/a><\/li><li><a href=\"https:\/\/www.blog.andaluciaesdigital.es\/ciberseguridad-para-ninos\/\" target=\"_blank\" rel=\"noreferrer noopener\">Ciberseguridad para ni\u00f1os: Juegos que les ense\u00f1an a protegerse en Internet<\/a><\/li><\/ul>\n\n\n\n<h2 class=\"wp-block-heading\">Ventajas de las plataformas educativas online<\/h2>\n\n\n\n<p>Las nuevas tecnolog\u00edas han cambiado sustancialmente la manera en la que nos acercamos al conocimiento. Tel\u00e9fonos m\u00f3viles, tabletas o nuestros tradicionales PC se han convertido en una fant\u00e1stica herramienta para acceder a nuevos conocimientos y hacerlo online y de una forma divertida. \u00bfSabes cu\u00e1les son las ventajas de las plataformas educativas online?<\/p>\n\n\n\n<ul><li>Te permiten acceder a miles de recursos educativos de forma gratuita.<\/li><li>Los cursos y las actividades est\u00e1n supervisadas por expertos en educaci\u00f3n y adaptadas para cada una de las etapas del aprendizaje de los menores.<\/li><li>Se presentan en un formato con el que los ni\u00f1os ya est\u00e1n familiarizados: los tel\u00e9fonos m\u00f3viles y las tabletas por lo que tambi\u00e9n se fomenta un uso educativo (y no solo l\u00fadico) de estos dispositivos.<\/li><li>Ofrecen la posibilidad de acceder a conocimientos centrados en las nuevas tecnolog\u00edas como programaci\u00f3n, rob\u00f3tica o ciberseguridad.<\/li><li>Permiten a padres y profesores disponer de recursos interactivos con los que amenizar el aprendizaje o hacer las clases m\u00e1s interactivas.&nbsp;<a href=\"https:\/\/www.blog.andaluciaesdigital.es\/apps-para-profesores\/\" target=\"_blank\" rel=\"noreferrer noopener\">\u00bfConoces estas APPs especialmente dise\u00f1adas para profesores?<\/a><\/li><li>Refuerzan los conocimientos aprendidos en clase y lo hacen desde una perspectiva l\u00fadica para fomentar un aprendizaje divertido e interactivo.<\/li><li>Introducen formatos en los que el ni\u00f1o es protagonista de aventuras o de retos online lo que beneficia la experiencia de aprendizaje<\/li><li>Y sobre todo, son divertidas y permiten conseguir el objetivo de aprender jugando.<\/li><\/ul>\n\n\n\n<p><a href=\"https:\/\/twitter.com\/intent\/tweet?url=https:\/\/www.blog.andaluciaesdigital.es\/?p=8803&amp;text=8%20ventajas%20de%20las%20plataformas%20educativas%20online%20para%20el%20aprendizaje%20de%20tu%20hij%40&amp;via=AndaluciaDig&amp;related=AndaluciaDig\" target=\"_blank\" rel=\"noreferrer noopener\">8 ventajas de las plataformas educativas online para el aprendizaje de tu hij@<\/a><a href=\"https:\/\/twitter.com\/intent\/tweet?url=https:\/\/www.blog.andaluciaesdigital.es\/?p=8803&amp;text=8%20ventajas%20de%20las%20plataformas%20educativas%20online%20para%20el%20aprendizaje%20de%20tu%20hij%40&amp;via=AndaluciaDig&amp;related=AndaluciaDig\" target=\"_blank\" rel=\"noreferrer noopener\">\ufeffCLIC PARA TUITEAR<\/a><\/p>\n\n\n\n<h2 class=\"wp-block-heading\">10 plataformas educativas para aprender jugando<\/h2>\n\n\n\n<p>Ahora que ya conoces las ventajas de la formaci\u00f3n online para ni\u00f1os, toca encontrar los recursos web que pueden serte de utilidad \u00bfConoces estas plataformas educativas online para aprender jugando? Esta listado te interesa:<\/p>\n\n\n\n<h3 class=\"wp-block-heading\">1- Mundo primaria<\/h3>\n\n\n\n<p>Una de las grandes referencias cuando hablamos de plataformas educativas online para ni\u00f1os. Mundo primaria te ofrece cientos de recursos y juegos TIC para favorecer el aprendizaje de asignaturas como matem\u00e1ticas, lengua, idiomas, conocimiento del medio\u2026 De la misma manera, este web te ofrece la opci\u00f3n de descargar e imprimir fichas para colorear o para hacer ejercicios. Accede a Mundo primaria&nbsp;<a href=\"https:\/\/www.mundoprimaria.com\/\" target=\"_blank\" rel=\"noreferrer noopener\">en este enlace<\/a>.<\/p>\n\n\n\n<div class=\"wp-block-image\"><figure class=\"alignleft\"><img decoding=\"async\" src=\"https:\/\/www.blog.andaluciaesdigital.es\/wp-content\/uploads\/2018\/02\/mundorpimaria.jpg\" alt=\"\" class=\"wp-image-8808\" \/><\/figure><\/div>\n\n\n\n<p><a href=\"https:\/\/www.blog.andaluciaesdigital.es\/wp-content\/uploads\/2018\/02\/mundorpimaria.jpg\"><\/a><\/p>\n\n\n\n<h3 class=\"wp-block-heading\">2- Childtopia<\/h3>\n\n\n\n<p>Dentro de las m\u00faltiples opciones de plataformas educativas online que puedes encontrar en Internet, Childtopia est\u00e1 especializada en juegos y recursos online para ni\u00f1os de educaci\u00f3n Infantil y Primaria. En esta web puedes acceder a tutoriales en v\u00eddeo para hacer manualidades, puzzles interactivos, adivinanzas\u2026 Accede a Childtopia&nbsp;<a href=\"http:\/\/childtopia.com\/index.php\" target=\"_blank\" rel=\"noreferrer noopener\">en este enlace.<\/a><\/p>\n\n\n\n<div class=\"wp-block-image\"><figure class=\"alignleft\"><img decoding=\"async\" src=\"https:\/\/www.blog.andaluciaesdigital.es\/wp-content\/uploads\/2018\/02\/childtopia.jpg\" alt=\"\" class=\"wp-image-8809\" \/><\/figure><\/div>\n\n\n\n<p><a href=\"https:\/\/www.blog.andaluciaesdigital.es\/wp-content\/uploads\/2018\/02\/childtopia.jpg\"><\/a><\/p>\n\n\n\n<h3 class=\"wp-block-heading\">3- Smartick<\/h3>\n\n\n\n<p>\u00bfTu hijo tiene problemas con las matem\u00e1ticas? Smartick es una plataforma educativa nacida en Espa\u00f1a que tiene como objetivo facilitar la comprensi\u00f3n num\u00e9rica y explicar desde un punto de vista interactivo todo lo relacionado con las operaciones matem\u00e1ticas. Est\u00e1 recomendada para escolares entre 4 y 14 a\u00f1os. El registro es gratuito y puedes acceder a Smartick&nbsp;<a href=\"http:\/\/lp.smartick.es\/matematicas-online\/?utm_expid=.3BHT76oyShemku-lLW8k8Q.1&amp;utm_referrer=\" target=\"_blank\" rel=\"noreferrer noopener\">en este enlace<\/a>.<\/p>\n\n\n\n<div class=\"wp-block-image\"><figure class=\"alignleft\"><img decoding=\"async\" src=\"https:\/\/www.blog.andaluciaesdigital.es\/wp-content\/uploads\/2018\/02\/smartick.jpg\" alt=\"\" class=\"wp-image-8810\" \/><\/figure><\/div>\n\n\n\n<p><a href=\"https:\/\/www.blog.andaluciaesdigital.es\/wp-content\/uploads\/2018\/02\/smartick.jpg\"><\/a><\/p>\n\n\n\n<h3 class=\"wp-block-heading\">4- Little Smart Planet<\/h3>\n\n\n\n<p>Centrada tanto en los alumnos de Primaria, como en los de Secundaria. Little Smart Planet es una de las plataformas educativas en las que puedes acceder a m\u00e1s de medio centenar de juegos online para repasar a diario y de una forma divertida asignaturas como ingl\u00e9s, matem\u00e1ticas o lengua. Si tu hijo ya cursa estudios de la ESO dispones de la aplicaci\u00f3n Quest Hero con la que llevar\u00e1 el d\u00eda materias como matem\u00e1ticas, biolog\u00eda, lengua y literatura, f\u00edsica y qu\u00edmica y geograf\u00eda e historia. Accede a Little Smart Planet&nbsp;<a href=\"http:\/\/www.littlesmartplanet.com\/\" target=\"_blank\" rel=\"noreferrer noopener\">en este enlace<\/a>.<\/p>\n\n\n\n<div class=\"wp-block-image\"><figure class=\"alignleft\"><img decoding=\"async\" src=\"https:\/\/www.blog.andaluciaesdigital.es\/wp-content\/uploads\/2018\/02\/smartplanet.jpg\" alt=\"\" class=\"wp-image-8817\" \/><\/figure><\/div>\n\n\n\n<p><a href=\"https:\/\/www.blog.andaluciaesdigital.es\/wp-content\/uploads\/2018\/02\/smartplanet.jpg\"><\/a><\/p>\n\n\n\n<h3 class=\"wp-block-heading\">5- Code.org<\/h3>\n\n\n\n<p>En esta selecci\u00f3n de plataformas educativas online no solo nos vamos a centrar en las asignaturas tradicionales de Primaria y Secundarias, sino tambi\u00e9n en aquellas nuevas materias que van a ser indispensables para el futuro m\u00e1s inmediato. Code.org est\u00e1 especializada en la programaci\u00f3n para ni\u00f1os a trav\u00e9s de sencillos juegos y trucos que le ayudar\u00e1n a conocer poco a poco el lenguaje inform\u00e1tico. Accede a Code.org&nbsp;<a href=\"https:\/\/code.org\/\" target=\"_blank\" rel=\"noreferrer noopener\">en este enlace.&nbsp;<\/a>\u00bf<strong>Conoces la ventajas de la programaci\u00f3n para ni\u00f1os y otras plataformas para aprender c\u00f3digo?<\/strong>&nbsp;<a href=\"https:\/\/www.blog.andaluciaesdigital.es\/programacion-para-ninos-beneficios-y-claves-para-comenzar\/\" target=\"_blank\" rel=\"noreferrer noopener\">Mira este enlace.&nbsp;<\/a><\/p>\n\n\n\n<div class=\"wp-block-image\"><figure class=\"alignleft\"><img decoding=\"async\" src=\"https:\/\/www.blog.andaluciaesdigital.es\/wp-content\/uploads\/2018\/02\/code2.jpg\" alt=\"\" class=\"wp-image-8811\" \/><\/figure><\/div>\n\n\n\n<p><a href=\"https:\/\/www.blog.andaluciaesdigital.es\/wp-content\/uploads\/2018\/02\/code2.jpg\"><\/a><\/p>\n\n\n\n<h3 class=\"wp-block-heading\">6- Cerebriti<\/h3>\n\n\n\n<p>Para todas las edades y con una amplia variedad de asignaturas y disciplinas. Cerebriti es una de las plataformas educativas online que apuesta por las ventajas de los juegos interactivos para reforzar y aprender materias escolares desde una perspectiva de competici\u00f3n en l\u00ednea. De la misma manera, incluye otras tem\u00e1ticas como cine, televisi\u00f3n, deportes y ocio con los que se pueden plantear partidas online para toda la familia. Accede a Cerebriti&nbsp;<a href=\"https:\/\/www.cerebriti.com\/\" target=\"_blank\" rel=\"noreferrer noopener\">en este enlace<\/a>.<\/p>\n\n\n\n<div class=\"wp-block-image\"><figure class=\"alignleft\"><img decoding=\"async\" src=\"https:\/\/www.blog.andaluciaesdigital.es\/wp-content\/uploads\/2018\/02\/cerebriti.jpg\" alt=\"\" class=\"wp-image-8812\" \/><\/figure><\/div>\n\n\n\n<p><a href=\"https:\/\/www.blog.andaluciaesdigital.es\/wp-content\/uploads\/2018\/02\/cerebriti.jpg\"><\/a><\/p>\n\n\n\n<h3 class=\"wp-block-heading\">7- Smile and Learn<\/h3>\n\n\n\n<p>Sonr\u00ede y aprende (Smile and Learn) refleja muy bien el objetivo de este listado de plataformas educativas online. En esta p\u00e1ginas puedes descargarte la aplicaci\u00f3n m\u00f3vil para smartphones y tablets y acceder a un buen n\u00famero de recursos para que tu hijo aprenda mientras juega. Desde una biblioteca inteligente con cuentos online en un entorno seguro, hasta recursos y consejos para padres y educadores de ni\u00f1os entre 6 y 11 a\u00f1os. Accede a Smile and Learn&nbsp;<a href=\"http:\/\/smileandlearn.com\/es\/\" target=\"_blank\" rel=\"noreferrer noopener\">en este enlace.<\/a><\/p>\n\n\n\n<div class=\"wp-block-image\"><figure class=\"alignleft\"><img decoding=\"async\" src=\"https:\/\/www.blog.andaluciaesdigital.es\/wp-content\/uploads\/2018\/02\/smileandlearn.jpg\" alt=\"\" class=\"wp-image-8813\" \/><\/figure><\/div>\n\n\n\n<p><a href=\"https:\/\/www.blog.andaluciaesdigital.es\/wp-content\/uploads\/2018\/02\/smileandlearn.jpg\"><\/a><\/p>\n\n\n\n<h3 class=\"wp-block-heading\">8- Cristic<\/h3>\n\n\n\n<p>Otra de las opciones para que tu hijo aprenda jugando y de forma interactiva es Cristic, una de las plataformas educativas online que apuestan por el juego como veh\u00edculo para el aprendizaje. En esta p\u00e1gina puedes encontrar m\u00e1s de 500 opciones, clasificadas por materias y tem\u00e1ticas, y centradas en escolares de Educaci\u00f3n Primaria. De la misma manera, tambi\u00e9n dispone de un espacio de consulta para profesores y familias. Accede a Cristic&nbsp;<a href=\"http:\/\/www.cristic.com\/juegos-educativos\/\" target=\"_blank\" rel=\"noreferrer noopener\">en este enlace.<\/a><\/p>\n\n\n\n<div class=\"wp-block-image\"><figure class=\"alignleft\"><img decoding=\"async\" src=\"https:\/\/www.blog.andaluciaesdigital.es\/wp-content\/uploads\/2018\/02\/cristic.jpg\" alt=\"\" class=\"wp-image-8814\" \/><\/figure><\/div>\n\n\n\n<p><a href=\"https:\/\/www.blog.andaluciaesdigital.es\/wp-content\/uploads\/2018\/02\/cristic.jpg\"><\/a><\/p>\n\n\n\n<h3 class=\"wp-block-heading\">9- Jigsaw Planet<\/h3>\n\n\n\n<p>Si lo que est\u00e1s buscando son plataformas educativas online para fomentar la creatividad u otros aspectos como la atenci\u00f3n en clase o a la concentraci\u00f3n, Jigsaw planet te ofrece decenas de puzzles y rompecabezas, ordenados por n\u00famero de fichas y por dificultad, a los que puedes acceder de forma gratuita. De la misma manera, te permite subir una foto y convertirla en un juego online para disfrutar en familia. Accede a Jigsaw planet&nbsp;<a href=\"https:\/\/www.jigsawplanet.com\/\" target=\"_blank\" rel=\"noreferrer noopener\">en este enlace.<\/a><\/p>\n\n\n\n<div class=\"wp-block-image\"><figure class=\"alignleft\"><img decoding=\"async\" src=\"https:\/\/www.blog.andaluciaesdigital.es\/wp-content\/uploads\/2018\/02\/jibsaw.jpg\" alt=\"\" class=\"wp-image-8815\" \/><\/figure><\/div>\n\n\n\n<p><a href=\"https:\/\/www.blog.andaluciaesdigital.es\/wp-content\/uploads\/2018\/02\/jibsaw.jpg\"><\/a><\/p>\n\n\n\n<h3 class=\"wp-block-heading\">10- Supersaber<\/h3>\n\n\n\n<p>Cerramos esta selecci\u00f3n de plataformas educativas online para ni\u00f1os con Supersaber, una p\u00e1gina en la que con un dise\u00f1o de c\u00f3mic de superh\u00e9roes tus hijos pueden poner a prueba sus conocimientos de Ciencias Naturales, ortograf\u00eda o matem\u00e1ticas a trav\u00e9s de divertidas pruebas y competiciones en las que el objetivo siempre va a ser aprender jugando. \u00bfQuieres conocer m\u00e1s? Accede a Supersaber y prueba sus juegos online&nbsp;<a href=\"http:\/\/www.supersaber.com\/\" target=\"_blank\" rel=\"noreferrer noopener\">en este enlace<\/a>.<\/p>\n\n\n\n<div class=\"wp-block-image\"><figure class=\"alignleft\"><img decoding=\"async\" src=\"https:\/\/www.blog.andaluciaesdigital.es\/wp-content\/uploads\/2018\/02\/supersaber.jpg\" alt=\"\" class=\"wp-image-8816\" \/><\/figure><\/div>\n\n\n\n<p><a href=\"https:\/\/www.blog.andaluciaesdigital.es\/wp-content\/uploads\/2018\/02\/supersaber.jpg\"><\/a><\/p>\n\n\n\n<p>Son solo algunos ejemplos de plataformas educativas online a las que puedes acceder y consultar de forma gratuita \u00bfconoces alguna otra que podamos incluir en este listado? Ind\u00edcalo en la secci\u00f3n de comentarios para que podamos hacerlo.2.2&nbsp;(43.64%)&nbsp;22votos<\/p>\n\n\n\n<p><\/p>\n","protected":false},"excerpt":{"rendered":"<p>10 PLATAFORMAS EDUCATIVAS ONLINE PARA APRENDER JUGANDO \u00bfBuscas recursos educativos para dinamizar tus clases o ense\u00f1ar a tu hijo matem\u00e1ticas, lengua, ingl\u00e9s o cualquier otra materia de una forma divertida e interactiva? La respuesta est\u00e1 en Internet y en estas 10 plataformas educativas online para aprender jugando \u00bfest\u00e1s preparado? Art\u00edculos relacionados: Top de videojuegos educativos [&hellip;]<\/p>\n","protected":false},"author":6095,"featured_media":0,"parent":0,"menu_order":0,"comment_status":"closed","ping_status":"closed","template":"","meta":{"ngg_post_thumbnail":0,"footnotes":""},"aioseo_notices":[],"_links":{"self":[{"href":"https:\/\/blogsaverroes.juntadeandalucia.es\/fjavieralvarezjimenez\/wp-json\/wp\/v2\/pages\/473"}],"collection":[{"href":"https:\/\/blogsaverroes.juntadeandalucia.es\/fjavieralvarezjimenez\/wp-json\/wp\/v2\/pages"}],"about":[{"href":"https:\/\/blogsaverroes.juntadeandalucia.es\/fjavieralvarezjimenez\/wp-json\/wp\/v2\/types\/page"}],"author":[{"embeddable":true,"href":"https:\/\/blogsaverroes.juntadeandalucia.es\/fjavieralvarezjimenez\/wp-json\/wp\/v2\/users\/6095"}],"replies":[{"embeddable":true,"href":"https:\/\/blogsaverroes.juntadeandalucia.es\/fjavieralvarezjimenez\/wp-json\/wp\/v2\/comments?post=473"}],"version-history":[{"count":0,"href":"https:\/\/blogsaverroes.juntadeandalucia.es\/fjavieralvarezjimenez\/wp-json\/wp\/v2\/pages\/473\/revisions"}],"wp:attachment":[{"href":"https:\/\/blogsaverroes.juntadeandalucia.es\/fjavieralvarezjimenez\/wp-json\/wp\/v2\/media?parent=473"}],"curies":[{"name":"wp","href":"https:\/\/api.w.org\/{rel}","templated":true}]}}