{"id":503,"date":"2019-01-28T00:41:49","date_gmt":"2019-01-28T00:41:49","guid":{"rendered":"https:\/\/fjalvarezjimenez.wordpress.com\/?page_id=503"},"modified":"2019-01-28T00:41:49","modified_gmt":"2019-01-28T00:41:49","slug":"makey-makey","status":"publish","type":"page","link":"https:\/\/blogsaverroes.juntadeandalucia.es\/fjavieralvarezjimenez\/makey-makey\/","title":{"rendered":"Makey Makey"},"content":{"rendered":"\n<p>Programaci\u00f3n conexi\u00f3n con el mundo f\u00edsico<\/p>\n\n\n\n<p>Makey Makey se podr\u00eda definir de una manera bastante gruesa como un teclado, algo limitado en cuanto a teclas, pero eso s\u00ed, muy especial. Es por tanto un dispositivo de entrada, con el que podremos usar como inputs, varias teclas, al igual que un teclado convencional, con la particularidad de que con esta placa, las teclas las podemos accionar con cualquier objeto que permita la conducci\u00f3n el\u00e9ctrica. <\/p>\n\n\n\n<p>Fueron Jay Silver y Eric Rosenbaum, miembros del Media Lab del MIT, quienes crearon esta sencilla placa, que no por sencilla, debe minusvalorarse el potencial que tiene, sobre todo, en el plano motivacional a la hora de realizar pr\u00e1cticas con ella.<\/p>\n\n\n\n<p>Si pasamos a ver las caracter\u00edsticas t\u00e9cnicas de la misma, podemos ver que son varias entradas que ofrece y que podremos usar, por tanto, como eventos en nuestros programas. Son estas: las cuatro <strong>teclas de direcci\u00f3n<\/strong>, el <strong>espacio<\/strong>, las letras: <strong>w, a, s, d, f, g<\/strong>; as\u00ed como los <strong>clics <\/strong>derecho e izquierdo del rat\u00f3n, incluso los movimientos de la \u00abruedecilla\u00bb del mismo.<\/p>\n\n\n\n<ul class=\"wp-block-gallery columns-2 is-cropped wp-block-gallery-1 is-layout-flex wp-block-gallery-is-layout-flex\"><li class=\"blocks-gallery-item\"><figure><img loading=\"lazy\" decoding=\"async\" width=\"309\" height=\"163\" src=\"https:\/\/blogsaverroes.juntadeandalucia.es\/fjavieralvarezjimenez\/files\/2019\/01\/descarga.jpeg?w=309\" alt=\"\" data-id=\"508\" class=\"wp-image-508\" srcset=\"https:\/\/blogsaverroes.juntadeandalucia.es\/fjavieralvarezjimenez\/files\/2019\/01\/descarga.jpeg 309w, https:\/\/blogsaverroes.juntadeandalucia.es\/fjavieralvarezjimenez\/files\/2019\/01\/descarga-300x158.jpeg 300w, https:\/\/blogsaverroes.juntadeandalucia.es\/fjavieralvarezjimenez\/files\/2019\/01\/descarga-24x13.jpeg 24w, https:\/\/blogsaverroes.juntadeandalucia.es\/fjavieralvarezjimenez\/files\/2019\/01\/descarga-36x19.jpeg 36w, https:\/\/blogsaverroes.juntadeandalucia.es\/fjavieralvarezjimenez\/files\/2019\/01\/descarga-48x25.jpeg 48w\" sizes=\"(max-width: 309px) 100vw, 309px\" \/><\/figure><\/li><li class=\"blocks-gallery-item\"><figure><img loading=\"lazy\" decoding=\"async\" width=\"600\" height=\"600\" src=\"https:\/\/blogsaverroes.juntadeandalucia.es\/fjavieralvarezjimenez\/files\/2019\/01\/kit-makey-makey-3.jpg\" alt=\"\" data-id=\"511\" data-link=\"https:\/\/fjalvarezjimenez.wordpress.com\/kit-makey-makey-3\/\" class=\"wp-image-511\" srcset=\"https:\/\/blogsaverroes.juntadeandalucia.es\/fjavieralvarezjimenez\/files\/2019\/01\/kit-makey-makey-3.jpg 600w, https:\/\/blogsaverroes.juntadeandalucia.es\/fjavieralvarezjimenez\/files\/2019\/01\/kit-makey-makey-3-150x150.jpg 150w, https:\/\/blogsaverroes.juntadeandalucia.es\/fjavieralvarezjimenez\/files\/2019\/01\/kit-makey-makey-3-300x300.jpg 300w, https:\/\/blogsaverroes.juntadeandalucia.es\/fjavieralvarezjimenez\/files\/2019\/01\/kit-makey-makey-3-100x100.jpg 100w, https:\/\/blogsaverroes.juntadeandalucia.es\/fjavieralvarezjimenez\/files\/2019\/01\/kit-makey-makey-3-160x160.jpg 160w, https:\/\/blogsaverroes.juntadeandalucia.es\/fjavieralvarezjimenez\/files\/2019\/01\/kit-makey-makey-3-320x320.jpg 320w, https:\/\/blogsaverroes.juntadeandalucia.es\/fjavieralvarezjimenez\/files\/2019\/01\/kit-makey-makey-3-24x24.jpg 24w, https:\/\/blogsaverroes.juntadeandalucia.es\/fjavieralvarezjimenez\/files\/2019\/01\/kit-makey-makey-3-36x36.jpg 36w, https:\/\/blogsaverroes.juntadeandalucia.es\/fjavieralvarezjimenez\/files\/2019\/01\/kit-makey-makey-3-48x48.jpg 48w\" sizes=\"(max-width: 600px) 100vw, 600px\" \/><\/figure><\/li><\/ul>\n\n\n\n<p>El funcionamiento de cada evento, responder\u00eda al de un esquema elemental de un circuito el\u00e9ctrico. El <strong>polo positivo<\/strong> de ese circuito, estar\u00eda formado por cualquier objeto conductor o semiconductor que hayamos conectado a un extremo de un cable de cocodrilo, conectado por el otro extremo, a la placa makey makey, en cualquiera de las opciones de eventos de conexi\u00f3n. Para cerrar nuestro sencillo circuito, la placa ofrece en la base de la misma, la conexi\u00f3n al <strong>polo negativo o tierra.&nbsp;<\/strong>Al tocar al mismo tiempo cualquiera de los cables de entrada, junto con el cable negativo, cerrar\u00edamos el circuito y nuestro input ser\u00e1 enviado, de la placa, al ordenador, como lo har\u00eda un teclado, un joystick o el rat\u00f3n.<\/p>\n\n\n\n<hr class=\"wp-block-separator\" \/>\n\n\n\n<p>La conexi\u00f3n es Plug&amp;Play. Como hemos dicho, se trata de un dispositivo que hace las de un teclado (limitado, recordemos) o rat\u00f3n. En estas im\u00e1genes de la web oficial, podemos ver la sencillez de conexi\u00f3n:<\/p>\n\n\n\n<div class=\"wp-block-image\"><figure class=\"alignleft\"><img decoding=\"async\" src=\"https:\/\/programamos.es\/web\/wp-content\/uploads\/2016\/06\/placa3-300x200.jpg\" alt=\"placa3\" class=\"wp-image-9111\" \/><\/figure><\/div>\n\n\n\n<div class=\"wp-block-image\"><figure class=\"aligncenter\"><img decoding=\"async\" src=\"https:\/\/programamos.es\/web\/wp-content\/uploads\/2016\/06\/placa4-300x200.jpg\" alt=\"placa4\" class=\"wp-image-9112\" \/><\/figure><\/div>\n\n\n\n<div class=\"wp-block-image\"><figure class=\"alignleft\"><img decoding=\"async\" src=\"https:\/\/programamos.es\/web\/wp-content\/uploads\/2016\/06\/placa5-300x200.jpg\" alt=\"placa5\" class=\"wp-image-9113\" \/><\/figure><\/div>\n\n\n\n<div class=\"wp-block-image\"><figure class=\"aligncenter\"><img decoding=\"async\" src=\"https:\/\/programamos.es\/web\/wp-content\/uploads\/2016\/06\/placa6-300x169.gif\" alt=\"placa6\" class=\"wp-image-9114\" \/><\/figure><\/div>\n\n\n\n<p>Un, dos, tres, cuatro y listo.<\/p>\n\n\n\n<p><\/p>\n\n\n\n<p>En su <a href=\"https:\/\/makeymakey.com\/\">p\u00e1gina oficia<\/a>l podremos encontrar <a href=\"http:\/\/makeymakey.com\/guides\">ejemplos<\/a> de proyectos muy interesantes.&nbsp;Tambi\u00e9n en youTube podemos encontrar <a href=\"https:\/\/www.youtube.com\/watch?v=wkPt9MYqDW0\">ejemplos<\/a> muy inspiradores.<\/p>\n\n\n\n<p>Las posibilidades que podemos extraer del uso de la placa, van a estar determinadas por nuestro nivel de programaci\u00f3n y creatividad. <\/p>\n\n\n\n<p>A la hora de hacer propuestas did\u00e1cticas, cabe mencionar, la gran versatilidad que ofrece para un modelo de trabajo interdisciplinar. Integrar contenidos de diferentes \u00e1reas, a la vez que trabajamos el Pensamiento Computacional ser\u00e1 muy sencillo. Algunas ideas que van en esta l\u00ednea, podr\u00edan ser:<\/p>\n\n\n\n<ul><li><strong>Juegos de reconocimiento:<\/strong> mapas tem\u00e1ticos, localizaci\u00f3n de partes del cuerpo, murales, ciclo del agua, etc.<ul><li>Reconocimiento de m\u00fasculos.<a href=\"https:\/\/scratch.mit.edu\/projects\/256225978\/\">&nbsp;<\/a>(<a href=\"https:\/\/scratch.mit.edu\/projects\/256225978\/\">Programado<\/a> \/<a href=\"https:\/\/scratch.mit.edu\/projects\/251471025\/\">&nbsp;Sin programar<\/a>).<\/li><li>Reconocimiento de Huesos (<a href=\"https:\/\/scratch.mit.edu\/projects\/251471025\/\">Sin programar<\/a>).<\/li><li>Generador de <a href=\"https:\/\/scratch.mit.edu\/projects\/237455430\/\">oraciones aleatorias.<\/a> Reconocimiento morfol\u00f3gico de palabras en la oraci\u00f3n.<\/li><\/ul><\/li><li><strong>Proyectos musicales.<\/strong>Banda de m\u00fasica. <a href=\"https:\/\/scratch.mit.edu\/projects\/277205419\/\">Billy Jean<\/a>.<br>Lanzador de <a href=\"https:\/\/scratch.mit.edu\/projects\/282557980\/\">Samplers.<\/a><br><a href=\"https:\/\/scratch.mit.edu\/projects\/20016532\/\">Simon dice.<\/a><\/li><li><strong>Personalizaci\u00f3n de videojuegos.<\/strong><ul><li><a href=\"https:\/\/scratch.mit.edu\/projects\/31583772\/\">Mario Bross<\/a> para Makey makey.<\/li><\/ul><\/li><li><strong>Presentaciones interactivas<\/strong><\/li><\/ul>\n\n\n\n<hr class=\"wp-block-separator\" \/>\n\n\n\n<pre class=\"wp-block-preformatted\">*Im\u00e1genes de la Web de &nbsp;<a href=\"http:\/\/makeymakey.com\/\">Makey Makey.<\/a><\/pre>\n","protected":false},"excerpt":{"rendered":"<p>Programaci\u00f3n conexi\u00f3n con el mundo f\u00edsico Makey Makey se podr\u00eda definir de una manera bastante gruesa como un teclado, algo limitado en cuanto a teclas, pero eso s\u00ed, muy especial. Es por tanto un dispositivo de entrada, con el que podremos usar como inputs, varias teclas, al igual que un teclado convencional, con la particularidad [&hellip;]<\/p>\n","protected":false},"author":6095,"featured_media":505,"parent":0,"menu_order":0,"comment_status":"closed","ping_status":"closed","template":"","meta":{"ngg_post_thumbnail":0,"footnotes":""},"aioseo_notices":[],"_links":{"self":[{"href":"https:\/\/blogsaverroes.juntadeandalucia.es\/fjavieralvarezjimenez\/wp-json\/wp\/v2\/pages\/503"}],"collection":[{"href":"https:\/\/blogsaverroes.juntadeandalucia.es\/fjavieralvarezjimenez\/wp-json\/wp\/v2\/pages"}],"about":[{"href":"https:\/\/blogsaverroes.juntadeandalucia.es\/fjavieralvarezjimenez\/wp-json\/wp\/v2\/types\/page"}],"author":[{"embeddable":true,"href":"https:\/\/blogsaverroes.juntadeandalucia.es\/fjavieralvarezjimenez\/wp-json\/wp\/v2\/users\/6095"}],"replies":[{"embeddable":true,"href":"https:\/\/blogsaverroes.juntadeandalucia.es\/fjavieralvarezjimenez\/wp-json\/wp\/v2\/comments?post=503"}],"version-history":[{"count":0,"href":"https:\/\/blogsaverroes.juntadeandalucia.es\/fjavieralvarezjimenez\/wp-json\/wp\/v2\/pages\/503\/revisions"}],"wp:featuredmedia":[{"embeddable":true,"href":"https:\/\/blogsaverroes.juntadeandalucia.es\/fjavieralvarezjimenez\/wp-json\/wp\/v2\/media\/505"}],"wp:attachment":[{"href":"https:\/\/blogsaverroes.juntadeandalucia.es\/fjavieralvarezjimenez\/wp-json\/wp\/v2\/media?parent=503"}],"curies":[{"name":"wp","href":"https:\/\/api.w.org\/{rel}","templated":true}]}}