{"id":519,"date":"2019-02-03T09:00:08","date_gmt":"2019-02-03T09:00:08","guid":{"rendered":"https:\/\/fjalvarezjimenez.wordpress.com\/?page_id=519"},"modified":"2019-02-03T09:00:08","modified_gmt":"2019-02-03T09:00:08","slug":"aprendizaje-automatico-ia","status":"publish","type":"page","link":"https:\/\/blogsaverroes.juntadeandalucia.es\/fjavieralvarezjimenez\/aprendizaje-automatico-ia\/","title":{"rendered":"IA y Aprendizaje Autom\u00e1tico."},"content":{"rendered":"\n<p>Podr\u00edamos definir el&nbsp;<strong>aprendizaje autom\u00e1tico<\/strong>&nbsp;c\u00f3mo, el aprendizaje que realizan los ordenadores, o dispositivos electr\u00f3nicos, que han sido dotados de <strong>inteligencia artificial,<\/strong> permiti\u00e9ndoles&nbsp;aprender. Vamos con la inteligencia artificial.<\/p>\n\n\n\n<p>En 1956,&nbsp;<a href=\"https:\/\/es.wikipedia.org\/wiki\/John_McCarthy\">John McCarthy<\/a>&nbsp;acu\u00f1\u00f3 la expresi\u00f3n \u00abinteligencia artificial\u00bb, y la defini\u00f3 como \u00abla ciencia e ingenio de hacer m\u00e1quinas inteligentes, especialmente&nbsp;<a href=\"https:\/\/es.wikipedia.org\/wiki\/Sistema_inteligente\">programas de c\u00f3mputo inteligentes<\/a>\u00bb.<\/p>\n\n\n\n<p>Seg\u00fan Takeyas (2007) la <strong>IA<\/strong> es una rama de las ciencias computacionales encargada de estudiar modelos computacionales, capaces de realizar actividades propias de los seres humanos en base a dos de sus caracter\u00edsticas principales: razonamiento y la conducta.<br><\/p>\n\n\n\n<p>Para&nbsp;<a href=\"https:\/\/es.wikipedia.org\/wiki\/Nils_John_Nilsson\">Nils John Nilsson<\/a>&nbsp;los cuatro pilares b\u00e1sicos en los que se apoya la inteligencia artificial, son:<\/p>\n\n\n\n<ul><li>B\u00fasqueda del estado requerido en el conjunto de los estados producidos por las acciones posibles.<\/li><li><a href=\"https:\/\/es.wikipedia.org\/wiki\/Algoritmo_gen%C3%A9tico\">Algoritmos gen\u00e9ticos<\/a>&nbsp;(an\u00e1logo al proceso de evoluci\u00f3n de las cadenas de ADN).<\/li><li><a href=\"https:\/\/es.wikipedia.org\/wiki\/Red_neuronal_artificial\">Redes neuronales artificiales<\/a>&nbsp;(an\u00e1logo al funcionamiento f\u00edsico del cerebro de animales y humanos).<\/li><li><a href=\"https:\/\/es.wikipedia.org\/wiki\/Razonamiento\">Razonamiento<\/a>&nbsp;mediante una&nbsp;<a href=\"https:\/\/es.wikipedia.org\/wiki\/L%C3%B3gica_formal\">l\u00f3gica formal<\/a>&nbsp;an\u00e1logo al pensamiento abstracto humano.<\/li><\/ul>\n\n\n\n<p>Para encontrar el origen de la IA, podr\u00edamos remontarnos al materialismo filos\u00f3fico del Discurso del M\u00e9todo de <a href=\"https:\/\/es.wikipedia.org\/wiki\/Ren%C3%A9_Descartes\">Descartes.<\/a> En el Discurso del M\u00e9todo, el fil\u00f3sofo, matem\u00e1tico y f\u00edsico franc\u00e9s, reflexiona sobre la capacidad de pensar que puedan tener las m\u00e1quinas, en unos t\u00e9rminos que, a ojos de cualquiera, pueda parecer incre\u00edble fuese parte de las reflexiones de alguien que vivi\u00f3 en el siglo XVII (antes incluso, de la revoluci\u00f3n industrial); dec\u00eda:  <em>\u00ablos\u00a0<\/em><a href=\"https:\/\/es.wikipedia.org\/wiki\/Aut%C3%B3mata_(mec%C3%A1nico)\"><em>aut\u00f3matas<\/em><\/a><em>\u00a0son capaces de reaccionar ante interacciones humanas pero, el aut\u00f3mata carece de la capacidad de responder de manera adecuada ante lo que se diga en su presencia de la manera en que lo har\u00eda\u00bb.<\/em>  No llega a considerar que una respuesta ling\u00fc\u00edstica elaborada, pueda ser producida por un aut\u00f3mata, recordemos, a\u00f1o 1637; <a href=\"https:\/\/es.wikipedia.org\/wiki\/Siri\">Siri<\/a>, no formaba parte, todav\u00eda, de la formaci\u00f3n del esp\u00edritu de la chavaler\u00eda de aquellos lares. <\/p>\n\n\n\n<p>Un siglo despu\u00e9s, el tambi\u00e9n fil\u00f3sofo franc\u00e9s, <a href=\"https:\/\/es.wikipedia.org\/wiki\/Denis_Diderot\">Denis Diderot,<\/a> en <em>Pens\u00e9es Philosohiques,&nbsp;<\/em>escribe una serie de pensamientos entorno a la definici\u00f3n de inteligencia.  Seg\u00fan las teor\u00edas dualistas cuerpo-mente, de la \u00e9poca: la mente, no tienen una estado f\u00edsico (cuenta con propiedades no f\u00edsicas) y por tanto, no se puede explicar en t\u00e9rminos estrictamente f\u00edsicos. Sin embargo, los fil\u00f3sofos materialistas, conciben que la mente s\u00ed puede ser explicada en t\u00e9rminos f\u00edsicos, lo que abrir\u00eda la posibilidad de crear mentes artificiales. En esta obra, podemos encontrar reflexiones como: Si se encuentra un loro que puede responder a todo, \u00bfse le considerar\u00eda un ser inteligente?<br>En 1936, el fil\u00f3sofo <a href=\"https:\/\/es.wikipedia.org\/wiki\/Alfred_Ayer\">Alfred Ayer<\/a>, en su libro <em>Lenguaje, Verdad y L\u00f3gica,<\/em> planteaba: \u00bfC\u00f3mo sabemos que otras personas experimentan el mismo nivel de conciencia que nosotros? Este autor, propuso un m\u00e9todo para distinguir entre el humano y la m\u00e1quina, centr\u00e1ndose en eso, en la consciencia de uno y la ausencia de \u00e9sta en las m\u00e1quinas.<\/p>\n\n\n\n<p>La \u201cinteligencia maquinaria\u201d fue un tema que, investigadores del&nbsp;Reino Unido,&nbsp;estudiaron diez a\u00f1os antes de que se fundara el campo de investigaci\u00f3n de la inteligencia artificial (<a href=\"https:\/\/es.wikipedia.org\/wiki\/Inteligencia_artificial\">IA<\/a>) en 1956.&nbsp;<\/p>\n\n\n\n<p>En ese periodo, Alan Turing (en plena II Guerra Mundial), investig\u00f3 la idea de: si era posible, o no, que una m\u00e1quina demostrara comportamiento inteligente. <\/p>\n\n\n\n<figure class=\"wp-block-image\"><img loading=\"lazy\" decoding=\"async\" width=\"1600\" height=\"900\" src=\"https:\/\/blogsaverroes.juntadeandalucia.es\/fjavieralvarezjimenez\/files\/2019\/02\/image.png\" alt=\"\" class=\"wp-image-530\" srcset=\"https:\/\/blogsaverroes.juntadeandalucia.es\/fjavieralvarezjimenez\/files\/2019\/02\/image.png 1600w, https:\/\/blogsaverroes.juntadeandalucia.es\/fjavieralvarezjimenez\/files\/2019\/02\/image-300x169.png 300w, https:\/\/blogsaverroes.juntadeandalucia.es\/fjavieralvarezjimenez\/files\/2019\/02\/image-768x432.png 768w, https:\/\/blogsaverroes.juntadeandalucia.es\/fjavieralvarezjimenez\/files\/2019\/02\/image-1024x576.png 1024w, https:\/\/blogsaverroes.juntadeandalucia.es\/fjavieralvarezjimenez\/files\/2019\/02\/image-24x14.png 24w, https:\/\/blogsaverroes.juntadeandalucia.es\/fjavieralvarezjimenez\/files\/2019\/02\/image-36x20.png 36w, https:\/\/blogsaverroes.juntadeandalucia.es\/fjavieralvarezjimenez\/files\/2019\/02\/image-48x27.png 48w\" sizes=\"(max-width: 1600px) 100vw, 1600px\" \/><figcaption>Cronolog\u00eda AI, en el siglo XX.<\/figcaption><\/figure>\n\n\n\n<p>Continuar\u00e1&#8230;<\/p>\n\n\n\n<p>Frase del d\u00eda: Os est\u00e1is preocupando demasiado por las m\u00e1quinas que pasan el test de Turing y demasiado poco por los humanos que no pasan el Voigt-Kampf.<\/p>\n\n\n\n<p>Art\u00edculos Relacionados:<br>&#8211;  <a href=\"https:\/\/machinelearningforkids.co.uk\">Machine Learning for Kids. <br><\/a>&#8211;  <a href=\"http:\/\/code.intef.es\/wp-content\/uploads\/2019\/03\/RECURSOS-IA-en-el-Aula-con-Scratch.zip\">Archivos para IA &#8211; Asistente virtual<\/a> en Scratch 3.0, propuesta did\u00e1ctica INTEF.<br>&#8211;  <a href=\"https:\/\/es.wikipedia.org\/wiki\/ELIZA\">ELIZA<\/a>.<br>&#8211; <a href=\"https:\/\/es.wikipedia.org\/wiki\/Test_de_Turing\">Test de Turing.<\/a><br>&#8211; <a href=\"https:\/\/www.microsiervos.com\/archivo\/ia\/una-linea-temporal-inteligencia-artificial.html?fbclid=IwAR3wyv23uUgtDziJ3hYXe1bvFsNQzNK40MU-xlro-YPCEuzBXsrf25FRMj8\">Cronolog\u00eda IA.<\/a><br>&#8211; <a href=\"https:\/\/www.microsiervos.com\/archivo\/ia\/alphago-documental.html?fbclid=IwAR3iZRlRfjsnPIcUh8Tuf0vVpgDRNWoQh0OPEyqqH46V9d9BQ6xbs93O-KE\">Alpha Go &#8211; Documental.<\/a><br>&#8211;<a href=\"https:\/\/www.amazon.es\/gp\/product\/B076HB3HP5?tag=microsiervos-21\"> Inteligencia Artificial<\/a>. Pedro Meseguer.<br>&#8211; <a href=\"https:\/\/www.microsiervos.com\/archivo\/ia\/inteligencia-artificial-alphago-master-go.html\">Alpha Go Master.<\/a><br>&#8211; <a href=\"https:\/\/www.microsiervos.com\/archivo\/ordenadores\/aprendizaje-automatico-redes-neuronales-aprendizaje-profundo.html\">Redes Neuronales, aprendizaje profundo y autom\u00e1tico.<\/a><br>&#8211; <a href=\"https:\/\/www.microsiervos.com\/archivo\/ia\/aplicacion-web-experimentar-aprendizaje-automatico-sin-programar.html\">App AA sin programar.<\/a><br>&#8211; <a href=\"https:\/\/www.microsiervos.com\/archivo\/ia\/stateoftheart-ai.html\">\u00daltimos avances en IA.<\/a><br>&#8211; <a href=\"https:\/\/www.microsiervos.com\/archivo\/ia\/llegada-inteligencia-artificial-maquina-consciente.html\">Llegada de la IA.<\/a><br>&#8211; <a href=\"https:\/\/www.microsiervos.com\/archivo\/ia\/ibm-debater-inteligencia-artificial-debate-humano.html\">Primer debate que gana una m\u00e1quina.<\/a><br><a href=\"https:\/\/blogs.sonymobile.com\/es\/tecnologia\/replika-la-inteligencia-artificial-que-escucha-entiende-y-dialoga\/#gref\">&#8211; Replika, IA que causa emociones.<\/a><br>&#8211; <a href=\"http:\/\/El teorema Lebowski aplicado a la inteligencia artificial\">Teorema del Gran Lebowski.<\/a><br>&#8211; <a href=\"https:\/\/www.microsiervos.com\/archivo\/ia\/propuesta-tres-leyes-inteligencia-artificial.html\">Las tres leyes de la inteligencia artificial.<\/a><br>&#8211; <a href=\"https:\/\/www.microsiervos.com\/archivo\/tecnologia\/apagar-robot-suplica.html\">\u00bfApagar\u00edas a un robot que te suplicase por favor, que no lo hicieras?<\/a><br>&#8211; <a href=\"https:\/\/elpais.com\/tecnologia\/2017\/02\/03\/actualidad\/1486116304_957858.html\">IA gan\u00f3 a profesionales de P\u00f3ker.<\/a><br>&#8211; <a href=\"https:\/\/www.juandemariana.org\/ijm-actualidad\/analisis-diario\/contra-alberto-benegas-lynch-h-sobre-el-materialismo-filosofico-el-0\">Materialismo filos\u00f3fico.<\/a><\/p>\n\n\n\n<p><br><br><br><\/p>\n\n\n\n<p><br><br><br><\/p>\n\n\n\n<p><br><br><br><\/p>\n\n\n\n<p><\/p>\n\n\n\n<p><br><\/p>\n","protected":false},"excerpt":{"rendered":"<p>Podr\u00edamos definir el&nbsp;aprendizaje autom\u00e1tico&nbsp;c\u00f3mo, el aprendizaje que realizan los ordenadores, o dispositivos electr\u00f3nicos, que han sido dotados de inteligencia artificial, permiti\u00e9ndoles&nbsp;aprender. Vamos con la inteligencia artificial. En 1956,&nbsp;John McCarthy&nbsp;acu\u00f1\u00f3 la expresi\u00f3n \u00abinteligencia artificial\u00bb, y la defini\u00f3 como \u00abla ciencia e ingenio de hacer m\u00e1quinas inteligentes, especialmente&nbsp;programas de c\u00f3mputo inteligentes\u00bb. Seg\u00fan Takeyas (2007) la IA es [&hellip;]<\/p>\n","protected":false},"author":6095,"featured_media":535,"parent":0,"menu_order":0,"comment_status":"closed","ping_status":"closed","template":"","meta":{"ngg_post_thumbnail":0,"footnotes":""},"aioseo_notices":[],"_links":{"self":[{"href":"https:\/\/blogsaverroes.juntadeandalucia.es\/fjavieralvarezjimenez\/wp-json\/wp\/v2\/pages\/519"}],"collection":[{"href":"https:\/\/blogsaverroes.juntadeandalucia.es\/fjavieralvarezjimenez\/wp-json\/wp\/v2\/pages"}],"about":[{"href":"https:\/\/blogsaverroes.juntadeandalucia.es\/fjavieralvarezjimenez\/wp-json\/wp\/v2\/types\/page"}],"author":[{"embeddable":true,"href":"https:\/\/blogsaverroes.juntadeandalucia.es\/fjavieralvarezjimenez\/wp-json\/wp\/v2\/users\/6095"}],"replies":[{"embeddable":true,"href":"https:\/\/blogsaverroes.juntadeandalucia.es\/fjavieralvarezjimenez\/wp-json\/wp\/v2\/comments?post=519"}],"version-history":[{"count":0,"href":"https:\/\/blogsaverroes.juntadeandalucia.es\/fjavieralvarezjimenez\/wp-json\/wp\/v2\/pages\/519\/revisions"}],"wp:featuredmedia":[{"embeddable":true,"href":"https:\/\/blogsaverroes.juntadeandalucia.es\/fjavieralvarezjimenez\/wp-json\/wp\/v2\/media\/535"}],"wp:attachment":[{"href":"https:\/\/blogsaverroes.juntadeandalucia.es\/fjavieralvarezjimenez\/wp-json\/wp\/v2\/media?parent=519"}],"curies":[{"name":"wp","href":"https:\/\/api.w.org\/{rel}","templated":true}]}}